-- http://www.phpmyadmin.net
--
-- Tempo de geração: 02/07/2018 às 18:57
-- Versão do servidor: 5.6.37-log
-- Versão do PHP: 5.3.28




--
-- Banco de dados: `selfti06`
--

-- --------------------------------------------------------

--
-- Estrutura para tabela `cargos`
--

CREATE TABLE IF NOT EXISTS `cargos` (
  `codigo` int(11) NOT NULL,
  `nome` varchar(250) NOT NULL,
  `idtrilha` int(11) NOT NULL,
  `idsubtrilha` int(11) NOT NULL,
  `requisitos` varchar(250) NOT NULL,
  `funcoes` varchar(250) NOT NULL,
  `competencias` varchar(250) NOT NULL,
  `arquivo` varchar(250) NOT NULL,
  `ordem` int(11) NOT NULL,
  `status` int(11) NOT NULL,
  `linha` int(11) NOT NULL,
  `idadd` int(11) NOT NULL,
  `dataadd` datetime DEFAULT NULL,
  `idupdate` int(11) NOT NULL,
  `dataupdate` datetime NOT NULL,
  `descricao` text NOT NULL
) ENGINE=InnoDB AUTO_INCREMENT=413 DEFAULT CHARSET=latin1;

--
-- Fazendo dump de dados para tabela `cargos`
--

INSERT INTO `cargos` (`codigo`, `nome`, `idtrilha`, `idsubtrilha`, `requisitos`, `funcoes`, `competencias`, `arquivo`, `ordem`, `status`, `linha`, `idadd`, `dataadd`, `idupdate`, `dataupdate`, `descricao`) VALUES
(1, 'Auxiliar Administrativo', 7, 68, '', '', '', '', 2, 1, 1, 11, '2018-06-28 13:13:25', 11, '2018-06-28 13:31:15', ''),
(2, 'Assistente administrativo', 7, 68, '', '', '', '', 3, 1, 1, 11, '2018-06-28 13:16:21', 11, '2018-06-28 13:31:01', ''),
(3, 'Almoxarife', 7, 68, '', '', '', '', 1, 1, 2, 11, '2018-06-28 13:16:59', 11, '2018-06-28 13:30:44', ''),
(4, 'Eletricista', 7, 41, '', '', '', '', 1, 1, 1, 11, '2018-06-28 13:17:34', 11, '2018-06-28 13:31:43', ''),
(5, 'Mecânico Refrigeração', 7, 41, '', '', '', '', 2, 1, 1, 11, '2018-06-28 13:19:03', 11, '2018-06-28 13:32:10', ''),
(6, 'Técnico Refrigeração', 7, 41, '', '', '', '', 3, 1, 1, 11, '2018-06-28 13:19:59', 11, '2018-06-28 13:32:29', ''),
(7, 'Líder Refrigeração', 7, 41, '', '', '', '', 4, 1, 1, 11, '2018-06-28 13:21:23', 11, '2018-06-28 13:31:58', ''),
(8, 'Técnico Eletrotécnica', 7, 41, '', '', '', '', 5, 1, 2, 11, '2018-06-28 13:33:06', 11, '2018-06-28 13:33:12', ''),
(9, 'Líder Elétrica', 7, 41, '', '', '', '', 6, 1, 2, 11, '2018-06-28 13:33:36', 11, '2018-06-28 13:33:43', ''),
(10, 'Oficial Manutenção I', 7, 41, '', '', '', '', 7, 1, 3, 11, '2018-06-28 13:34:12', 11, '2018-06-28 13:34:18', ''),
(11, 'Oficial Manutenção II', 7, 41, '', '', '', '', 8, 1, 3, 11, '2018-06-28 13:34:35', 11, '2018-06-28 13:34:43', ''),
(12, 'Oficial Manutenção III', 7, 41, '', '', '', '', 9, 1, 3, 11, '2018-06-28 13:35:01', 11, '2018-06-28 13:35:23', ''),
(13, 'Técnico Manutenção Geral', 7, 41, '', '', '', '', 10, 1, 4, 11, '2018-06-28 13:35:52', 11, '2018-06-28 13:35:59', ''),
(14, 'Sup. Manutenção predial', 7, 41, '', '', '', '', 11, 1, 4, 11, '2018-06-28 13:36:23', 11, '2018-06-28 13:36:36', ''),
(15, 'Sup. Manutenção Equipamentos', 7, 41, '', '', '', '', 12, 1, 4, 11, '2018-06-28 13:37:07', 11, '2018-06-28 13:37:21', ''),
(16, 'Coordenador Engenharia', 7, 41, '', '', '', '', 13, 1, 4, 11, '2018-06-28 13:37:46', 11, '2018-06-28 13:37:57', ''),
(17, 'Gerente Engenharia', 7, 41, '', '', '', '', 14, 1, 4, 11, '2018-06-28 13:38:25', 11, '2018-06-28 13:38:34', ''),
(18, 'Assistente administrativo', 9, 34, '', '', '', '', 1, 1, 1, 11, '2018-06-28 13:51:23', 11, '2018-06-28 13:51:51', ''),
(19, 'Analista de Faturamento I', 9, 34, '', '', '', '', 2, 1, 1, 11, '2018-06-28 13:52:29', 11, '2018-06-28 15:40:38', ''),
(20, 'Analista de Faturamento II', 9, 34, '', '', '', '', 3, 1, 1, 11, '2018-06-28 13:53:15', 11, '2018-06-28 13:53:22', ''),
(21, 'Analista de Faturamento III', 9, 34, '', '', '', '', 4, 1, 1, 11, '2018-06-28 13:53:46', 11, '2018-06-28 13:53:52', ''),
(22, 'Coordenador de Faturamento', 9, 34, '', '', '', '', 5, 1, 1, 11, '2018-06-28 13:54:22', 11, '2018-06-28 13:54:30', ''),
(23, 'Gerente Faturamento', 9, 34, '', '', '', '', 6, 1, 1, 11, '2018-06-28 13:54:59', 11, '2018-06-28 13:55:06', ''),
(24, 'Assistente Contas Médicas', 9, 36, '', '', '', '', 1, 1, 1, 11, '2018-06-28 13:56:44', 11, '2018-06-28 13:57:06', ''),
(25, 'Analista Contas Médica I', 9, 36, '', '', '', '', 2, 1, 1, 11, '2018-06-28 13:57:28', 11, '2018-06-28 13:57:34', ''),
(26, 'Analista Contas Médicas II', 9, 36, '', '', '', '', 3, 1, 1, 11, '2018-06-28 13:57:52', 11, '2018-06-28 13:57:59', ''),
(27, 'Analista Contas Médicas III', 9, 36, '', '', '', '', 4, 1, 1, 11, '2018-06-28 13:58:21', 11, '2018-06-28 13:58:29', ''),
(28, 'Coord. Auditoria Contas', 9, 36, '', '', '', '', 5, 1, 1, 11, '2018-06-28 13:59:06', 11, '2018-06-28 13:59:12', ''),
(29, 'Gerente Auditoria Contas', 9, 36, '', '', '', '', 6, 1, 1, 11, '2018-06-28 13:59:38', 11, '2018-06-28 13:59:46', ''),
(30, 'Enfermeiro Auditor Jr', 9, 36, '', '', '', '', 7, 1, 2, 11, '2018-06-28 14:05:09', 11, '2018-06-28 14:05:17', ''),
(31, 'Enfermeiro Auditor Pl', 9, 36, '', '', '', '', 8, 1, 2, 11, '2018-06-28 14:05:59', 11, '2018-06-28 14:06:05', ''),
(32, 'Enfermeiro Auditor Sr', 9, 36, '', '', '', '', 9, 1, 2, 11, '2018-06-28 14:06:55', 11, '2018-06-28 14:07:03', ''),
(33, 'Médico Auditor', 9, 36, '', '', '', '', 10, 1, 3, 11, '2018-06-28 14:07:45', 11, '2018-06-28 14:14:58', ''),
(34, 'Pintor', 7, 67, '', '', '', '', 1, 1, 1, 11, '2018-06-28 14:15:47', 11, '2018-06-28 14:15:54', ''),
(35, 'Marceneiro', 7, 67, '', '', '', '', 2, 1, 2, 11, '2018-06-28 14:16:31', 11, '2018-06-28 14:16:40', ''),
(36, 'Técnico Edificações', 7, 67, '', '', '', '', 3, 1, 3, 11, '2018-06-28 14:17:11', 11, '2018-06-28 14:17:18', ''),
(37, 'Arquiteto', 7, 67, '', '', '', '', 4, 1, 4, 11, '2018-06-28 14:17:40', 11, '2018-06-28 14:17:47', ''),
(38, 'Téc.Engenharia Clínica Jr', 7, 42, '', '', '', '', 1, 1, 1, 11, '2018-06-28 14:18:27', 11, '2018-06-28 14:18:36', ''),
(39, 'Téc.Engenharia Clínica Pl', 7, 42, '', '', '', '', 2, 1, 1, 11, '2018-06-28 14:18:57', 11, '2018-06-28 14:19:10', ''),
(40, 'Téc.Engenharia Clínica Sr', 7, 42, '', '', '', '', 3, 1, 1, 11, '2018-06-28 14:20:19', 11, '2018-06-28 14:20:30', ''),
(41, 'Sup. Engenharia Clínica', 7, 42, '', '', '', '', 4, 1, 1, 11, '2018-06-28 14:21:20', 11, '2018-06-28 14:21:28', ''),
(42, 'Coord. Engenharia Clínica', 7, 42, '', '', '', '', 5, 1, 1, 11, '2018-06-28 14:21:51', 11, '2018-06-28 14:21:58', ''),
(43, 'Analista Faturamento I', 9, 35, '', '', '', '', 1, 1, 1, 11, '2018-06-28 15:37:43', 11, '2018-06-28 15:37:50', ''),
(44, 'Analista de Faturamento II', 9, 35, '', '', '', '', 2, 1, 1, 11, '2018-06-28 15:38:27', 11, '2018-06-28 15:38:53', ''),
(45, 'Analista de Faturamento III', 9, 35, '', '', '', '', 3, 1, 1, 11, '2018-06-28 15:39:09', 11, '2018-06-28 15:39:21', ''),
(46, 'Atendente autorizações', 5, 44, '', '', '', '', 1, 1, 1, 11, '2018-06-28 15:42:26', 11, '2018-06-28 15:43:19', ''),
(47, 'Atendente Callcenter', 5, 44, '', '', '', '', 2, 1, 1, 11, '2018-06-28 15:43:48', 11, '2018-06-28 15:43:56', ''),
(48, 'Assistente Callcenter', 5, 44, '', '', '', '', 3, 1, 1, 11, '2018-06-28 15:44:22', 11, '2018-06-28 15:44:28', ''),
(49, 'Supervisor Call Center', 5, 44, '', '', '', '', 4, 1, 1, 11, '2018-06-28 15:44:55', 11, '2018-06-28 15:45:05', ''),
(50, 'Coordenador Call Center', 5, 44, '', '', '', '', 5, 1, 1, 11, '2018-06-28 15:45:27', 11, '2018-06-28 15:45:37', ''),
(51, 'Auxiliar Administrativo', 5, 45, '', '', '', '', 1, 1, 1, 11, '2018-06-28 15:46:44', 11, '2018-06-28 15:46:52', ''),
(52, 'Assistente Ouvidoria I', 5, 45, '', '', '', '', 2, 1, 1, 11, '2018-06-28 15:47:12', 11, '2018-06-28 15:49:35', ''),
(53, 'Assistente Ouvidoria II', 5, 45, '', '', '', '', 3, 1, 1, 11, '2018-06-28 15:47:41', 11, '2018-06-28 15:47:47', ''),
(54, 'Ouvidor', 5, 45, '', '', '', '', 4, 1, 1, 11, '2018-06-28 15:48:05', 11, '2018-06-28 15:48:12', ''),
(55, 'Coordenador Ouvidoria', 5, 45, '', '', '', '', 5, 1, 1, 11, '2018-06-28 15:48:34', 11, '2018-06-28 15:48:40', ''),
(56, 'Auxiliar Administrativo', 5, 49, '', '', '', '', 1, 1, 1, 11, '2018-06-28 15:50:08', 11, '2018-06-28 15:50:18', ''),
(57, 'Assistente Social', 5, 49, '', '', '', '', 2, 1, 2, 11, '2018-06-28 15:50:47', 11, '2018-06-28 15:50:56', ''),
(58, 'Assistente Segurança', 5, 64, '', '', '', '', 1, 1, 1, 11, '2018-06-28 15:51:25', 11, '2018-06-28 15:51:32', ''),
(59, 'Sup. Segurança Patrimonial', 5, 64, '', '', '', '', 2, 1, 1, 11, '2018-06-28 15:52:13', 11, '2018-06-28 15:52:21', ''),
(60, 'Mensageiro', 5, 52, '', '', '', '', 1, 1, 1, 11, '2018-06-28 15:52:46', 11, '2018-06-28 15:52:52', ''),
(61, 'Analista Contábil Jr', 14, 19, '', '', '', '', 1, 1, 1, 11, '2018-06-28 16:19:41', 11, '2018-06-28 16:20:14', ''),
(62, 'Analista Contábil PL', 14, 19, '', '', '', '', 2, 1, 1, 11, '2018-06-28 16:21:10', 11, '2018-06-28 16:21:15', ''),
(63, 'Analista Contábil Sr', 14, 19, '', '', '', '', 3, 1, 1, 11, '2018-06-28 16:23:07', 11, '2018-06-28 16:23:12', ''),
(64, 'Coordenador Contabilidade', 14, 19, '', '', '', '', 4, 1, 1, 11, '2018-06-28 16:23:54', 11, '2018-06-28 16:24:00', ''),
(65, 'ASSISTENTE CONTAS A PAGAR', 14, 24, '', '', '', '', 1, 1, 1, 11, '2018-06-28 16:31:02', 11, '2018-06-28 16:31:20', ''),
(66, 'ANALISTA CONTAS A PAGAR JR', 14, 24, '', '', '', '', 2, 1, 1, 11, '2018-06-28 16:31:56', 11, '2018-06-28 16:32:06', ''),
(67, 'ANALISTA CONTAS A PAGAR PL', 14, 24, '', '', '', '', 3, 1, 1, 11, '2018-06-28 16:32:33', 11, '2018-06-28 16:32:44', ''),
(68, 'ANALISTA CONTAS A PAGAR SR', 14, 24, '', '', '', '', 4, 1, 1, 11, '2018-06-28 16:33:04', 11, '2018-06-28 16:33:16', ''),
(69, 'ASSISTENTE CONTAS A RECEBER', 14, 23, '', '', '', '', 1, 1, 1, 11, '2018-06-28 16:33:59', 11, '2018-06-28 16:34:28', ''),
(70, 'ANALISTA CONTAS A RECEBER JR', 14, 23, '', '', '', '', 2, 1, 1, 11, '2018-06-28 16:34:48', 11, '2018-06-28 16:34:59', ''),
(71, 'ANALISTA CONTAS A RECEBER PL', 14, 23, '', '', '', '', 3, 1, 1, 11, '2018-06-28 16:35:19', 11, '2018-06-28 16:35:28', ''),
(72, 'ANALISTA CONTAS A RECEBER SR', 14, 23, '', '', '', '', 4, 1, 1, 11, '2018-06-28 16:38:33', 11, '2018-06-28 16:38:48', ''),
(73, 'COORDENADOR CONTAS A RECEBER', 14, 23, '', '', '', '', 5, 1, 1, 11, '2018-06-28 16:39:09', 11, '2018-06-28 16:39:25', ''),
(74, 'ANALISTA CONTROLES INTERNOS JR', 14, 21, '', '', '', '', 1, 1, 1, 11, '2018-06-28 16:40:30', 11, '2018-06-28 16:40:34', ''),
(75, 'ANALISTA CONTROLES INTERNOS PL', 14, 21, '', '', '', '', 2, 1, 1, 11, '2018-06-28 16:41:03', 11, '2018-06-28 16:41:07', ''),
(76, 'ANALISTA CONTROLES INTERNOS SR', 14, 21, '', '', '', '', 3, 1, 1, 11, '2018-06-28 16:41:29', 11, '2018-06-28 16:41:33', ''),
(77, 'COORDENADOR CONTROLES INTERNOS', 14, 21, '', '', '', '', 4, 1, 1, 11, '2018-06-28 16:41:49', 11, '2018-06-28 16:43:18', ''),
(78, 'ASSISTENTE FINANCEIRO', 14, 18, '', '', '', '', 1, 1, 1, 11, '2018-06-28 16:44:03', 11, '2018-06-28 16:44:40', ''),
(79, 'ANALISTA FINANCEIRO JR', 14, 18, '', '', '', '', 2, 1, 1, 11, '2018-06-28 16:49:46', 11, '2018-06-28 16:49:50', ''),
(80, 'ANALISTA FINANCEIRO PL', 14, 18, '', '', '', '', 3, 1, 1, 11, '2018-06-28 16:50:25', 11, '2018-06-28 16:50:29', ''),
(81, 'ANALISTA FINANCEIRO SR', 14, 18, '', '', '', '', 4, 1, 1, 11, '2018-06-28 16:50:57', 11, '2018-06-28 16:53:55', ''),
(82, 'GERENTE FINANCEIRO', 14, 18, '', '', '', '', 5, 1, 2, 11, '2018-06-28 16:54:23', 11, '2018-06-28 16:54:26', ''),
(83, 'DIRETOR FINANCEIRO', 14, 18, '', '', '', '', 6, 1, 2, 11, '2018-06-28 16:54:45', 11, '2018-06-28 16:54:48', ''),
(84, 'GERENTE FINANCEIRO - UNIDADE', 14, 18, '', '', '', '', 7, 1, 3, 11, '2018-06-28 16:55:22', 11, '2018-06-28 16:55:26', ''),
(85, 'GERENTE CONTROLADORIA', 14, 18, '', '', '', '', 8, 1, 4, 11, '2018-06-28 16:55:50', 11, '2018-06-28 16:55:54', ''),
(86, 'ANALISTA FISCAL JR', 14, 20, '', '', '', '', 1, 1, 1, 11, '2018-06-28 16:56:54', 11, '2018-06-28 16:56:58', ''),
(87, 'ANALISTA FISCAL PL', 14, 20, '', '', '', '', 2, 1, 1, 11, '2018-06-28 16:57:16', 11, '2018-06-28 16:57:19', ''),
(88, 'ANALISTA FISCAL SR', 14, 20, '', '', '', '', 3, 1, 1, 11, '2018-06-28 16:57:40', 11, '2018-06-28 16:57:44', ''),
(89, 'COORDENADOR FISCAL', 14, 20, '', '', '', '', 4, 1, 1, 11, '2018-06-28 16:58:07', 11, '2018-06-28 16:58:11', ''),
(90, 'ASSISTENTE PLANEJAMENTO FINANCEIRO', 14, 17, '', '', '', '', 1, 1, 1, 11, '2018-06-28 17:05:36', 11, '2018-06-28 17:05:45', ''),
(91, 'ANALISTA PLANEJAMENTO FINANCEIRO', 14, 17, '', '', '', '', 2, 1, 1, 11, '2018-06-28 17:07:02', 11, '2018-06-28 17:07:20', ''),
(92, 'ANALISTA PLANEJAMENTO FINANCEIRO PL', 14, 17, '', '', '', '', 3, 1, 1, 11, '2018-06-28 17:07:43', 11, '2018-06-28 17:07:53', ''),
(93, 'ANALISTA PLANEJAMENTO FINANCEIRO SR', 14, 17, '', '', '', '', 4, 1, 1, 11, '2018-06-28 17:08:16', 11, '2018-06-28 17:08:28', ''),
(94, 'COORDENADOR PLANEJAMENTO FINANCEIRO', 14, 17, '', '', '', '', 5, 1, 1, 11, '2018-06-28 17:08:53', 11, '2018-06-28 17:09:04', ''),
(95, 'GERENTE PLANEJAMENTO FINANCEIRO', 14, 17, '', '', '', '', 6, 1, 1, 11, '2018-06-28 17:09:28', 11, '2018-06-28 17:09:43', ''),
(96, 'COORDENADOR PLANEJAMENTO E ORÇAMENTO', 14, 17, '', '', '', '', 7, 1, 2, 11, '2018-06-28 17:13:20', 11, '2018-06-28 17:13:30', ''),
(97, 'ASSISTENTE FINANCEIRO', 14, 25, '', '', '', '', 1, 1, 1, 11, '2018-06-28 17:19:40', 11, '2018-06-28 17:19:51', ''),
(98, 'ASSISTENTE TESOURARIA', 14, 22, '', '', '', '', 1, 1, 1, 11, '2018-06-28 17:22:05', 11, '2018-06-28 17:22:23', ''),
(99, 'CAIXA', 14, 22, '', '', '', '', 2, 1, 2, 11, '2018-06-28 17:22:53', 11, '2018-06-28 17:23:28', ''),
(100, 'COORDENADOR TESOURARIA', 14, 22, '', '', '', '', 3, 1, 3, 11, '2018-06-28 17:23:46', 11, '2018-06-28 17:23:54', ''),
(101, 'AUXILIAR ADMINISTRATIVO', 12, 9, '', '', '', '', 1, 1, 1, 11, '2018-06-28 17:29:43', 11, '2018-06-28 17:30:27', ''),
(102, 'ASSISTENTE ADMINISTRATIVO', 12, 9, '', '', '', '', 2, 1, 1, 11, '2018-06-28 17:31:22', 11, '2018-06-28 17:31:38', ''),
(103, 'ASSISTENTE JURÃDICO', 12, 9, '', '', '', '', 3, 1, 1, 11, '2018-06-28 17:32:00', 11, '2018-06-28 17:32:08', ''),
(104, 'ADVOGADO JR', 12, 9, '', '', '', '', 4, 1, 1, 11, '2018-06-28 17:32:25', 11, '2018-06-28 17:32:32', ''),
(105, 'ADVOGADO PL', 12, 9, '', '', '', '', 5, 1, 1, 11, '2018-06-28 17:32:49', 11, '2018-06-28 17:32:56', ''),
(106, 'ADVOGADO SR', 12, 9, '', '', '', '', 6, 1, 1, 11, '2018-06-28 17:33:15', 11, '2018-06-28 17:33:21', ''),
(107, 'COORDENADOR JURÃDICO', 12, 9, '', '', '', '', 7, 1, 1, 11, '2018-06-28 17:33:40', 11, '2018-06-28 17:33:47', ''),
(108, 'Auxiliar Administrativo', 5, 52, '', '', '', '', 2, 1, 1, 11, '2018-06-28 17:38:27', 11, '2018-06-28 17:38:34', ''),
(109, 'Assistente administrativo', 5, 52, '', '', '', '', 3, 1, 1, 11, '2018-06-28 17:39:04', 11, '2018-06-28 17:39:12', ''),
(110, 'ARQUIVISTA', 5, 52, '', '', '', '', 4, 1, 1, 11, '2018-06-28 17:40:29', 11, '2018-06-28 17:41:01', ''),
(111, 'SUPERVISOR SAME', 5, 52, '', '', '', '', 5, 1, 2, 11, '2018-06-28 17:42:07', 11, '2018-06-28 17:42:11', ''),
(112, 'COSTUREIRA', 5, 46, '', '', '', '', 1, 1, 1, 11, '2018-06-28 17:42:53', 11, '2018-06-28 17:43:16', ''),
(113, 'CAMAREIRA', 5, 46, '', '', '', '', 2, 1, 2, 11, '2018-06-28 17:43:41', 11, '2018-06-28 17:43:48', ''),
(114, 'AUXILIAR ROUPARIA', 5, 46, '', '', '', '', 3, 1, 3, 11, '2018-06-28 17:44:14', 11, '2018-06-28 17:44:20', ''),
(115, 'LÃDER ROUPARIA', 5, 46, '', '', '', '', 4, 1, 3, 11, '2018-06-28 17:45:03', 11, '2018-06-28 17:48:36', ''),
(116, 'SUPERVISOR ROUPARIA', 5, 46, '', '', '', '', 5, 1, 3, 11, '2018-06-28 17:49:12', 11, '2018-06-28 17:49:20', ''),
(117, 'AUXILIAR ADMINISTRATIVO', 5, 51, '', '', '', '', 1, 1, 1, 11, '2018-06-28 17:50:09', 11, '2018-06-28 17:50:48', ''),
(118, 'ASSISTENTE ADMINISTRATIVO', 5, 51, '', '', '', '', 2, 1, 2, 11, '2018-06-28 17:51:20', 11, '2018-06-28 17:51:28', ''),
(119, 'CUMIM', 5, 51, '', '', '', '', 3, 1, 3, 11, '2018-06-28 17:52:21', 11, '2018-06-28 17:52:28', ''),
(120, 'GARÇOM', 5, 51, '', '', '', '', 4, 1, 2, 11, '2018-06-28 17:52:59', 11, '2018-06-28 17:53:06', ''),
(121, 'ASSISTENTE GOVERNANÇA', 5, 51, '', '', '', '', 5, 1, 4, 11, '2018-06-28 17:53:57', 11, '2018-06-28 17:54:04', ''),
(122, 'SUPERVISOR GOVERNANÇA', 5, 51, '', '', '', '', 6, 1, 4, 11, '2018-06-28 17:54:30', 11, '2018-06-28 17:54:39', ''),
(123, 'COORDENADOR GOVERNANÇA', 5, 51, '', '', '', '', 7, 1, 4, 11, '2018-06-28 17:55:02', 11, '2018-06-28 17:55:17', ''),
(124, 'CONCIERGE', 5, 50, '', '', '', '', 1, 1, 1, 11, '2018-06-28 17:55:36', 11, '2018-06-28 17:55:44', ''),
(125, 'PORTEIRO', 5, 50, '', '', '', '', 2, 1, 2, 11, '2018-06-28 17:56:07', 11, '2018-06-28 17:56:14', ''),
(126, 'CAPITÃO PORTEIRO', 5, 50, '', '', '', '', 3, 1, 2, 11, '2018-06-28 17:56:42', 11, '2018-06-28 17:56:49', ''),
(127, 'AUXILIAR HOTELARIA', 5, 50, '', '', '', '', 4, 1, 2, 11, '2018-06-28 17:57:15', 11, '2018-06-28 17:57:23', ''),
(128, 'ASSISTENTE HOTELARIA', 5, 50, '', '', '', '', 5, 1, 2, 11, '2018-06-28 17:57:46', 11, '2018-06-28 17:57:53', ''),
(129, 'LÃDER HOTELARIA', 5, 50, '', '', '', '', 6, 1, 2, 11, '2018-06-28 17:58:20', 11, '2018-06-28 17:58:26', ''),
(130, 'SUPERVISOR HOTELARIA', 5, 50, '', '', '', '', 7, 1, 2, 11, '2018-06-28 17:58:55', 11, '2018-06-28 17:59:02', ''),
(131, 'COORDENADOR HOTELARIA', 5, 50, '', '', '', '', 8, 1, 2, 11, '2018-06-28 17:59:23', 11, '2018-06-28 17:59:32', ''),
(132, 'GERENTE HOTELARIA', 5, 50, '', '', '', '', 9, 1, 2, 11, '2018-06-28 17:59:52', 11, '2018-06-28 17:59:59', ''),
(133, 'AGENTE TRANSPORTE PACIENTE', 5, 50, '', '', '', '', 10, 1, 3, 11, '2018-06-28 18:00:23', 11, '2018-06-28 18:00:30', ''),
(134, 'LÃDER TRANSPORTE PACIENTE', 5, 50, '', '', '', '', 11, 1, 3, 11, '2018-06-28 18:01:01', 11, '2018-06-28 18:01:10', ''),
(135, 'MANOBRISTA', 5, 50, '', '', '', '', 12, 1, 4, 11, '2018-06-28 18:01:46', 11, '2018-06-28 18:01:54', ''),
(136, 'MOTORISTA AMBULÂNCIA', 5, 50, '', '', '', '', 13, 1, 4, 11, '2018-06-28 18:02:17', 11, '2018-06-28 18:02:26', ''),
(137, 'TELEFONISTA', 5, 48, '', '', '', '', 1, 1, 1, 11, '2018-06-28 18:03:22', 11, '2018-06-28 18:03:28', ''),
(138, 'ATENDENTE AGENDAMENTO I', 5, 48, '', '', '', '', 2, 1, 2, 11, '2018-06-28 18:03:51', 11, '2018-06-28 18:03:58', ''),
(139, 'ATENDENTE AGENDAMENTO II', 5, 48, '', '', '', '', 3, 1, 2, 11, '2018-06-28 18:04:26', 11, '2018-06-28 18:04:34', ''),
(140, 'ASSISTENTE AGENDAMENTO', 5, 48, '', '', '', '', 4, 1, 2, 11, '2018-06-28 18:05:02', 11, '2018-06-28 18:05:35', ''),
(141, 'ATENDENTE I', 5, 48, '', '', '', '', 5, 1, 3, 11, '2018-06-28 18:06:04', 11, '2018-06-28 18:06:15', ''),
(142, 'ATENDENTE II', 5, 48, '', '', '', '', 6, 1, 3, 11, '2018-06-28 18:06:41', 11, '2018-06-28 18:06:47', ''),
(143, 'ATENDENTE III', 5, 48, '', '', '', '', 7, 1, 3, 11, '2018-06-28 18:07:30', 11, '2018-06-28 18:07:38', ''),
(144, 'LÃDER RECEPÇÃO', 5, 48, '', '', '', '', 8, 1, 3, 11, '2018-06-28 18:08:06', 11, '2018-06-28 18:08:57', ''),
(145, 'ASSIST. ATENDIMENTO AO CLIENTE', 5, 48, '', '', '', '', 9, 1, 4, 11, '2018-06-28 18:09:27', 11, '2018-06-28 18:09:33', ''),
(146, 'ASSIST. GERENCIAMENTO DE LEITOS', 5, 47, '', '', '', '', 1, 1, 1, 11, '2018-06-28 18:10:05', 11, '2018-06-28 18:10:12', ''),
(147, 'SUPERV. GERENCIAMENTO DE LEITOS', 5, 47, '', '', '', '', 2, 1, 2, 11, '2018-06-28 18:10:41', 11, '2018-06-28 18:10:48', ''),
(148, 'SUPERV. ADMINISTRATIVO NOTURNO', 5, 47, '', '', '', '', 3, 1, 3, 11, '2018-06-28 18:11:13', 11, '2018-06-28 18:11:20', ''),
(149, 'SUPERV. AGENDAMENTO CIRÚRGICO', 5, 47, '', '', '', '', 4, 1, 4, 11, '2018-06-28 18:11:53', 11, '2018-06-28 18:12:02', ''),
(150, 'MÉDICO PLANTONISTA', 13, 69, '', '', '', '', 1, 1, 1, 11, '2018-06-28 18:20:47', 11, '2018-06-28 18:20:52', ''),
(151, 'MÉDICO ROTINA', 13, 69, '', '', '', '', 2, 1, 1, 11, '2018-06-28 18:21:12', 11, '2018-06-28 18:21:16', ''),
(152, 'COORDENADOR MÉDICO', 13, 69, '', '', '', '', 3, 1, 1, 11, '2018-06-28 18:21:40', 11, '2018-06-28 18:21:45', ''),
(153, 'GERENTE MÉDICO', 13, 69, '', '', '', '', 4, 1, 1, 11, '2018-06-28 18:22:06', 11, '2018-06-28 18:22:15', ''),
(154, 'DIRETOR TÉCNICO', 13, 69, '', '', '', '', 5, 1, 1, 11, '2018-06-28 18:22:44', 11, '2018-06-28 18:22:50', ''),
(155, 'COPEIRO', 6, 70, '', '', '', '', 1, 1, 1, 11, '2018-06-29 09:21:12', 11, '2018-06-29 09:21:21', ''),
(156, 'GARCOM', 6, 70, '', '', '', '', 2, 1, 1, 11, '2018-06-29 09:21:47', 11, '2018-06-29 09:21:55', ''),
(157, 'LÃDER COPA', 6, 70, '', '', '', '', 3, 1, 1, 11, '2018-06-29 09:22:15', 11, '2018-06-29 09:22:22', ''),
(158, 'AUXILIAR COZINHA', 6, 71, '', '', '', '', 1, 1, 1, 11, '2018-06-29 09:22:49', 11, '2018-06-29 09:23:00', ''),
(159, 'COZINHEIRO', 6, 71, '', '', '', '', 2, 1, 1, 11, '2018-06-29 09:23:19', 11, '2018-06-29 09:23:28', ''),
(160, 'LÃDER COZINHA', 6, 71, '', '', '', '', 3, 1, 1, 11, '2018-06-29 09:23:49', 11, '2018-06-29 09:23:55', ''),
(161, 'AUXILIAR ADMINISTRATIVO', 6, 43, '', '', '', '', 1, 1, 1, 11, '2018-06-29 09:25:03', 11, '2018-06-29 09:25:10', ''),
(162, 'ALMOXARIFE (ESTOQUISTA)', 6, 43, '', '', '', '', 2, 1, 1, 11, '2018-06-29 09:25:42', 11, '2018-06-29 09:25:51', ''),
(163, 'LACTARISTA', 6, 43, '', '', '', '', 3, 1, 2, 11, '2018-06-29 09:26:08', 11, '2018-06-29 09:26:16', ''),
(164, 'AUXILIAR EM NUTRIÇÃO', 6, 43, '', '', '', '', 4, 1, 2, 11, '2018-06-29 09:38:45', 11, '2018-06-29 09:38:53', ''),
(165, 'TÉCNICO EM NUTRIÇÃO', 6, 43, '', '', '', '', 5, 1, 2, 11, '2018-06-29 09:39:14', 11, '2018-06-29 09:39:56', ''),
(166, 'NUTRICIONISTA PRODUÇÃO', 6, 43, '', '', '', '', 6, 1, 2, 11, '2018-06-29 09:40:34', 11, '2018-06-29 09:40:45', ''),
(167, 'SUPERVISOR NUTRIÇÃO', 6, 43, '', '', '', '', 7, 1, 2, 11, '2018-06-29 09:41:05', 11, '2018-06-29 09:41:15', ''),
(168, 'LACTARISTA', 6, 43, '', '', '', '', 8, 1, 3, 11, '2018-06-29 09:41:55', 11, '2018-06-29 09:42:06', ''),
(169, 'ASSISTENTE ADMINISTRATIVO', 3, 27, '', '', '', '', 1, 1, 1, 11, '2018-06-29 09:51:12', 11, '2018-06-29 09:51:44', ''),
(170, 'ASSISTENTE ADMINISTRAÇÃO PESSOAL I', 3, 27, '', '', '', '', 2, 1, 1, 11, '2018-06-29 09:52:09', 11, '2018-06-29 09:52:16', ''),
(171, 'ASSISTENTE ADMINISTRAÇÃO  PESSOAL II', 3, 27, '', '', '', '', 3, 1, 1, 11, '2018-06-29 09:53:07', 11, '2018-06-29 09:53:15', ''),
(172, 'ANALISTA ADMINISTRAÇÃO PESSOAL JR', 3, 27, '', '', '', '', 4, 1, 1, 11, '2018-06-29 09:53:44', 11, '2018-06-29 09:53:51', ''),
(173, 'ANALISTA ADMINISTRAÇÃO PESSOAL PL', 3, 27, '', '', '', '', 5, 1, 1, 11, '2018-06-29 09:54:14', 11, '2018-06-29 09:54:21', ''),
(174, 'ANALISTA ADMINISTRAÇÃO PESSOAL SR', 3, 27, '', '', '', '', 6, 1, 1, 11, '2018-06-29 09:54:42', 11, '2018-06-29 09:54:52', ''),
(175, 'COORDENADOR CORPORATIVO ADMINISTRAÇÃO DE PESSOAL', 3, 27, '', '', '', '', 7, 1, 1, 11, '2018-06-29 10:00:03', 11, '2018-06-29 10:00:13', ''),
(176, 'GERENTE ADMINISTRAÇÃO DE PESSOAL', 3, 27, '', '', '', '', 8, 1, 1, 11, '2018-06-29 10:00:35', 11, '2018-06-29 10:00:46', ''),
(177, 'COORDENADOR REGIONAL ADMINISTRAÇÃO DE PESSOAL', 3, 27, '', '', '', '', 9, 1, 2, 11, '2018-06-29 10:01:20', 11, '2018-06-29 10:01:31', ''),
(178, 'ANALISTA BENEFÃCIOS JR', 3, 65, '', '', '', '', 1, 1, 1, 11, '2018-06-29 10:02:24', 11, '2018-06-29 10:04:04', ''),
(179, 'ANALISTA BENEFÃCIOS PL', 3, 65, '', '', '', '', 2, 1, 1, 11, '2018-06-29 10:04:42', 11, '2018-06-29 10:04:54', ''),
(180, 'ASSISTENTE ADMINISTRATIVO', 11, 6, '', '', '', '', 1, 1, 1, 11, '2018-06-29 10:48:06', 11, '2018-06-29 10:48:29', ''),
(181, 'ANALISTA MARKETING JR', 11, 6, '', '', '', '', 2, 1, 1, 11, '2018-06-29 10:48:59', 11, '2018-06-29 10:49:09', ''),
(182, 'ANALISTA MARKETING PL', 11, 6, '', '', '', '', 3, 1, 1, 11, '2018-06-29 10:49:31', 11, '2018-06-29 10:50:02', ''),
(183, 'ANALISTA MARKETING SR', 11, 6, '', '', '', '', 4, 1, 1, 11, '2018-06-29 10:50:44', 11, '2018-06-29 10:50:52', ''),
(184, 'COORDENADOR MARKETING', 11, 6, '', '', '', '', 5, 1, 1, 11, '2018-06-29 10:51:12', 11, '2018-06-29 10:51:25', ''),
(185, 'GERENTE MARKETING', 11, 6, '', '', '', '', 6, 1, 1, 11, '2018-06-29 10:51:46', 11, '2018-06-29 10:51:58', ''),
(186, 'ATENDENTE CRM', 11, 8, '', '', '', '', 1, 1, 1, 11, '2018-06-29 11:03:11', 11, '2018-06-29 11:03:37', ''),
(187, 'ASSISTENTE RELACIONAMENTO MÉDICO', 11, 8, '', '', '', '', 2, 1, 1, 11, '2018-06-29 11:03:56', 11, '2018-06-29 11:04:09', ''),
(188, 'ANALISTA INDICADORES', 11, 8, '', '', '', '', 3, 1, 1, 11, '2018-06-29 11:04:32', 11, '2018-06-29 11:04:43', ''),
(189, 'ANALISTA PROCESSOS', 11, 8, '', '', '', '', 4, 1, 1, 11, '2018-06-29 11:05:01', 11, '2018-06-29 11:05:11', ''),
(190, 'EXECUTIVO RELACIONAMENTO MÉDICO', 11, 8, '', '', '', '', 5, 1, 1, 11, '2018-06-29 11:05:27', 11, '2018-06-29 11:05:35', ''),
(191, 'SUPERVISOR RELACIONAMENTO MÉDICO', 11, 8, '', '', '', '', 6, 1, 1, 11, '2018-06-29 11:05:59', 11, '2018-06-29 11:06:07', ''),
(192, 'ASSISTENTE ADMINISTRATIVO', 11, 7, '', '', '', '', 1, 1, 1, 11, '2018-06-29 11:07:51', 11, '2018-06-29 11:08:00', ''),
(193, 'ANALISTA COMERCIAL', 11, 7, '', '', '', '', 2, 1, 1, 11, '2018-06-29 11:08:23', 11, '2018-06-29 11:08:31', ''),
(194, 'SUPERVISOR COMERCIAL (BACK OFFICE)', 11, 7, '', '', '', '', 3, 1, 2, 11, '2018-06-29 11:08:50', 11, '2018-06-29 11:08:59', ''),
(195, 'EXECUTIVO NEGÓCIOS', 11, 7, '', '', '', '', 4, 1, 1, 11, '2018-06-29 11:09:27', 11, '2018-06-29 11:09:36', ''),
(196, 'COORDENADOR COMERCIAL', 11, 7, '', '', '', '', 5, 1, 1, 11, '2018-06-29 11:09:55', 11, '2018-06-29 11:10:07', ''),
(197, 'GERENTE COMERCIAL', 11, 7, '', '', '', '', 6, 1, 1, 11, '2018-06-29 11:10:28', 11, '2018-06-29 11:10:39', ''),
(198, 'DIRETOR OPERAÇÕES', 11, 7, '', '', '', '', 7, 1, 1, 11, '2018-06-29 11:10:57', 11, '2018-06-29 11:11:09', ''),
(199, 'ASSISTENTE CONTAS', 10, 13, '', '', '', '', 1, 1, 1, 11, '2018-06-29 11:24:11', 11, '2018-07-01 20:24:23', ''),
(200, 'ASSISTENTE CADASTRO', 10, 13, '', '', '', '', 2, 1, 1, 11, '2018-06-29 11:24:36', 11, '2018-07-02 16:29:16', ''),
(201, 'ANALISTA CADASTRO JR', 10, 13, '', '', '', '', 3, 1, 1, 11, '2018-06-29 11:25:27', 11, '2018-06-29 11:25:32', ''),
(202, 'ANALISTA CADASTRO PL', 10, 13, '', '', '', '', 4, 1, 1, 11, '2018-06-29 11:25:48', 11, '2018-06-29 11:25:53', ''),
(203, 'ANALISTA CADASTRO SR', 10, 13, '', '', '', '', 5, 1, 1, 11, '2018-06-29 11:26:18', 11, '2018-06-29 11:26:23', ''),
(204, 'SUPERVISOR CADASTRO', 10, 13, '', '', '', '', 6, 1, 1, 11, '2018-06-29 11:26:40', 11, '2018-06-29 11:26:44', ''),
(205, 'GERENTE CENTRAL CADASTRO', 10, 72, '', '', '', '', 1, 1, 1, 11, '2018-06-29 11:43:25', 11, '2018-06-29 11:43:32', ''),
(206, 'AUXILIAR ADMINISTRATIVO', 10, 72, '', '', '', '', 3, 1, 2, 11, '2018-06-29 11:43:53', 11, '2018-07-02 16:31:31', ''),
(207, 'GERENTE EXECUTIVO TI', 10, 72, '', '', '', '', 2, 1, 1, 11, '2018-06-29 11:44:14', 11, '2018-06-29 11:44:17', ''),
(208, 'ANALISTA RIS PACS JR', 10, 11, '', '', '', '', 1, 1, 1, 11, '2018-06-29 13:27:10', 11, '2018-07-02 16:42:51', ''),
(209, 'ANALISTA RIS PACS PL', 10, 11, '', '', '', '', 2, 1, 1, 11, '2018-06-29 13:27:40', 11, '2018-07-02 16:44:05', ''),
(210, 'ANALISTA RIS PACS SR', 10, 11, '', '', '', '', 3, 1, 1, 11, '2018-06-29 13:28:07', 11, '2018-07-02 16:45:04', ''),
(211, 'TÉCNICO NEGÓCIOS JR', 10, 11, '', '', '', '', 4, 1, 2, 11, '2018-06-29 13:29:07', 11, '2018-07-02 16:48:01', ''),
(212, 'TÉCNICO NEGÓCIOS PL', 10, 11, '', '', '', '', 5, 1, 1, 11, '2018-06-29 13:29:37', 11, '2018-07-02 16:49:17', ''),
(213, 'TÉCNICO NEGÓCIOS SR', 10, 11, '', '', '', '', 6, 1, 2, 11, '2018-06-29 13:30:19', 11, '2018-07-02 16:50:43', ''),
(214, 'ANALISTA NEGÓCIOS JR', 10, 11, '', '', '', '', 7, 1, 2, 11, '2018-06-29 13:30:45', 11, '2018-07-02 16:51:57', ''),
(215, 'ANALISTA NEGÓCIOS PL', 10, 11, '', '', '', '', 8, 1, 2, 11, '2018-06-29 13:31:11', 11, '2018-07-01 21:11:25', ''),
(216, 'ANALISTA NEGÓCIOS SR', 10, 11, '', '', '', '', 9, 1, 2, 11, '2018-06-29 13:31:35', 11, '2018-07-02 16:52:59', ''),
(217, 'TÉCNICO SISTEMAS JR', 10, 10, '', '', '', '', 1, 1, 1, 11, '2018-06-29 13:33:17', 11, '2018-07-02 16:33:12', ''),
(218, 'TÉCNICO SISTEMAS PL', 10, 10, '', '', '', '', 2, 1, 1, 11, '2018-06-29 13:33:56', 11, '2018-07-02 16:34:43', ''),
(219, 'TÉCNICO SISTEMAS SR', 10, 10, '', '', '', '', 3, 1, 1, 11, '2018-06-29 13:34:31', 11, '2018-07-02 16:37:20', ''),
(220, 'ANALISTA SISTEMAS JR', 10, 10, '', '', '', '', 4, 1, 1, 11, '2018-06-29 13:35:28', 11, '2018-07-02 16:39:40', ''),
(221, 'ANALISTA SISTEMAS PL', 10, 10, '', '', '', '', 5, 1, 1, 11, '2018-06-29 13:36:08', 11, '2018-06-29 13:36:19', ''),
(222, 'ANALISTA SISTEMAS SR', 10, 10, '', '', '', '', 6, 1, 1, 11, '2018-06-29 13:36:41', 11, '2018-07-01 20:53:07', ''),
(223, 'COORDENADOR SISTEMAS', 10, 10, '', '', '', '', 7, 1, 1, 11, '2018-06-29 13:37:21', 11, '2018-06-29 13:37:32', ''),
(224, 'TÉCNICO SUPORTE JR', 10, 12, '', '', '', '', 1, 1, 1, 11, '2018-06-29 13:40:04', 11, '2018-07-02 16:54:03', ''),
(225, 'TÉCNICO SUPORTE PL', 10, 12, '', '', '', '', 2, 1, 1, 11, '2018-06-29 13:41:53', 11, '2018-07-02 16:56:06', ''),
(226, 'TÉCNICO SUPORTE SR', 10, 12, '', '', '', '', 3, 1, 1, 11, '2018-06-29 13:46:22', 11, '2018-07-02 16:58:00', ''),
(227, 'ANALISTA INFRAESTRUTURA TI JR', 10, 12, '', '', '', '', 8, 1, 2, 11, '2018-06-29 13:47:17', 11, '2018-06-29 13:47:28', ''),
(228, 'ANALISTA INFRAESTRUTURA TI PL', 10, 12, '', '', '', '', 9, 1, 2, 11, '2018-06-29 13:47:48', 11, '2018-07-02 16:59:05', ''),
(229, 'ANALISTA INFRAESTRUTURA TI SR', 10, 12, '', '', '', '', 10, 1, 2, 11, '2018-06-29 13:48:15', 11, '2018-07-02 16:59:50', ''),
(230, 'ADMINISTRADOR BANCO DE DADOS JR', 10, 12, '', '', '', '', 4, 1, 1, 11, '2018-06-29 13:48:41', 11, '2018-07-02 17:01:15', ''),
(231, 'ADMINISTRADOR BANCO DE DADOS PL', 10, 12, '', '', '', '', 5, 1, 1, 11, '2018-06-29 13:49:15', 11, '2018-07-02 17:02:08', ''),
(232, 'ADMINISTRADOR BANCO DE DADOS SR', 10, 12, '', '', '', '', 6, 1, 1, 11, '2018-06-29 13:49:47', 11, '2018-07-02 17:02:40', ''),
(233, 'COORDENADOR INFRAESTRUTURA TI', 10, 12, '', '', '', '', 7, 1, 1, 11, '2018-06-29 13:50:14', 11, '2018-07-02 17:03:57', ''),
(234, 'ANALISTA INDICADOR ESTRATÉGICO', 10, 14, '', '', '', '', 1, 1, 1, 11, '2018-06-29 14:06:51', 11, '2018-06-29 14:07:02', ''),
(235, 'SUPERVISOR INDICADOR ESTRATÉGICO', 10, 14, '', '', '', '', 2, 1, 1, 11, '2018-06-29 14:34:28', 11, '2018-06-29 14:34:38', ''),
(236, 'ANALISTA BUSINESS INTELLIGENCE JR', 10, 14, '', '', '', '', 4, 1, 2, 11, '2018-06-29 14:34:58', 11, '2018-06-29 14:35:01', ''),
(237, 'ANALISTA BUSINESS INTELLIGENCE PL', 10, 14, '', '', '', '', 5, 1, 2, 11, '2018-06-29 14:35:17', 11, '2018-06-29 14:35:21', ''),
(238, 'ANALISTA BUSINESS INTELLIGENCE SR', 10, 14, '', '', '', '', 6, 1, 2, 11, '2018-06-29 14:35:36', 11, '2018-07-01 21:30:39', ''),
(239, 'COORDENADOR BUSINESS INTELLIGENCE (BI)', 10, 14, '', '', '', '', 3, 1, 1, 11, '2018-06-29 14:36:00', 11, '2018-06-29 14:36:03', ''),
(240, 'ANALISTA PROCESSOS JR', 10, 15, '', '', '', '', 1, 1, 1, 11, '2018-06-29 14:36:47', 11, '2018-07-01 21:32:20', ''),
(241, 'ANALISTA PROCESSOS PL', 10, 15, '', '', '', '', 2, 1, 1, 11, '2018-06-29 14:37:18', 11, '2018-07-02 17:06:08', ''),
(242, 'ANALISTA PROCESSOS SR', 10, 15, '', '', '', '', 3, 1, 1, 11, '2018-06-29 14:37:42', 11, '2018-07-02 17:07:06', ''),
(243, 'ANALISTA PROJETOS JR', 10, 16, '', '', '', '', 1, 1, 1, 11, '2018-06-29 14:38:19', 11, '2018-06-29 14:38:22', ''),
(244, 'ANALISTA PROJETOS PL', 10, 16, '', '', '', '', 2, 1, 1, 11, '2018-06-29 14:38:39', 11, '2018-07-01 21:42:20', ''),
(245, 'ANALISTA PROJETOS SR', 10, 16, '', '', '', '', 3, 1, 1, 11, '2018-06-29 14:39:23', 11, '2018-06-29 14:39:27', ''),
(246, 'COORDENADOR PROJETOS', 10, 16, '', '', '', '', 4, 1, 1, 11, '2018-06-29 14:39:47', 11, '2018-07-02 17:09:04', ''),
(247, 'GERENTE PROJETOS', 10, 16, '', '', '', '', 5, 1, 1, 11, '2018-06-29 14:40:09', 11, '2018-06-29 14:40:12', ''),
(248, 'ASSISTENTE COMPRAS', 8, 39, '', '', '', '', 1, 1, 1, 11, '2018-06-29 14:48:54', 11, '2018-06-29 14:49:04', ''),
(249, 'COMPRADOR I', 8, 39, '', '', '', '', 2, 1, 1, 11, '2018-06-29 14:49:41', 11, '2018-06-29 14:49:49', ''),
(250, 'COMPRADOR II', 8, 39, '', '', '', '', 3, 1, 1, 11, '2018-06-29 14:50:17', 11, '2018-06-29 14:50:26', ''),
(251, 'COMPRADOR III', 8, 39, '', '', '', '', 4, 1, 1, 11, '2018-06-29 14:51:17', 11, '2018-06-29 14:51:30', ''),
(252, 'COORDENADOR COMPRAS CORPORATIVO', 8, 39, '', '', '', '', 5, 1, 1, 11, '2018-06-29 14:51:59', 11, '2018-06-29 14:52:08', ''),
(253, 'GERENTE CORPORATIVO SUPRIMENTOS', 8, 39, '', '', '', '', 6, 1, 1, 11, '2018-06-29 14:52:25', 11, '2018-06-29 14:52:35', ''),
(254, 'ANALISTA SUPRIMENTOS I', 8, 39, '', '', '', '', 7, 1, 2, 11, '2018-06-29 14:54:20', 11, '2018-06-29 14:54:30', ''),
(255, 'ANALISTA SUPRIMENTOS II', 8, 39, '', '', '', '', 8, 1, 2, 11, '2018-06-29 14:54:49', 11, '2018-06-29 14:55:01', ''),
(256, 'ANALISTA SUPRIMENTOS III', 8, 39, '', '', '', '', 9, 1, 2, 11, '2018-06-29 14:55:20', 11, '2018-06-29 14:55:28', ''),
(257, 'COORDENADOR SUPRIMENTOS  - UNID', 8, 39, '', '', '', '', 10, 1, 2, 11, '2018-06-29 14:55:47', 11, '2018-06-29 14:55:57', ''),
(258, 'GERENTE SUPRIMENTOS - UNID', 8, 39, '', '', '', '', 11, 1, 2, 11, '2018-06-29 14:56:14', 11, '2018-06-29 14:56:24', ''),
(259, 'SUPERVISOR OPME', 8, 39, '', '', '', '', 12, 1, 3, 11, '2018-06-29 14:57:34', 11, '2018-06-29 14:57:43', ''),
(260, 'COORDENADOR PLANEJAMENTO MATERIAIS', 8, 39, '', '', '', '', 13, 1, 4, 11, '2018-06-29 14:58:37', 11, '2018-06-29 14:58:47', ''),
(261, 'MENSAGEIRO', 8, 38, '', '', '', '', 1, 1, 1, 11, '2018-06-29 15:00:56', 11, '2018-06-29 15:01:06', ''),
(262, 'AUXILIAR ALMOXARIFADO I', 8, 38, '', '', '', '', 2, 1, 1, 11, '2018-06-29 15:01:30', 11, '2018-06-29 15:01:39', ''),
(263, 'AUXILIAR ALMOXARIFADO II', 8, 38, '', '', '', '', 3, 1, 1, 11, '2018-06-29 15:01:59', 11, '2018-06-29 15:02:06', ''),
(264, 'ALMOXARIFE', 8, 38, '', '', '', '', 4, 1, 1, 11, '2018-06-29 15:02:26', 11, '2018-06-29 15:02:35', ''),
(265, 'LÃDER ALMOXARIFADO', 8, 38, '', '', '', '', 5, 1, 1, 11, '2018-06-29 15:02:51', 11, '2018-06-29 15:03:00', ''),
(266, 'ASSISTENTE ADMINISTRATIVO', 8, 37, '', '', '', '', 1, 1, 1, 11, '2018-06-29 15:06:24', 11, '2018-06-29 15:06:31', ''),
(267, 'AUXILIAR FARMÃCIA I', 8, 37, '', '', '', '', 2, 1, 1, 11, '2018-06-29 15:06:46', 11, '2018-06-29 15:06:54', ''),
(268, 'AUXILIAR FARMÃCIA II', 8, 37, '', '', '', '', 3, 1, 1, 11, '2018-06-29 15:07:11', 11, '2018-06-29 15:07:23', ''),
(269, 'AUXILIAR FARMÃCIA III', 8, 37, '', '', '', '', 4, 1, 1, 11, '2018-06-29 15:08:29', 11, '2018-06-29 15:08:37', ''),
(270, 'LÃDER FARMÃCIA', 8, 37, '', '', '', '', 5, 1, 1, 11, '2018-06-29 15:08:54', 11, '2018-06-29 15:09:03', ''),
(271, 'LÃDER FARMÃCIA', 8, 37, '', '', '', '', 6, 1, 1, 11, '2018-06-29 15:15:31', 11, '2018-06-29 15:15:41', ''),
(272, 'FARMACÊUTICO JR', 8, 37, '', '', '', '', 7, 1, 1, 11, '2018-06-29 15:16:25', 11, '2018-06-29 15:16:33', ''),
(273, 'FARMACÊUTICO PL', 8, 37, '', '', '', '', 8, 1, 1, 11, '2018-06-29 15:16:48', 11, '2018-06-29 15:16:56', ''),
(274, 'FARMACÊUTICO SR', 8, 37, '', '', '', '', 9, 1, 1, 11, '2018-06-29 15:17:15', 11, '2018-06-29 15:17:24', ''),
(275, 'SUPERVISOR FARMACÊUTICO', 8, 37, '', '', '', '', 10, 1, 1, 11, '2018-06-29 15:17:43', 11, '2018-06-29 15:17:51', ''),
(276, 'COORDENADOR FARMACÊUTICO', 8, 37, '', '', '', '', 11, 1, 1, 11, '2018-06-29 15:18:06', 11, '2018-06-29 15:18:13', ''),
(277, 'ASSISTENTE ADMINISTRATIVO', 4, 66, '', '', '', '', 1, 1, 1, 11, '2018-06-29 16:19:46', 11, '2018-06-29 16:20:16', ''),
(278, 'AUXILIAR SALA', 4, 66, '', '', '', '', 2, 1, 2, 11, '2018-06-29 16:20:46', 11, '2018-06-29 16:20:50', ''),
(279, 'TÉCNICO ENFERMAGEM I ', 4, 66, '', '', '', '', 3, 1, 3, 11, '2018-06-29 16:21:17', 11, '2018-06-29 16:21:21', ''),
(280, 'ENFERMEIRO JR', 4, 66, '', '', '', '', 4, 1, 3, 11, '2018-06-29 16:21:43', 11, '2018-06-29 16:21:48', ''),
(281, 'ENFERMEIRO PL', 4, 66, '', '', '', '', 5, 1, 3, 11, '2018-06-29 16:22:03', 11, '2018-06-29 16:22:07', ''),
(282, 'ENFERMEIRO SR', 4, 66, '', '', '', '', 6, 1, 3, 11, '2018-06-29 16:22:30', 11, '2018-06-29 16:22:33', ''),
(283, 'FARMACEUTICO CLÃNICO I', 4, 58, '', '', '', '', 1, 1, 1, 11, '2018-06-29 16:24:11', 11, '2018-06-29 16:24:22', ''),
(284, 'FARMACEUTICO CLÃNICO II', 4, 58, '', '', '', '', 2, 1, 1, 11, '2018-06-29 16:24:41', 11, '2018-06-29 16:24:53', ''),
(285, 'FARMACEUTICO CLÃNICO III', 4, 58, '', '', '', '', 3, 1, 1, 11, '2018-06-29 16:25:18', 11, '2018-06-29 16:25:34', ''),
(286, 'NUTRICIONISTA CLÃNICO I', 4, 59, '', '', '', '', 1, 1, 1, 11, '2018-06-29 16:27:24', 11, '2018-06-29 16:27:34', ''),
(287, 'NUTRICIONISTA CLÃNICO II', 4, 59, '', '', '', '', 2, 1, 1, 11, '2018-06-29 16:27:53', 11, '2018-06-29 16:28:04', ''),
(288, 'NUTRICIONISTA CLÃNICO III', 4, 59, '', '', '', '', 3, 1, 1, 11, '2018-06-29 16:28:22', 11, '2018-06-29 16:28:32', ''),
(289, 'COORDENADOR NUTRIÇÃO', 4, 59, '', '', '', '', 4, 1, 1, 11, '2018-06-29 16:28:52', 11, '2018-06-29 16:29:04', ''),
(290, 'MASSOTERAPEUTA', 4, 57, '', '', '', '', 1, 1, 1, 11, '2018-06-29 17:10:30', 11, '2018-06-29 17:10:41', ''),
(291, 'FISIOTERAPEUTA I', 4, 57, '', '', '', '', 2, 1, 1, 11, '2018-06-29 17:11:05', 11, '2018-06-29 17:11:15', ''),
(292, 'FISIOTERAPEUTA II', 4, 57, '', '', '', '', 3, 1, 1, 11, '2018-06-29 17:11:44', 11, '2018-06-29 17:12:03', ''),
(293, 'FISIOTERAPEUTA III', 4, 57, '', '', '', '', 4, 1, 1, 11, '2018-06-29 17:13:03', 11, '2018-06-29 17:13:13', ''),
(294, 'COORDENADOR FISIOTERAPIA', 4, 57, '', '', '', '', 5, 1, 1, 11, '2018-06-29 17:13:33', 11, '2018-06-29 17:13:42', ''),
(295, 'AUXILIAR ADMINISTRATIVO', 4, 60, '', '', '', '', 1, 1, 1, 11, '2018-06-29 17:18:01', 11, '2018-06-29 17:18:22', ''),
(296, 'ASSISTENTE ADMINISTRATIVO', 4, 60, '', '', '', '', 2, 1, 1, 11, '2018-06-29 17:18:41', 11, '2018-06-29 17:18:56', ''),
(297, 'ANALISTA SADT', 4, 60, '', '', '', '', 3, 1, 1, 11, '2018-06-29 17:19:41', 11, '2018-06-29 17:19:52', ''),
(298, 'ALMOXARIFE', 4, 60, '', '', '', '', 4, 1, 2, 11, '2018-06-29 17:20:50', 11, '2018-06-29 17:21:00', ''),
(299, 'ASSISTENTE ATENDIMENTO', 4, 60, '', '', '', '', 5, 1, 3, 11, '2018-06-29 17:21:38', 11, '2018-06-29 17:21:54', ''),
(300, 'ANALISTA TÉCNICO', 4, 60, '', '', '', '', 6, 1, 4, 11, '2018-06-29 17:22:59', 11, '2018-06-29 17:25:43', ''),
(301, 'TÉCNICO RADIOLOGIA I', 4, 60, '', '', '', '', 7, 1, 4, 11, '2018-06-29 17:27:04', 11, '2018-06-29 17:27:13', ''),
(302, 'TÉCNICO RADIOLOGIA II', 4, 60, '', '', '', '', 8, 1, 4, 11, '2018-06-29 17:27:35', 11, '2018-06-29 17:27:46', ''),
(303, 'TÉCNICO RADIOLOGIA III', 4, 60, '', '', '', '', 9, 1, 4, 11, '2018-06-29 17:29:22', 11, '2018-06-29 17:29:29', ''),
(304, 'BIOMÉDICO', 4, 60, '', '', '', '', 10, 1, 4, 11, '2018-06-29 17:29:54', 11, '2018-06-29 17:30:02', ''),
(305, 'SUPERVISOR RADIOLOGIA', 4, 60, '', '', '', '', 11, 1, 4, 11, '2018-06-29 17:31:03', 11, '2018-06-29 17:31:19', ''),
(306, 'LÃDER MEDICINA NUCLEAR', 4, 60, '', '', '', '', 12, 1, 4, 11, '2018-06-29 17:32:07', 11, '2018-06-29 17:32:16', ''),
(307, 'ANALISTA QUALIDADE JR', 4, 61, '', '', '', '', 1, 1, 1, 11, '2018-06-29 17:34:35', 11, '2018-06-29 17:34:43', ''),
(308, 'ANALISTA QUALIDADE PL', 4, 61, '', '', '', '', 2, 1, 1, 11, '2018-06-29 17:35:05', 11, '2018-06-29 17:35:13', ''),
(309, 'ANALISTA QUALIDADE SR', 4, 61, '', '', '', '', 3, 1, 1, 11, '2018-06-29 17:35:30', 11, '2018-06-29 17:35:50', ''),
(310, 'SUPERVISOR QUALIDADE', 4, 61, '', '', '', '', 4, 1, 1, 11, '2018-06-29 17:36:13', 11, '2018-06-29 17:36:23', ''),
(311, 'ENFERMEIRO GERENCIADOR DE RISCO', 4, 61, '', '', '', '', 5, 1, 2, 11, '2018-06-29 17:39:28', 11, '2018-06-29 17:39:37', ''),
(312, 'ENFERMEIRO III (QUALIDADE)', 4, 61, '', '', '', '', 6, 1, 3, 11, '2018-06-29 17:40:59', 11, '2018-06-29 17:41:06', ''),
(313, 'ENFERMEIRO PRÃTICAS ASSISTENCIAIS', 4, 61, '', '', '', '', 7, 1, 4, 11, '2018-06-29 17:41:48', 11, '2018-06-29 17:41:57', ''),
(314, 'COORDENADOR PRÃTICAS ASSISTENCIAIS', 4, 61, '', '', '', '', 8, 1, 4, 11, '2018-06-29 17:42:21', 11, '2018-06-29 17:42:31', ''),
(315, 'GERENTE PRÃTICAS ASSISTENCIAS', 4, 61, '', '', '', '', 9, 1, 4, 11, '2018-06-29 17:43:20', 11, '2018-06-29 17:43:29', ''),
(316, 'GERENTE EPIDEMOLOGIA HOSPITALAR', 4, 61, '', '', '', '', 10, 1, 1, 11, '2018-06-29 17:46:17', 11, '2018-06-29 17:46:25', ''),
(317, 'PSICÓLOGO (A) HOSPITALAR', 4, 62, '', '', '', '', 1, 1, 1, 11, '2018-06-29 17:47:33', 11, '2018-06-29 17:47:44', ''),
(318, 'AUXILIAR ADMINISTRATIVO', 4, 54, '', '', '', '', 1, 1, 1, 11, '2018-06-29 17:51:26', 11, '2018-06-29 17:51:33', ''),
(319, 'ASSISTENTE ADMINISTRATIVO', 4, 54, '', '', '', '', 2, 1, 1, 11, '2018-06-29 17:52:14', 11, '2018-06-29 17:52:31', ''),
(320, 'AUXILIAR ENFERMAGEM', 4, 54, '', '', '', '', 3, 1, 2, 11, '2018-06-29 17:53:19', 11, '2018-06-29 17:53:22', ''),
(321, 'TÉCNICO ENFERMAGEM I ', 4, 54, '', '', '', '', 4, 1, 2, 11, '2018-06-29 17:53:49', 11, '2018-06-29 17:53:53', ''),
(322, 'TÉCNICO ENFERMAGEM II', 4, 54, '', '', '', '', 5, 1, 2, 11, '2018-06-29 17:54:09', 11, '2018-06-29 17:54:13', ''),
(323, 'ENFERMEIRO JR', 4, 54, '', '', '', '', 6, 1, 2, 11, '2018-06-29 17:54:37', 11, '2018-06-29 17:54:41', ''),
(324, 'ENFERMEIRO PL', 4, 54, '', '', '', '', 7, 1, 2, 11, '2018-06-29 17:54:55', 11, '2018-06-29 17:54:58', ''),
(325, 'ENFERMEIRO SR', 4, 54, '', '', '', '', 8, 1, 2, 11, '2018-06-29 17:55:19', 11, '2018-06-29 17:55:25', ''),
(326, 'ENFERMEIRO REFERÊNCIA', 4, 54, '', '', '', '', 9, 1, 2, 11, '2018-06-29 17:55:43', 11, '2018-06-29 17:55:46', ''),
(327, 'SUPERVISOR ENFERMAGEM', 4, 54, '', '', '', '', 10, 1, 2, 11, '2018-06-29 17:56:14', 11, '2018-06-29 17:56:17', ''),
(328, 'GERENTE ENFERMAGEM', 4, 54, '', '', '', '', 11, 1, 2, 11, '2018-06-29 17:56:38', 11, '2018-06-29 17:56:47', ''),
(329, 'DIRETOR TÉCNICO', 4, 54, '', '', '', '', 12, 1, 2, 11, '2018-06-29 17:57:06', 11, '2018-06-29 17:57:13', ''),
(330, 'AUXILIAR ADMINISTRATIVO', 4, 53, '', '', '', '', 1, 1, 1, 11, '2018-06-29 17:58:41', 11, '2018-06-29 17:58:46', ''),
(331, 'ASSISTENTE ADMINISTRATIVO', 4, 53, '', '', '', '', 2, 1, 1, 11, '2018-06-29 17:59:16', 11, '2018-06-29 17:59:24', ''),
(332, 'TÉCNICO ENFERMAGEM II', 4, 53, '', '', '', '', 3, 1, 2, 11, '2018-06-29 17:59:56', 11, '2018-06-29 17:59:58', ''),
(333, 'ENFERMEIRO JR', 4, 53, '', '', '', '', 4, 1, 2, 11, '2018-06-29 18:00:36', 11, '2018-06-29 18:00:41', ''),
(334, 'ENFERMEIRO PL', 4, 53, '', '', '', '', 5, 1, 2, 11, '2018-06-29 18:01:31', 11, '2018-06-29 18:01:50', ''),
(335, 'ENFERMEIRO SR', 4, 53, '', '', '', '', 6, 1, 2, 11, '2018-06-29 18:02:13', 11, '2018-06-29 18:02:16', ''),
(336, 'SUPERVISOR ENFERMAGEM', 4, 53, '', '', '', '', 7, 1, 2, 11, '2018-06-29 18:02:39', 11, '2018-06-29 18:02:43', ''),
(337, 'GERENTE ENFERMAGEM', 4, 53, '', '', '', '', 8, 1, 2, 11, '2018-06-29 18:03:05', 11, '2018-06-29 18:03:13', ''),
(338, 'DIRETOR TÉCNICO', 4, 53, '', '', '', '', 9, 1, 2, 11, '2018-06-29 18:03:33', 11, '2018-06-29 18:03:35', ''),
(339, 'AUXILIAR ADMINISTRATIVO', 4, 56, '', '', '', '', 1, 1, 1, 11, '2018-06-29 18:05:55', 11, '2018-06-29 18:06:03', ''),
(340, 'ASSISTENTE ADMINISTRATIVO', 4, 56, '', '', '', '', 2, 1, 1, 11, '2018-06-29 18:06:38', 11, '2018-06-29 18:06:47', ''),
(341, 'AUXILIAR ENFERMAGEM', 4, 56, '', '', '', '', 3, 1, 2, 11, '2018-06-29 18:07:39', 11, '2018-06-29 18:07:42', ''),
(342, 'TÉCNICO ENFERMAGEM I ', 4, 56, '', '', '', '', 4, 1, 2, 11, '2018-06-29 18:07:58', 11, '2018-06-29 18:08:01', ''),
(343, 'ENFERMEIRO JR', 4, 56, '', '', '', '', 5, 1, 2, 11, '2018-06-29 18:08:25', 11, '2018-06-29 18:08:28', ''),
(344, 'ENFERMEIRO PL', 4, 56, '', '', '', '', 6, 1, 2, 11, '2018-06-29 18:08:52', 11, '2018-06-29 18:08:56', ''),
(345, 'ENFERMEIRO SR', 4, 56, '', '', '', '', 7, 1, 2, 11, '2018-06-29 18:09:22', 11, '2018-06-29 18:09:30', ''),
(346, 'SUPERVISOR ENFERMAGEM', 4, 56, '', '', '', '', 8, 1, 2, 11, '2018-06-29 18:09:49', 11, '2018-06-29 18:09:54', ''),
(347, 'GERENTE ENFERMAGEM', 4, 56, '', '', '', '', 9, 1, 2, 11, '2018-06-29 18:10:22', 11, '2018-06-29 18:10:26', ''),
(348, 'DIRETOR TÉCNICO', 4, 56, '', '', '', '', 10, 1, 2, 11, '2018-06-29 18:11:52', 11, '2018-06-29 18:11:55', ''),
(349, 'AUXILIAR ADMINISTRATIVO', 4, 55, '', '', '', '', 1, 1, 1, 11, '2018-06-29 18:12:25', 11, '2018-06-29 18:12:29', ''),
(350, 'ASSISTENTE ADMINISTRATIVO', 4, 55, '', '', '', '', 2, 1, 1, 11, '2018-06-29 18:12:44', 11, '2018-06-29 18:12:47', ''),
(351, 'AUXILIAR DE ESTERILIZAÇÃO', 4, 55, '', '', '', '', 3, 1, 2, 11, '2018-06-29 18:13:14', 11, '2018-06-29 18:13:17', ''),
(352, 'AUXILIAR ENFERMAGEM', 4, 55, '', '', '', '', 4, 1, 3, 11, '2018-06-29 18:14:37', 11, '2018-06-29 18:14:40', ''),
(353, 'TÉCNICO ENFERMAGEM I ', 4, 55, '', '', '', '', 5, 1, 3, 11, '2018-06-29 18:14:57', 11, '2018-06-29 18:15:03', ''),
(354, 'ENFERMEIRO JR', 4, 55, '', '', '', '', 6, 1, 3, 11, '2018-06-29 18:15:52', 11, '2018-06-29 18:15:55', ''),
(355, 'ENFERMEIRO PL', 4, 55, '', '', '', '', 7, 1, 3, 11, '2018-06-29 18:16:13', 11, '2018-06-29 18:16:18', ''),
(356, 'ENFERMEIRO SR', 4, 55, '', '', '', '', 8, 1, 3, 11, '2018-06-29 18:16:42', 11, '2018-06-29 18:16:45', ''),
(357, 'COORDENADOR ENFERMAGEM', 4, 55, '', '', '', '', 9, 1, 3, 11, '2018-06-29 18:17:03', 11, '2018-06-29 18:17:07', ''),
(358, 'GERENTE ENFERMAGEM', 4, 55, '', '', '', '', 10, 1, 3, 11, '2018-06-29 18:17:25', 11, '2018-06-29 18:17:28', ''),
(359, 'DIRETOR TÉCNICO', 4, 55, '', '', '', '', 11, 1, 3, 11, '2018-06-29 18:17:44', 11, '2018-06-29 18:17:47', ''),
(360, 'ASSISTENTE ADMINISTRATIVO', 4, 63, '', '', '', '', 1, 1, 1, 11, '2018-06-29 18:24:00', 11, '2018-06-29 18:24:10', ''),
(361, 'AUXILIAR DE ESTERILIZAÇÃO', 4, 63, '', '', '', '', 2, 1, 2, 11, '2018-06-29 18:24:55', 11, '2018-06-29 18:25:03', ''),
(362, 'TÉCNICO DE ENFERMAGEM I ', 4, 63, '', '', '', '', 3, 1, 2, 11, '2018-06-29 18:25:19', 11, '2018-06-29 18:25:30', ''),
(363, 'TÉCNICO DE ENFERMAGEM II', 4, 63, '', '', '', '', 4, 1, 2, 11, '2018-06-29 18:25:45', 11, '2018-06-29 18:25:52', ''),
(364, 'TÉCNICO DE ENFERMAGEM III', 4, 63, '', '', '', '', 5, 1, 2, 11, '2018-06-29 18:26:06', 11, '2018-06-29 18:26:13', ''),
(365, 'TÉCNICO IMOBILIZAÇÃO ORTOPÉDICA', 4, 63, '', '', '', '', 6, 1, 2, 11, '2018-06-29 18:26:28', 11, '2018-06-29 18:26:35', ''),
(366, 'ENFERMEIRO I', 4, 63, '', '', '', '', 7, 1, 2, 11, '2018-06-29 18:26:51', 11, '2018-06-29 18:26:58', ''),
(367, 'ENFERMEIRO II', 4, 63, '', '', '', '', 8, 1, 2, 11, '2018-06-29 18:27:13', 11, '2018-06-29 18:27:21', ''),
(368, 'ENFERMEIRO III', 4, 63, '', '', '', '', 9, 1, 2, 11, '2018-06-29 18:27:35', 11, '2018-06-29 18:27:43', ''),
(369, 'ENFERMEIRO IV', 4, 63, '', '', '', '', 10, 1, 2, 11, '2018-06-29 18:27:59', 11, '2018-06-29 18:28:05', ''),
(370, 'ANALISTA BENEFÃCIOS SR', 3, 65, '', '', '', '', 3, 1, 1, 11, '2018-07-01 18:57:28', 11, '2018-07-01 19:00:48', ''),
(371, 'COORDENADOR BENEFÃCIO SAÚDE', 3, 65, '', '', '', '', 4, 1, 1, 11, '2018-07-01 19:00:03', 11, '2018-07-01 19:01:07', ''),
(372, 'ASSISTENTE ATRAÇÃO E SELEÇÃO', 3, 29, '', '', '', '', 1, 1, 1, 11, '2018-07-01 19:02:16', 11, '2018-07-01 19:02:25', ''),
(373, 'ANALISTA ATRAÇÃO E SELEÇÃO JR', 3, 29, '', '', '', '', 2, 1, 1, 11, '2018-07-01 19:02:47', 11, '2018-07-01 19:03:01', ''),
(374, 'ANALISTA ATRAÇÃO E SELEÇÃO PL', 3, 29, '', '', '', '', 3, 1, 1, 11, '2018-07-01 19:05:19', 11, '2018-07-01 19:05:38', ''),
(375, 'ANALISTA ATRAÇÃO E SELEÇÃO SR', 3, 29, '', '', '', '', 4, 1, 1, 11, '2018-07-01 19:06:06', 11, '2018-07-01 19:06:26', ''),
(376, 'COORDENADOR ATRAÇÃO E SELEÇÃO', 3, 29, '', '', '', '', 5, 1, 1, 11, '2018-07-01 19:06:48', 11, '2018-07-01 19:07:01', ''),
(377, 'ASSISTENTE COMUNICAÇÃO INTERNA', 3, 33, '', '', '', '', 1, 1, 1, 11, '2018-07-01 19:17:07', 11, '2018-07-01 19:17:36', ''),
(378, 'ANALISTA COMUNICAÇÃO INTERNA', 3, 33, '', '', '', '', 2, 1, 1, 11, '2018-07-01 19:17:58', 11, '2018-07-01 19:18:06', ''),
(379, 'COORDENADOR COMUNICAÇÃO INTERNA', 3, 33, '', '', '', '', 3, 1, 1, 11, '2018-07-01 19:18:51', 11, '2018-07-01 19:19:00', ''),
(380, 'ANALISTA RH JR', 3, 30, '', '', '', '', 1, 1, 1, 11, '2018-07-01 19:19:38', 11, '2018-07-01 19:20:07', ''),
(381, 'ANALISTA RH PL', 3, 30, '', '', '', '', 2, 1, 1, 11, '2018-07-01 19:20:44', 11, '2018-07-01 19:20:55', ''),
(382, 'ANALISTA RH SR', 3, 30, '', '', '', '', 3, 1, 1, 11, '2018-07-01 19:21:15', 11, '2018-07-01 19:21:25', ''),
(383, 'COORDENADOR RH - UNID.', 3, 30, '', '', '', '', 4, 1, 1, 11, '2018-07-01 19:22:02', 11, '2018-07-01 19:22:10', ''),
(384, 'GERENTE RH - UNID.', 3, 30, '', '', '', '', 5, 1, 1, 11, '2018-07-01 19:22:38', 11, '2018-07-01 19:22:48', ''),
(385, 'ANALISTA DESENVOLVIMENTO ORGANIZACIONAL JR', 3, 32, '', '', '', '', 1, 1, 1, 11, '2018-07-01 19:23:53', 11, '2018-07-01 19:23:58', ''),
(386, 'ANALISTA DESENVOLVIMENTO ORGANIZACIONAL PL', 3, 32, '', '', '', '', 2, 1, 1, 11, '2018-07-01 19:24:15', 11, '2018-07-01 19:24:19', ''),
(387, 'ANALISTA DESENVOLVIMENTO ORGANIZACIONAL SR', 3, 32, '', '', '', '', 3, 1, 1, 11, '2018-07-01 19:24:44', 11, '2018-07-01 19:24:49', ''),
(388, 'COORDENADOR DESENVOLVIMENTO ORGANIZACIONAL', 3, 32, '', '', '', '', 4, 1, 1, 11, '2018-07-01 19:26:01', 11, '2018-07-01 19:27:02', ''),
(389, 'GERENTE DESENVOLVIMENTO ORGANIZACIONAL', 3, 32, '', '', '', '', 5, 1, 1, 11, '2018-07-01 19:27:17', 11, '2018-07-01 19:27:25', ''),
(390, 'ANALISTA EDUCAÇÃO CORPORATIVA JR', 3, 31, '', '', '', '', 1, 1, 1, 11, '2018-07-01 19:29:14', 11, '2018-07-01 19:29:28', ''),
(391, 'ANALISTA EDUCAÇÃO CORPORATIVA PL', 3, 31, '', '', '', '', 2, 1, 1, 11, '2018-07-01 19:29:48', 11, '2018-07-01 19:29:57', ''),
(392, 'ANALISTA EDUCAÇÃO CORPORATIVA SR', 3, 31, '', '', '', '', 3, 1, 1, 11, '2018-07-01 19:30:30', 11, '2018-07-01 19:30:42', ''),
(393, 'COORDENADOR TREINAMENTO E DESENVOLVIMENTO', 3, 31, '', '', '', '', 4, 1, 1, 11, '2018-07-01 19:31:26', 11, '2018-07-01 19:31:34', ''),
(394, 'ENFERMEIRO EDUCAÇÃO CORPORATIVA', 3, 31, '', '', '', '', 5, 1, 2, 11, '2018-07-01 19:32:01', 11, '2018-07-01 19:32:12', ''),
(395, 'ASSISTENTE REMUNERAÇÃO', 3, 28, '', '', '', '', 1, 1, 1, 11, '2018-07-01 19:33:06', 11, '2018-07-01 19:33:12', ''),
(396, 'ANALISTA REMUNERAÇÃO JR', 3, 28, '', '', '', '', 2, 1, 1, 11, '2018-07-01 19:33:33', 11, '2018-07-01 19:33:37', ''),
(397, 'ANALISTA REMUNERAÇÃO PL', 3, 28, '', '', '', '', 3, 1, 1, 11, '2018-07-01 19:33:59', 11, '2018-07-01 19:34:03', ''),
(398, 'ANALISTA REMUNERAÇÃO SR', 3, 28, '', '', '', '', 4, 1, 1, 11, '2018-07-01 19:34:24', 11, '2018-07-01 19:34:27', ''),
(399, 'COORDENADOR REMUNERAÇÃO', 3, 28, '', '', '', '', 5, 1, 1, 11, '2018-07-01 19:34:54', 11, '2018-07-01 19:35:09', ''),
(400, 'GERENTE REMUNERAÇÃO', 3, 28, '', '', '', '', 6, 1, 1, 11, '2018-07-01 19:35:29', 11, '2018-07-01 19:35:32', ''),
(401, 'ASSISTENTE MODELO GESTÃO', 3, 28, '', '', '', '', 7, 1, 2, 11, '2018-07-01 19:36:13', 11, '2018-07-01 19:36:29', ''),
(402, 'ANALISTA MODELO GESTÃO', 3, 28, '', '', '', '', 8, 1, 2, 11, '2018-07-01 19:37:01', 11, '2018-07-01 19:37:04', ''),
(403, 'COORDENADOR MODELO GESTÃO', 3, 28, '', '', '', '', 9, 1, 2, 11, '2018-07-01 19:37:43', 11, '2018-07-01 19:37:46', ''),
(404, 'TÉCNICO SEGURANÇA TRABALHO JR', 3, 26, '', '', '', '', 1, 1, 1, 11, '2018-07-01 19:38:22', 11, '2018-07-01 19:38:30', ''),
(405, 'TÉCNICO SEGURANÇA TRABALHO PL', 3, 26, '', '', '', '', 2, 1, 1, 11, '2018-07-01 19:38:50', 11, '2018-07-01 19:38:59', ''),
(406, 'TÉCNICO SEGURANÇA TRABALHO SR', 3, 26, '', '', '', '', 3, 1, 1, 11, '2018-07-01 19:39:52', 11, '2018-07-01 19:40:02', ''),
(407, 'ENGENHEIRO SEGURANÇA TRABALHO', 3, 26, '', '', '', '', 4, 1, 1, 11, '2018-07-01 19:40:29', 11, '2018-07-01 19:40:39', ''),
(408, 'ENFERMEIRO DO TRABALHO', 3, 26, '', '', '', '', 5, 1, 2, 11, '2018-07-01 19:41:07', 11, '2018-07-01 19:41:20', ''),
(409, 'SUPERVISOR ENFERMAGEM', 4, 63, '', '', '', '', 11, 1, 1, 11, '2018-07-01 19:48:14', 11, '2018-07-01 19:48:42', ''),
(410, 'COORDENADOR ENFERMAGEM', 4, 63, '', '', '', '', 12, 1, 1, 11, '2018-07-01 19:49:08', 11, '2018-07-01 19:49:16', '');
INSERT INTO `cargos` (`codigo`, `nome`, `idtrilha`, `idsubtrilha`, `requisitos`, `funcoes`, `competencias`, `arquivo`, `ordem`, `status`, `linha`, `idadd`, `dataadd`, `idupdate`, `dataupdate`, `descricao`) VALUES
(411, 'GERENTE ASSISTENCIAL', 4, 63, '', '', '', '', 13, 1, 1, 11, '2018-07-01 19:49:36', 11, '2018-07-01 19:49:52', ''),
(412, 'DIRETOR TÉCNICO', 4, 63, '', '', '', '', 14, 1, 1, 11, '2018-07-01 19:50:16', 11, '2018-07-01 19:50:23', '');

-- --------------------------------------------------------

--
-- Estrutura para tabela `cargoslink`
--

CREATE TABLE IF NOT EXISTS `cargoslink` (
  `codigo` int(11) NOT NULL,
  `idcargo` int(11) NOT NULL,
  `idtrilha` int(11) NOT NULL,
  `idsubtrilha` int(11) NOT NULL,
  `idcargolink` int(11) NOT NULL,
  `idadd` int(11) NOT NULL,
  `dataadd` timestamp NOT NULL DEFAULT CURRENT_TIMESTAMP ON UPDATE CURRENT_TIMESTAMP
) ENGINE=InnoDB AUTO_INCREMENT=95 DEFAULT CHARSET=latin1;

--
-- Fazendo dump de dados para tabela `cargoslink`
--

INSERT INTO `cargoslink` (`codigo`, `idcargo`, `idtrilha`, `idsubtrilha`, `idcargolink`, `idadd`, `dataadd`) VALUES
(1, 199, 10, 10, 217, 11, '2018-07-01 23:23:06'),
(2, 199, 10, 11, 211, 11, '2018-07-01 23:23:36'),
(3, 199, 10, 12, 224, 11, '2018-07-01 23:24:02'),
(4, 204, 10, 72, 205, 11, '2018-07-01 23:30:25'),
(5, 206, 10, 13, 200, 11, '2018-07-01 23:34:24'),
(6, 217, 10, 12, 225, 11, '2018-07-01 23:37:42'),
(8, 218, 10, 12, 226, 11, '2018-07-01 23:41:08'),
(10, 218, 10, 11, 213, 11, '2018-07-01 23:42:01'),
(11, 219, 10, 11, 208, 11, '2018-07-01 23:45:12'),
(13, 220, 10, 12, 231, 11, '2018-07-01 23:50:03'),
(14, 222, 10, 12, 233, 11, '2018-07-01 23:52:33'),
(17, 210, 10, 10, 221, 11, '2018-07-02 00:02:17'),
(18, 223, 10, 72, 207, 11, '2018-07-02 00:03:43'),
(19, 211, 10, 10, 218, 11, '2018-07-02 00:05:20'),
(20, 212, 10, 10, 219, 11, '2018-07-02 00:06:14'),
(21, 212, 10, 12, 227, 11, '2018-07-02 00:06:34'),
(22, 215, 10, 10, 222, 11, '2018-07-02 00:09:52'),
(24, 224, 10, 11, 212, 11, '2018-07-02 00:14:14'),
(25, 234, 10, 14, 236, 11, '2018-07-02 00:22:47'),
(26, 234, 10, 15, 240, 11, '2018-07-02 00:23:10'),
(27, 234, 10, 16, 243, 11, '2018-07-02 00:23:27'),
(28, 238, 10, 14, 239, 11, '2018-07-02 00:27:32'),
(29, 240, 10, 16, 244, 11, '2018-07-02 00:31:40'),
(31, 241, 10, 14, 237, 11, '2018-07-02 00:39:13'),
(32, 244, 10, 15, 242, 11, '2018-07-02 00:42:12'),
(37, 200, 10, 10, 217, 11, '2018-07-02 19:28:11'),
(38, 200, 10, 11, 211, 11, '2018-07-02 19:28:30'),
(39, 200, 10, 12, 224, 11, '2018-07-02 19:28:50'),
(40, 206, 10, 12, 224, 11, '2018-07-02 19:30:11'),
(41, 206, 10, 11, 211, 11, '2018-07-02 19:30:30'),
(42, 206, 10, 13, 201, 11, '2018-07-02 19:30:43'),
(43, 206, 10, 13, 199, 11, '2018-07-02 19:31:01'),
(44, 206, 10, 10, 217, 11, '2018-07-02 19:31:22'),
(45, 217, 10, 11, 212, 11, '2018-07-02 19:32:33'),
(46, 218, 10, 11, 208, 11, '2018-07-02 19:34:02'),
(47, 218, 10, 12, 230, 11, '2018-07-02 19:34:20'),
(48, 219, 10, 11, 214, 11, '2018-07-02 19:35:12'),
(49, 219, 10, 12, 230, 11, '2018-07-02 19:36:04'),
(50, 220, 10, 11, 215, 11, '2018-07-02 19:37:58'),
(51, 220, 10, 11, 210, 11, '2018-07-02 19:38:28'),
(52, 208, 10, 11, 214, 11, '2018-07-02 19:40:05'),
(53, 208, 10, 10, 220, 11, '2018-07-02 19:42:31'),
(54, 209, 10, 11, 215, 11, '2018-07-02 19:43:24'),
(55, 209, 10, 10, 221, 11, '2018-07-02 19:43:46'),
(56, 210, 10, 11, 216, 11, '2018-07-02 19:44:29'),
(57, 210, 10, 10, 222, 11, '2018-07-02 19:44:47'),
(58, 211, 10, 12, 225, 11, '2018-07-02 19:47:49'),
(59, 212, 10, 11, 208, 11, '2018-07-02 19:48:44'),
(60, 212, 10, 12, 230, 11, '2018-07-02 19:48:56'),
(61, 213, 10, 11, 208, 11, '2018-07-02 19:49:43'),
(62, 213, 10, 10, 220, 11, '2018-07-02 19:50:09'),
(63, 213, 10, 12, 230, 11, '2018-07-02 19:50:27'),
(64, 214, 10, 10, 221, 11, '2018-07-02 19:51:43'),
(65, 216, 10, 10, 223, 11, '2018-07-02 19:52:26'),
(66, 216, 10, 12, 233, 11, '2018-07-02 19:52:43'),
(67, 224, 10, 10, 218, 11, '2018-07-02 19:53:47'),
(68, 225, 10, 12, 227, 11, '2018-07-02 19:54:31'),
(69, 225, 10, 10, 218, 11, '2018-07-02 19:54:41'),
(70, 225, 10, 10, 219, 11, '2018-07-02 19:55:03'),
(71, 225, 10, 11, 212, 11, '2018-07-02 19:55:19'),
(72, 225, 10, 11, 213, 11, '2018-07-02 19:55:41'),
(73, 225, 10, 11, 208, 11, '2018-07-02 19:55:56'),
(74, 226, 10, 12, 227, 11, '2018-07-02 19:56:38'),
(75, 226, 10, 12, 228, 11, '2018-07-02 19:56:52'),
(76, 226, 10, 11, 208, 11, '2018-07-02 19:57:28'),
(77, 226, 10, 10, 220, 11, '2018-07-02 19:57:42'),
(78, 228, 10, 12, 231, 11, '2018-07-02 19:58:52'),
(79, 229, 10, 12, 231, 11, '2018-07-02 19:59:26'),
(80, 229, 10, 10, 221, 11, '2018-07-02 19:59:37'),
(81, 230, 10, 10, 220, 11, '2018-07-02 20:00:20'),
(82, 230, 10, 10, 221, 11, '2018-07-02 20:01:00'),
(83, 231, 10, 10, 221, 11, '2018-07-02 20:01:53'),
(84, 232, 10, 10, 223, 11, '2018-07-02 20:02:28'),
(85, 233, 10, 10, 223, 11, '2018-07-02 20:03:26'),
(86, 233, 10, 72, 205, 11, '2018-07-02 20:03:41'),
(87, 241, 10, 16, 245, 11, '2018-07-02 20:04:44'),
(88, 241, 10, 11, 215, 11, '2018-07-02 20:05:08'),
(90, 241, 10, 14, 238, 11, '2018-07-02 20:05:46'),
(91, 242, 10, 16, 245, 11, '2018-07-02 20:06:29'),
(92, 242, 10, 16, 246, 11, '2018-07-02 20:06:46'),
(93, 246, 10, 14, 239, 11, '2018-07-02 20:08:00'),
(94, 223, 10, 72, 205, 11, '2018-07-02 20:09:28');

-- --------------------------------------------------------

--
-- Estrutura para tabela `cargossubtrilhas`
--

CREATE TABLE IF NOT EXISTS `cargossubtrilhas` (
  `codigo` int(11) NOT NULL,
  `idsubtrilha` int(11) NOT NULL,
  `idunidade` int(11) NOT NULL,
  `idadd` int(11) NOT NULL,
  `dataadd` timestamp NOT NULL DEFAULT CURRENT_TIMESTAMP ON UPDATE CURRENT_TIMESTAMP
) ENGINE=InnoDB AUTO_INCREMENT=348 DEFAULT CHARSET=latin1;

--
-- Fazendo dump de dados para tabela `cargossubtrilhas`
--

INSERT INTO `cargossubtrilhas` (`codigo`, `idsubtrilha`, `idunidade`, `idadd`, `dataadd`) VALUES
(1, 46, 6, 11, '2018-06-27 15:54:07'),
(2, 46, 8, 11, '2018-06-27 15:54:07'),
(3, 46, 9, 11, '2018-06-27 15:54:07'),
(4, 46, 10, 11, '2018-06-27 15:54:07'),
(5, 46, 11, 11, '2018-06-27 15:54:07'),
(6, 48, 6, 11, '2018-06-27 15:56:25'),
(7, 48, 8, 11, '2018-06-27 15:56:25'),
(8, 48, 9, 11, '2018-06-27 15:56:25'),
(9, 48, 10, 11, '2018-06-27 15:56:25'),
(10, 48, 11, 11, '2018-06-27 15:56:25'),
(11, 64, 6, 11, '2018-06-27 15:57:58'),
(12, 64, 8, 11, '2018-06-27 15:57:58'),
(13, 64, 9, 11, '2018-06-27 15:57:58'),
(14, 64, 10, 11, '2018-06-27 15:57:58'),
(15, 64, 11, 11, '2018-06-27 15:57:58'),
(16, 49, 6, 11, '2018-06-27 15:59:33'),
(17, 49, 8, 11, '2018-06-27 15:59:33'),
(18, 49, 9, 11, '2018-06-27 15:59:33'),
(19, 49, 10, 11, '2018-06-27 15:59:33'),
(20, 49, 11, 11, '2018-06-27 15:59:33'),
(21, 67, 6, 11, '2018-06-28 16:10:03'),
(22, 67, 8, 11, '2018-06-28 16:10:03'),
(23, 67, 9, 11, '2018-06-28 16:10:03'),
(24, 67, 10, 11, '2018-06-28 16:10:03'),
(25, 67, 11, 11, '2018-06-28 16:10:03'),
(26, 41, 6, 11, '2018-06-28 16:10:43'),
(27, 41, 8, 11, '2018-06-28 16:10:43'),
(28, 41, 9, 11, '2018-06-28 16:10:43'),
(29, 41, 10, 11, '2018-06-28 16:10:43'),
(30, 41, 11, 11, '2018-06-28 16:10:43'),
(31, 42, 6, 11, '2018-06-28 16:11:09'),
(32, 42, 7, 11, '2018-06-28 16:11:09'),
(33, 42, 8, 11, '2018-06-28 16:11:09'),
(34, 42, 9, 11, '2018-06-28 16:11:09'),
(35, 42, 10, 11, '2018-06-28 16:11:09'),
(36, 42, 11, 11, '2018-06-28 16:11:09'),
(37, 68, 6, 11, '2018-06-28 16:12:28'),
(38, 68, 8, 11, '2018-06-28 16:12:28'),
(39, 68, 9, 11, '2018-06-28 16:12:28'),
(40, 68, 10, 11, '2018-06-28 16:12:28'),
(41, 68, 11, 11, '2018-06-28 16:12:28'),
(42, 36, 6, 11, '2018-06-28 18:34:18'),
(43, 36, 8, 11, '2018-06-28 18:34:18'),
(44, 36, 9, 11, '2018-06-28 18:34:18'),
(45, 36, 10, 11, '2018-06-28 18:34:18'),
(46, 36, 11, 11, '2018-06-28 18:34:18'),
(47, 34, 6, 11, '2018-06-28 18:34:32'),
(48, 34, 8, 11, '2018-06-28 18:34:32'),
(49, 34, 9, 11, '2018-06-28 18:34:32'),
(50, 34, 10, 11, '2018-06-28 18:34:32'),
(51, 34, 11, 11, '2018-06-28 18:34:32'),
(52, 35, 6, 11, '2018-06-28 18:35:11'),
(53, 35, 8, 11, '2018-06-28 18:35:11'),
(54, 35, 9, 11, '2018-06-28 18:35:11'),
(55, 35, 10, 11, '2018-06-28 18:35:11'),
(56, 35, 11, 11, '2018-06-28 18:35:11'),
(57, 45, 6, 11, '2018-06-28 18:49:10'),
(58, 45, 8, 11, '2018-06-28 18:49:10'),
(59, 45, 9, 11, '2018-06-28 18:49:10'),
(60, 45, 10, 11, '2018-06-28 18:49:10'),
(61, 45, 11, 11, '2018-06-28 18:49:10'),
(62, 18, 7, 11, '2018-06-28 19:00:26'),
(63, 17, 6, 11, '2018-06-28 19:00:43'),
(64, 17, 7, 11, '2018-06-28 19:00:43'),
(65, 17, 8, 11, '2018-06-28 19:00:43'),
(66, 17, 9, 11, '2018-06-28 19:00:43'),
(67, 17, 10, 11, '2018-06-28 19:00:43'),
(68, 17, 11, 11, '2018-06-28 19:00:43'),
(75, 24, 6, 11, '2018-06-28 19:01:59'),
(76, 24, 7, 11, '2018-06-28 19:01:59'),
(77, 24, 8, 11, '2018-06-28 19:01:59'),
(78, 24, 9, 11, '2018-06-28 19:01:59'),
(79, 24, 10, 11, '2018-06-28 19:01:59'),
(80, 24, 11, 11, '2018-06-28 19:01:59'),
(82, 19, 7, 11, '2018-06-28 20:28:06'),
(83, 23, 6, 11, '2018-06-28 20:29:48'),
(84, 23, 7, 11, '2018-06-28 20:29:48'),
(85, 23, 8, 11, '2018-06-28 20:29:48'),
(86, 23, 9, 11, '2018-06-28 20:29:48'),
(87, 23, 10, 11, '2018-06-28 20:29:48'),
(88, 23, 11, 11, '2018-06-28 20:29:48'),
(89, 21, 7, 11, '2018-06-28 20:30:26'),
(90, 20, 7, 11, '2018-06-28 20:31:59'),
(91, 25, 6, 11, '2018-06-28 20:33:12'),
(92, 25, 7, 11, '2018-06-28 20:33:12'),
(93, 25, 8, 11, '2018-06-28 20:33:12'),
(94, 25, 9, 11, '2018-06-28 20:33:12'),
(95, 25, 10, 11, '2018-06-28 20:33:12'),
(96, 25, 11, 11, '2018-06-28 20:33:12'),
(97, 22, 6, 11, '2018-06-28 20:33:51'),
(98, 22, 7, 11, '2018-06-28 20:33:51'),
(99, 22, 8, 11, '2018-06-28 20:33:51'),
(100, 22, 9, 11, '2018-06-28 20:33:51'),
(101, 22, 10, 11, '2018-06-28 20:33:51'),
(102, 22, 11, 11, '2018-06-28 20:33:51'),
(103, 52, 6, 11, '2018-06-28 20:37:33'),
(104, 52, 8, 11, '2018-06-28 20:37:33'),
(105, 52, 9, 11, '2018-06-28 20:37:33'),
(106, 52, 10, 11, '2018-06-28 20:37:33'),
(107, 52, 11, 11, '2018-06-28 20:37:33'),
(108, 47, 6, 11, '2018-06-28 21:13:27'),
(109, 47, 8, 11, '2018-06-28 21:13:27'),
(110, 47, 9, 11, '2018-06-28 21:13:27'),
(111, 47, 10, 11, '2018-06-28 21:13:27'),
(112, 47, 11, 11, '2018-06-28 21:13:27'),
(113, 44, 6, 11, '2018-06-28 21:13:46'),
(114, 44, 8, 11, '2018-06-28 21:13:46'),
(115, 44, 9, 11, '2018-06-28 21:13:46'),
(116, 44, 10, 11, '2018-06-28 21:13:46'),
(117, 44, 11, 11, '2018-06-28 21:13:46'),
(118, 51, 6, 11, '2018-06-28 21:14:01'),
(119, 51, 8, 11, '2018-06-28 21:14:01'),
(120, 51, 9, 11, '2018-06-28 21:14:01'),
(121, 51, 10, 11, '2018-06-28 21:14:01'),
(122, 51, 11, 11, '2018-06-28 21:14:01'),
(123, 50, 6, 11, '2018-06-28 21:14:14'),
(124, 50, 8, 11, '2018-06-28 21:14:14'),
(125, 50, 9, 11, '2018-06-28 21:14:14'),
(126, 50, 10, 11, '2018-06-28 21:14:14'),
(127, 50, 11, 11, '2018-06-28 21:14:14'),
(128, 69, 10, 11, '2018-06-28 21:20:22'),
(129, 69, 11, 11, '2018-06-28 21:20:22'),
(135, 70, 6, 11, '2018-06-29 12:19:44'),
(136, 70, 8, 11, '2018-06-29 12:19:44'),
(137, 70, 9, 11, '2018-06-29 12:19:44'),
(138, 70, 10, 11, '2018-06-29 12:19:44'),
(139, 70, 11, 11, '2018-06-29 12:19:44'),
(140, 71, 6, 11, '2018-06-29 12:20:06'),
(141, 71, 8, 11, '2018-06-29 12:20:06'),
(142, 71, 9, 11, '2018-06-29 12:20:06'),
(143, 71, 10, 11, '2018-06-29 12:20:06'),
(144, 71, 11, 11, '2018-06-29 12:20:06'),
(145, 43, 6, 11, '2018-06-29 12:48:24'),
(146, 43, 8, 11, '2018-06-29 12:48:24'),
(147, 43, 9, 11, '2018-06-29 12:48:24'),
(148, 43, 10, 11, '2018-06-29 12:48:24'),
(149, 43, 11, 11, '2018-06-29 12:48:24'),
(151, 65, 6, 11, '2018-07-01 22:52:29'),
(152, 65, 7, 11, '2018-07-01 22:52:29'),
(153, 65, 8, 11, '2018-07-01 22:52:29'),
(154, 65, 9, 11, '2018-07-01 22:52:29'),
(155, 65, 10, 11, '2018-07-01 22:52:29'),
(156, 65, 11, 11, '2018-07-01 22:52:29'),
(163, 27, 6, 11, '2018-07-01 22:52:50'),
(164, 27, 7, 11, '2018-07-01 22:52:50'),
(165, 27, 8, 11, '2018-07-01 22:52:50'),
(166, 27, 9, 11, '2018-07-01 22:52:50'),
(167, 27, 10, 11, '2018-07-01 22:52:50'),
(168, 27, 11, 11, '2018-07-01 22:52:50'),
(175, 29, 6, 11, '2018-07-01 22:53:25'),
(176, 29, 7, 11, '2018-07-01 22:53:25'),
(177, 29, 8, 11, '2018-07-01 22:53:25'),
(178, 29, 9, 11, '2018-07-01 22:53:25'),
(179, 29, 10, 11, '2018-07-01 22:53:25'),
(180, 29, 11, 11, '2018-07-01 22:53:25'),
(181, 33, 6, 11, '2018-07-01 22:53:58'),
(182, 33, 7, 11, '2018-07-01 22:53:58'),
(183, 33, 8, 11, '2018-07-01 22:53:58'),
(184, 33, 9, 11, '2018-07-01 22:53:58'),
(185, 33, 10, 11, '2018-07-01 22:53:58'),
(186, 33, 11, 11, '2018-07-01 22:53:58'),
(193, 30, 6, 11, '2018-07-01 22:54:31'),
(194, 30, 7, 11, '2018-07-01 22:54:31'),
(195, 30, 8, 11, '2018-07-01 22:54:31'),
(196, 30, 9, 11, '2018-07-01 22:54:31'),
(197, 30, 10, 11, '2018-07-01 22:54:31'),
(198, 30, 11, 11, '2018-07-01 22:54:31'),
(199, 32, 7, 11, '2018-07-01 22:55:03'),
(206, 31, 6, 11, '2018-07-01 22:55:28'),
(207, 31, 7, 11, '2018-07-01 22:55:28'),
(208, 31, 8, 11, '2018-07-01 22:55:28'),
(209, 31, 9, 11, '2018-07-01 22:55:28'),
(210, 31, 10, 11, '2018-07-01 22:55:28'),
(211, 31, 11, 11, '2018-07-01 22:55:28'),
(213, 28, 7, 11, '2018-07-01 22:56:00'),
(220, 26, 6, 11, '2018-07-01 22:56:16'),
(221, 26, 7, 11, '2018-07-01 22:56:16'),
(222, 26, 8, 11, '2018-07-01 22:56:16'),
(223, 26, 9, 11, '2018-07-01 22:56:16'),
(224, 26, 10, 11, '2018-07-01 22:56:16'),
(225, 26, 11, 11, '2018-07-01 22:56:16'),
(227, 66, 6, 11, '2018-07-01 22:59:07'),
(228, 63, 8, 11, '2018-07-01 22:59:31'),
(229, 63, 9, 11, '2018-07-01 22:59:31'),
(230, 63, 10, 11, '2018-07-01 22:59:31'),
(231, 63, 11, 11, '2018-07-01 22:59:31'),
(232, 53, 6, 11, '2018-07-01 22:59:39'),
(233, 56, 6, 11, '2018-07-01 22:59:48'),
(234, 54, 6, 11, '2018-07-01 22:59:57'),
(235, 55, 6, 11, '2018-07-01 23:00:17'),
(236, 58, 6, 11, '2018-07-01 23:00:30'),
(237, 58, 8, 11, '2018-07-01 23:00:30'),
(238, 58, 9, 11, '2018-07-01 23:00:30'),
(239, 58, 10, 11, '2018-07-01 23:00:30'),
(240, 58, 11, 11, '2018-07-01 23:00:30'),
(241, 57, 6, 11, '2018-07-01 23:00:47'),
(242, 57, 8, 11, '2018-07-01 23:00:47'),
(243, 57, 9, 11, '2018-07-01 23:00:47'),
(244, 57, 10, 11, '2018-07-01 23:00:47'),
(245, 57, 11, 11, '2018-07-01 23:00:47'),
(246, 59, 6, 11, '2018-07-01 23:01:05'),
(247, 59, 8, 11, '2018-07-01 23:01:05'),
(248, 59, 9, 11, '2018-07-01 23:01:05'),
(249, 59, 10, 11, '2018-07-01 23:01:05'),
(250, 59, 11, 11, '2018-07-01 23:01:05'),
(251, 62, 6, 11, '2018-07-01 23:01:21'),
(252, 62, 8, 11, '2018-07-01 23:01:21'),
(253, 62, 9, 11, '2018-07-01 23:01:21'),
(254, 62, 10, 11, '2018-07-01 23:01:21'),
(255, 62, 11, 11, '2018-07-01 23:01:21'),
(261, 61, 6, 11, '2018-07-01 23:01:43'),
(262, 61, 8, 11, '2018-07-01 23:01:43'),
(263, 61, 9, 11, '2018-07-01 23:01:43'),
(264, 61, 10, 11, '2018-07-01 23:01:43'),
(265, 61, 11, 11, '2018-07-01 23:01:43'),
(266, 60, 6, 11, '2018-07-01 23:01:59'),
(267, 60, 8, 11, '2018-07-01 23:01:59'),
(268, 60, 9, 11, '2018-07-01 23:01:59'),
(269, 60, 10, 11, '2018-07-01 23:01:59'),
(270, 60, 11, 11, '2018-07-01 23:01:59'),
(271, 7, 6, 11, '2018-07-01 23:05:06'),
(272, 7, 8, 11, '2018-07-01 23:05:06'),
(273, 7, 9, 11, '2018-07-01 23:05:06'),
(274, 7, 10, 11, '2018-07-01 23:05:06'),
(275, 7, 11, 11, '2018-07-01 23:05:06'),
(276, 8, 6, 11, '2018-07-01 23:05:18'),
(277, 8, 8, 11, '2018-07-01 23:05:18'),
(278, 8, 9, 11, '2018-07-01 23:05:18'),
(279, 8, 10, 11, '2018-07-01 23:05:18'),
(280, 8, 11, 11, '2018-07-01 23:05:18'),
(281, 6, 6, 11, '2018-07-01 23:05:37'),
(282, 6, 8, 11, '2018-07-01 23:05:37'),
(283, 6, 9, 11, '2018-07-01 23:05:37'),
(284, 6, 10, 11, '2018-07-01 23:05:37'),
(285, 6, 11, 11, '2018-07-01 23:05:37'),
(286, 9, 6, 11, '2018-07-01 23:11:00'),
(287, 9, 8, 11, '2018-07-01 23:11:00'),
(288, 9, 11, 11, '2018-07-01 23:11:00'),
(289, 38, 6, 11, '2018-07-01 23:13:40'),
(290, 38, 8, 11, '2018-07-01 23:13:40'),
(291, 38, 9, 11, '2018-07-01 23:13:40'),
(292, 38, 10, 11, '2018-07-01 23:13:40'),
(293, 38, 11, 11, '2018-07-01 23:13:40'),
(300, 39, 6, 11, '2018-07-01 23:14:25'),
(301, 39, 7, 11, '2018-07-01 23:14:25'),
(302, 39, 8, 11, '2018-07-01 23:14:25'),
(303, 39, 9, 11, '2018-07-01 23:14:25'),
(304, 39, 10, 11, '2018-07-01 23:14:25'),
(305, 39, 11, 11, '2018-07-01 23:14:25'),
(306, 37, 6, 11, '2018-07-01 23:15:03'),
(307, 37, 8, 11, '2018-07-01 23:15:03'),
(308, 37, 9, 11, '2018-07-01 23:15:03'),
(309, 37, 10, 11, '2018-07-01 23:15:03'),
(310, 37, 11, 11, '2018-07-01 23:15:03'),
(311, 14, 7, 11, '2018-07-01 23:18:09'),
(312, 13, 6, 11, '2018-07-01 23:18:33'),
(313, 13, 7, 11, '2018-07-01 23:18:33'),
(326, 11, 7, 11, '2018-07-01 23:19:31'),
(327, 16, 7, 11, '2018-07-01 23:19:56'),
(328, 15, 7, 11, '2018-07-01 23:20:15'),
(335, 10, 6, 11, '2018-07-01 23:20:36'),
(336, 10, 7, 11, '2018-07-01 23:20:36'),
(337, 10, 8, 11, '2018-07-01 23:20:36'),
(338, 10, 9, 11, '2018-07-01 23:20:36'),
(339, 10, 10, 11, '2018-07-01 23:20:36'),
(340, 10, 11, 11, '2018-07-01 23:20:36'),
(341, 72, 7, 11, '2018-07-01 23:21:01'),
(342, 12, 6, 11, '2018-07-02 00:18:18'),
(343, 12, 7, 11, '2018-07-02 00:18:18'),
(344, 12, 8, 11, '2018-07-02 00:18:18'),
(345, 12, 9, 11, '2018-07-02 00:18:18'),
(346, 12, 10, 11, '2018-07-02 00:18:18'),
(347, 12, 11, 11, '2018-07-02 00:18:18');

-- --------------------------------------------------------

--
-- Estrutura para tabela `cargosunidades`
--

CREATE TABLE IF NOT EXISTS `cargosunidades` (
  `codigo` int(11) NOT NULL,
  `idcargo` int(11) NOT NULL,
  `idunidade` int(11) NOT NULL,
  `idadd` int(11) NOT NULL,
  `dataadd` timestamp NOT NULL DEFAULT CURRENT_TIMESTAMP ON UPDATE CURRENT_TIMESTAMP
) ENGINE=InnoDB AUTO_INCREMENT=2040 DEFAULT CHARSET=latin1;

--
-- Fazendo dump de dados para tabela `cargosunidades`
--

INSERT INTO `cargosunidades` (`codigo`, `idcargo`, `idunidade`, `idadd`, `dataadd`) VALUES
(36, 3, 6, 11, '2018-06-28 16:30:44'),
(37, 3, 8, 11, '2018-06-28 16:30:44'),
(38, 3, 9, 11, '2018-06-28 16:30:44'),
(39, 3, 10, 11, '2018-06-28 16:30:44'),
(40, 3, 11, 11, '2018-06-28 16:30:44'),
(41, 2, 6, 11, '2018-06-28 16:31:01'),
(42, 2, 8, 11, '2018-06-28 16:31:01'),
(43, 2, 9, 11, '2018-06-28 16:31:01'),
(44, 2, 10, 11, '2018-06-28 16:31:01'),
(45, 2, 11, 11, '2018-06-28 16:31:01'),
(46, 1, 6, 11, '2018-06-28 16:31:15'),
(47, 1, 8, 11, '2018-06-28 16:31:15'),
(48, 1, 9, 11, '2018-06-28 16:31:15'),
(49, 1, 10, 11, '2018-06-28 16:31:15'),
(50, 1, 11, 11, '2018-06-28 16:31:15'),
(51, 4, 6, 11, '2018-06-28 16:31:43'),
(52, 4, 8, 11, '2018-06-28 16:31:43'),
(53, 4, 9, 11, '2018-06-28 16:31:43'),
(54, 4, 10, 11, '2018-06-28 16:31:43'),
(55, 4, 11, 11, '2018-06-28 16:31:43'),
(56, 7, 6, 11, '2018-06-28 16:31:58'),
(57, 7, 8, 11, '2018-06-28 16:31:58'),
(58, 7, 9, 11, '2018-06-28 16:31:58'),
(59, 7, 10, 11, '2018-06-28 16:31:58'),
(60, 7, 11, 11, '2018-06-28 16:31:58'),
(61, 5, 6, 11, '2018-06-28 16:32:10'),
(62, 5, 8, 11, '2018-06-28 16:32:10'),
(63, 5, 9, 11, '2018-06-28 16:32:10'),
(64, 5, 10, 11, '2018-06-28 16:32:10'),
(65, 5, 11, 11, '2018-06-28 16:32:10'),
(66, 6, 6, 11, '2018-06-28 16:32:29'),
(67, 6, 8, 11, '2018-06-28 16:32:29'),
(68, 6, 9, 11, '2018-06-28 16:32:29'),
(69, 6, 10, 11, '2018-06-28 16:32:29'),
(70, 6, 11, 11, '2018-06-28 16:32:29'),
(71, 8, 6, 11, '2018-06-28 16:33:12'),
(72, 8, 8, 11, '2018-06-28 16:33:12'),
(73, 8, 9, 11, '2018-06-28 16:33:12'),
(74, 8, 10, 11, '2018-06-28 16:33:12'),
(75, 8, 11, 11, '2018-06-28 16:33:12'),
(76, 9, 6, 11, '2018-06-28 16:33:43'),
(77, 9, 8, 11, '2018-06-28 16:33:43'),
(78, 9, 9, 11, '2018-06-28 16:33:43'),
(79, 9, 10, 11, '2018-06-28 16:33:43'),
(80, 9, 11, 11, '2018-06-28 16:33:43'),
(81, 10, 6, 11, '2018-06-28 16:34:18'),
(82, 10, 8, 11, '2018-06-28 16:34:18'),
(83, 10, 9, 11, '2018-06-28 16:34:18'),
(84, 10, 10, 11, '2018-06-28 16:34:18'),
(85, 10, 11, 11, '2018-06-28 16:34:18'),
(86, 11, 6, 11, '2018-06-28 16:34:43'),
(87, 11, 8, 11, '2018-06-28 16:34:43'),
(88, 11, 9, 11, '2018-06-28 16:34:43'),
(89, 11, 10, 11, '2018-06-28 16:34:43'),
(90, 11, 11, 11, '2018-06-28 16:34:43'),
(96, 12, 6, 11, '2018-06-28 16:35:23'),
(97, 12, 8, 11, '2018-06-28 16:35:23'),
(98, 12, 9, 11, '2018-06-28 16:35:23'),
(99, 12, 10, 11, '2018-06-28 16:35:23'),
(100, 12, 11, 11, '2018-06-28 16:35:23'),
(101, 13, 6, 11, '2018-06-28 16:35:59'),
(102, 13, 8, 11, '2018-06-28 16:35:59'),
(103, 13, 9, 11, '2018-06-28 16:35:59'),
(104, 13, 10, 11, '2018-06-28 16:35:59'),
(105, 13, 11, 11, '2018-06-28 16:35:59'),
(111, 14, 6, 11, '2018-06-28 16:36:36'),
(112, 14, 8, 11, '2018-06-28 16:36:36'),
(113, 14, 9, 11, '2018-06-28 16:36:36'),
(114, 14, 10, 11, '2018-06-28 16:36:36'),
(115, 14, 11, 11, '2018-06-28 16:36:36'),
(121, 15, 6, 11, '2018-06-28 16:37:21'),
(122, 15, 8, 11, '2018-06-28 16:37:21'),
(123, 15, 9, 11, '2018-06-28 16:37:21'),
(124, 15, 10, 11, '2018-06-28 16:37:21'),
(125, 15, 11, 11, '2018-06-28 16:37:21'),
(131, 16, 6, 11, '2018-06-28 16:37:57'),
(132, 16, 8, 11, '2018-06-28 16:37:57'),
(133, 16, 9, 11, '2018-06-28 16:37:57'),
(134, 16, 10, 11, '2018-06-28 16:37:57'),
(135, 16, 11, 11, '2018-06-28 16:37:57'),
(136, 17, 6, 11, '2018-06-28 16:38:34'),
(137, 17, 8, 11, '2018-06-28 16:38:34'),
(138, 17, 9, 11, '2018-06-28 16:38:34'),
(139, 17, 10, 11, '2018-06-28 16:38:34'),
(140, 17, 11, 11, '2018-06-28 16:38:34'),
(141, 18, 6, 11, '2018-06-28 16:51:51'),
(142, 18, 8, 11, '2018-06-28 16:51:51'),
(143, 18, 9, 11, '2018-06-28 16:51:51'),
(144, 18, 10, 11, '2018-06-28 16:51:51'),
(145, 18, 11, 11, '2018-06-28 16:51:51'),
(151, 20, 6, 11, '2018-06-28 16:53:22'),
(152, 20, 8, 11, '2018-06-28 16:53:22'),
(153, 20, 9, 11, '2018-06-28 16:53:22'),
(154, 20, 10, 11, '2018-06-28 16:53:22'),
(155, 20, 11, 11, '2018-06-28 16:53:22'),
(156, 21, 6, 11, '2018-06-28 16:53:52'),
(157, 21, 8, 11, '2018-06-28 16:53:52'),
(158, 21, 9, 11, '2018-06-28 16:53:52'),
(159, 21, 10, 11, '2018-06-28 16:53:52'),
(160, 21, 11, 11, '2018-06-28 16:53:52'),
(161, 22, 6, 11, '2018-06-28 16:54:30'),
(162, 22, 8, 11, '2018-06-28 16:54:30'),
(163, 22, 9, 11, '2018-06-28 16:54:30'),
(164, 22, 10, 11, '2018-06-28 16:54:30'),
(165, 22, 11, 11, '2018-06-28 16:54:30'),
(166, 23, 6, 11, '2018-06-28 16:55:06'),
(167, 23, 8, 11, '2018-06-28 16:55:06'),
(168, 23, 9, 11, '2018-06-28 16:55:06'),
(169, 23, 10, 11, '2018-06-28 16:55:06'),
(170, 23, 11, 11, '2018-06-28 16:55:06'),
(171, 24, 6, 11, '2018-06-28 16:57:06'),
(172, 24, 8, 11, '2018-06-28 16:57:06'),
(173, 24, 9, 11, '2018-06-28 16:57:06'),
(174, 24, 10, 11, '2018-06-28 16:57:06'),
(175, 24, 11, 11, '2018-06-28 16:57:06'),
(176, 25, 6, 11, '2018-06-28 16:57:34'),
(177, 25, 8, 11, '2018-06-28 16:57:34'),
(178, 25, 9, 11, '2018-06-28 16:57:34'),
(179, 25, 10, 11, '2018-06-28 16:57:34'),
(180, 25, 11, 11, '2018-06-28 16:57:34'),
(181, 26, 6, 11, '2018-06-28 16:57:59'),
(182, 26, 8, 11, '2018-06-28 16:57:59'),
(183, 26, 9, 11, '2018-06-28 16:57:59'),
(184, 26, 10, 11, '2018-06-28 16:57:59'),
(185, 26, 11, 11, '2018-06-28 16:57:59'),
(186, 27, 6, 11, '2018-06-28 16:58:29'),
(187, 27, 8, 11, '2018-06-28 16:58:29'),
(188, 27, 9, 11, '2018-06-28 16:58:29'),
(189, 27, 10, 11, '2018-06-28 16:58:29'),
(190, 27, 11, 11, '2018-06-28 16:58:29'),
(191, 28, 6, 11, '2018-06-28 16:59:12'),
(192, 28, 8, 11, '2018-06-28 16:59:12'),
(193, 28, 9, 11, '2018-06-28 16:59:12'),
(194, 28, 10, 11, '2018-06-28 16:59:12'),
(195, 28, 11, 11, '2018-06-28 16:59:12'),
(196, 29, 6, 11, '2018-06-28 16:59:46'),
(197, 29, 8, 11, '2018-06-28 16:59:46'),
(198, 29, 9, 11, '2018-06-28 16:59:46'),
(199, 29, 10, 11, '2018-06-28 16:59:46'),
(200, 29, 11, 11, '2018-06-28 16:59:46'),
(201, 30, 6, 11, '2018-06-28 17:05:17'),
(202, 30, 8, 11, '2018-06-28 17:05:17'),
(203, 30, 9, 11, '2018-06-28 17:05:17'),
(204, 30, 10, 11, '2018-06-28 17:05:17'),
(205, 30, 11, 11, '2018-06-28 17:05:17'),
(206, 31, 6, 11, '2018-06-28 17:06:06'),
(207, 31, 8, 11, '2018-06-28 17:06:06'),
(208, 31, 9, 11, '2018-06-28 17:06:06'),
(209, 31, 10, 11, '2018-06-28 17:06:06'),
(210, 31, 11, 11, '2018-06-28 17:06:06'),
(211, 32, 6, 11, '2018-06-28 17:07:03'),
(212, 32, 8, 11, '2018-06-28 17:07:03'),
(213, 32, 9, 11, '2018-06-28 17:07:03'),
(214, 32, 10, 11, '2018-06-28 17:07:03'),
(215, 32, 11, 11, '2018-06-28 17:07:03'),
(226, 33, 6, 11, '2018-06-28 17:14:58'),
(227, 33, 8, 11, '2018-06-28 17:14:58'),
(228, 33, 9, 11, '2018-06-28 17:14:58'),
(229, 33, 10, 11, '2018-06-28 17:14:58'),
(230, 33, 11, 11, '2018-06-28 17:14:58'),
(231, 34, 6, 11, '2018-06-28 17:15:54'),
(232, 34, 8, 11, '2018-06-28 17:15:54'),
(233, 34, 9, 11, '2018-06-28 17:15:54'),
(234, 34, 10, 11, '2018-06-28 17:15:54'),
(235, 34, 11, 11, '2018-06-28 17:15:54'),
(236, 35, 6, 11, '2018-06-28 17:16:40'),
(237, 35, 8, 11, '2018-06-28 17:16:40'),
(238, 35, 9, 11, '2018-06-28 17:16:40'),
(239, 35, 10, 11, '2018-06-28 17:16:40'),
(240, 35, 11, 11, '2018-06-28 17:16:40'),
(241, 36, 6, 11, '2018-06-28 17:17:18'),
(242, 36, 8, 11, '2018-06-28 17:17:18'),
(243, 36, 9, 11, '2018-06-28 17:17:18'),
(244, 36, 10, 11, '2018-06-28 17:17:18'),
(245, 36, 11, 11, '2018-06-28 17:17:18'),
(246, 37, 6, 11, '2018-06-28 17:17:47'),
(247, 37, 8, 11, '2018-06-28 17:17:47'),
(248, 37, 9, 11, '2018-06-28 17:17:47'),
(249, 37, 10, 11, '2018-06-28 17:17:47'),
(250, 37, 11, 11, '2018-06-28 17:17:47'),
(251, 38, 6, 11, '2018-06-28 17:18:36'),
(252, 38, 7, 11, '2018-06-28 17:18:36'),
(253, 38, 8, 11, '2018-06-28 17:18:36'),
(254, 38, 9, 11, '2018-06-28 17:18:36'),
(255, 38, 10, 11, '2018-06-28 17:18:36'),
(256, 38, 11, 11, '2018-06-28 17:18:36'),
(257, 39, 6, 11, '2018-06-28 17:19:10'),
(258, 39, 7, 11, '2018-06-28 17:19:10'),
(259, 39, 8, 11, '2018-06-28 17:19:10'),
(260, 39, 9, 11, '2018-06-28 17:19:10'),
(261, 39, 10, 11, '2018-06-28 17:19:10'),
(262, 39, 11, 11, '2018-06-28 17:19:10'),
(263, 40, 6, 11, '2018-06-28 17:20:30'),
(264, 40, 7, 11, '2018-06-28 17:20:30'),
(265, 40, 8, 11, '2018-06-28 17:20:30'),
(266, 40, 9, 11, '2018-06-28 17:20:30'),
(267, 40, 10, 11, '2018-06-28 17:20:30'),
(268, 40, 11, 11, '2018-06-28 17:20:30'),
(269, 41, 6, 11, '2018-06-28 17:21:28'),
(270, 41, 7, 11, '2018-06-28 17:21:28'),
(271, 41, 8, 11, '2018-06-28 17:21:28'),
(272, 41, 9, 11, '2018-06-28 17:21:28'),
(273, 41, 10, 11, '2018-06-28 17:21:28'),
(274, 41, 11, 11, '2018-06-28 17:21:28'),
(275, 42, 6, 11, '2018-06-28 17:21:58'),
(276, 42, 7, 11, '2018-06-28 17:21:58'),
(277, 42, 8, 11, '2018-06-28 17:21:58'),
(278, 42, 9, 11, '2018-06-28 17:21:58'),
(279, 42, 10, 11, '2018-06-28 17:21:58'),
(280, 42, 11, 11, '2018-06-28 17:21:58'),
(281, 43, 6, 11, '2018-06-28 18:37:50'),
(282, 43, 8, 11, '2018-06-28 18:37:50'),
(283, 43, 9, 11, '2018-06-28 18:37:50'),
(284, 43, 10, 11, '2018-06-28 18:37:50'),
(285, 43, 11, 11, '2018-06-28 18:37:50'),
(291, 44, 6, 11, '2018-06-28 18:38:53'),
(292, 44, 8, 11, '2018-06-28 18:38:53'),
(293, 44, 9, 11, '2018-06-28 18:38:53'),
(294, 44, 10, 11, '2018-06-28 18:38:53'),
(295, 44, 11, 11, '2018-06-28 18:38:53'),
(301, 45, 6, 11, '2018-06-28 18:39:21'),
(302, 45, 8, 11, '2018-06-28 18:39:21'),
(303, 45, 9, 11, '2018-06-28 18:39:21'),
(304, 45, 10, 11, '2018-06-28 18:39:21'),
(305, 45, 11, 11, '2018-06-28 18:39:21'),
(306, 19, 6, 11, '2018-06-28 18:40:38'),
(307, 19, 8, 11, '2018-06-28 18:40:38'),
(308, 19, 9, 11, '2018-06-28 18:40:38'),
(309, 19, 10, 11, '2018-06-28 18:40:38'),
(310, 19, 11, 11, '2018-06-28 18:40:38'),
(311, 46, 6, 11, '2018-06-28 18:43:19'),
(312, 46, 8, 11, '2018-06-28 18:43:19'),
(313, 46, 9, 11, '2018-06-28 18:43:19'),
(314, 46, 10, 11, '2018-06-28 18:43:19'),
(315, 46, 11, 11, '2018-06-28 18:43:19'),
(316, 47, 6, 11, '2018-06-28 18:43:56'),
(317, 47, 8, 11, '2018-06-28 18:43:56'),
(318, 47, 9, 11, '2018-06-28 18:43:56'),
(319, 47, 10, 11, '2018-06-28 18:43:56'),
(320, 47, 11, 11, '2018-06-28 18:43:56'),
(321, 48, 6, 11, '2018-06-28 18:44:28'),
(322, 48, 8, 11, '2018-06-28 18:44:28'),
(323, 48, 9, 11, '2018-06-28 18:44:28'),
(324, 48, 10, 11, '2018-06-28 18:44:28'),
(325, 48, 11, 11, '2018-06-28 18:44:28'),
(326, 49, 6, 11, '2018-06-28 18:45:05'),
(327, 49, 8, 11, '2018-06-28 18:45:05'),
(328, 49, 9, 11, '2018-06-28 18:45:05'),
(329, 49, 10, 11, '2018-06-28 18:45:05'),
(330, 49, 11, 11, '2018-06-28 18:45:05'),
(336, 50, 6, 11, '2018-06-28 18:45:37'),
(337, 50, 8, 11, '2018-06-28 18:45:37'),
(338, 50, 9, 11, '2018-06-28 18:45:37'),
(339, 50, 10, 11, '2018-06-28 18:45:37'),
(340, 50, 11, 11, '2018-06-28 18:45:37'),
(341, 51, 6, 11, '2018-06-28 18:46:52'),
(342, 51, 8, 11, '2018-06-28 18:46:52'),
(343, 51, 9, 11, '2018-06-28 18:46:52'),
(344, 51, 10, 11, '2018-06-28 18:46:52'),
(345, 51, 11, 11, '2018-06-28 18:46:52'),
(356, 53, 6, 11, '2018-06-28 18:47:47'),
(357, 53, 8, 11, '2018-06-28 18:47:47'),
(358, 53, 9, 11, '2018-06-28 18:47:47'),
(359, 53, 10, 11, '2018-06-28 18:47:47'),
(360, 53, 11, 11, '2018-06-28 18:47:47'),
(361, 54, 6, 11, '2018-06-28 18:48:12'),
(362, 54, 8, 11, '2018-06-28 18:48:12'),
(363, 54, 9, 11, '2018-06-28 18:48:12'),
(364, 54, 10, 11, '2018-06-28 18:48:12'),
(365, 54, 11, 11, '2018-06-28 18:48:12'),
(366, 55, 6, 11, '2018-06-28 18:48:39'),
(367, 52, 6, 11, '2018-06-28 18:49:35'),
(368, 52, 8, 11, '2018-06-28 18:49:35'),
(369, 52, 9, 11, '2018-06-28 18:49:35'),
(370, 52, 10, 11, '2018-06-28 18:49:35'),
(371, 52, 11, 11, '2018-06-28 18:49:35'),
(372, 56, 6, 11, '2018-06-28 18:50:18'),
(373, 56, 8, 11, '2018-06-28 18:50:18'),
(374, 56, 9, 11, '2018-06-28 18:50:18'),
(375, 56, 10, 11, '2018-06-28 18:50:18'),
(376, 56, 11, 11, '2018-06-28 18:50:18'),
(377, 57, 6, 11, '2018-06-28 18:50:56'),
(378, 57, 8, 11, '2018-06-28 18:50:56'),
(379, 57, 9, 11, '2018-06-28 18:50:56'),
(380, 57, 10, 11, '2018-06-28 18:50:56'),
(381, 57, 11, 11, '2018-06-28 18:50:56'),
(382, 58, 6, 11, '2018-06-28 18:51:32'),
(383, 58, 8, 11, '2018-06-28 18:51:32'),
(384, 58, 9, 11, '2018-06-28 18:51:32'),
(385, 58, 10, 11, '2018-06-28 18:51:32'),
(386, 58, 11, 11, '2018-06-28 18:51:32'),
(387, 59, 6, 11, '2018-06-28 18:52:21'),
(388, 59, 8, 11, '2018-06-28 18:52:21'),
(389, 59, 9, 11, '2018-06-28 18:52:21'),
(390, 59, 10, 11, '2018-06-28 18:52:21'),
(391, 59, 11, 11, '2018-06-28 18:52:21'),
(392, 60, 6, 11, '2018-06-28 18:52:52'),
(393, 60, 8, 11, '2018-06-28 18:52:52'),
(394, 60, 9, 11, '2018-06-28 18:52:52'),
(395, 60, 10, 11, '2018-06-28 18:52:52'),
(396, 60, 11, 11, '2018-06-28 18:52:52'),
(397, 61, 7, 11, '2018-06-28 19:20:14'),
(398, 62, 7, 11, '2018-06-28 19:21:15'),
(399, 63, 7, 11, '2018-06-28 19:23:12'),
(400, 64, 7, 11, '2018-06-28 19:24:00'),
(401, 65, 6, 11, '2018-06-28 19:31:20'),
(402, 65, 7, 11, '2018-06-28 19:31:20'),
(403, 65, 8, 11, '2018-06-28 19:31:20'),
(404, 65, 9, 11, '2018-06-28 19:31:20'),
(405, 65, 10, 11, '2018-06-28 19:31:20'),
(406, 65, 11, 11, '2018-06-28 19:31:20'),
(407, 66, 6, 11, '2018-06-28 19:32:06'),
(408, 66, 7, 11, '2018-06-28 19:32:06'),
(409, 66, 8, 11, '2018-06-28 19:32:06'),
(410, 66, 9, 11, '2018-06-28 19:32:06'),
(411, 66, 10, 11, '2018-06-28 19:32:06'),
(412, 66, 11, 11, '2018-06-28 19:32:06'),
(413, 67, 6, 11, '2018-06-28 19:32:44'),
(414, 67, 7, 11, '2018-06-28 19:32:44'),
(415, 67, 8, 11, '2018-06-28 19:32:44'),
(416, 67, 9, 11, '2018-06-28 19:32:44'),
(417, 67, 10, 11, '2018-06-28 19:32:44'),
(418, 67, 11, 11, '2018-06-28 19:32:44'),
(419, 68, 6, 11, '2018-06-28 19:33:16'),
(420, 68, 7, 11, '2018-06-28 19:33:16'),
(421, 68, 8, 11, '2018-06-28 19:33:16'),
(422, 68, 9, 11, '2018-06-28 19:33:16'),
(423, 68, 10, 11, '2018-06-28 19:33:16'),
(424, 68, 11, 11, '2018-06-28 19:33:16'),
(425, 69, 6, 11, '2018-06-28 19:34:28'),
(426, 69, 7, 11, '2018-06-28 19:34:28'),
(427, 69, 8, 11, '2018-06-28 19:34:28'),
(428, 69, 9, 11, '2018-06-28 19:34:28'),
(429, 69, 10, 11, '2018-06-28 19:34:28'),
(430, 69, 11, 11, '2018-06-28 19:34:28'),
(431, 70, 6, 11, '2018-06-28 19:34:59'),
(432, 70, 7, 11, '2018-06-28 19:34:59'),
(433, 70, 8, 11, '2018-06-28 19:34:59'),
(434, 70, 9, 11, '2018-06-28 19:34:59'),
(435, 70, 10, 11, '2018-06-28 19:34:59'),
(436, 70, 11, 11, '2018-06-28 19:34:59'),
(437, 71, 6, 11, '2018-06-28 19:35:28'),
(438, 71, 7, 11, '2018-06-28 19:35:28'),
(439, 71, 8, 11, '2018-06-28 19:35:28'),
(440, 71, 9, 11, '2018-06-28 19:35:28'),
(441, 71, 10, 11, '2018-06-28 19:35:28'),
(442, 71, 11, 11, '2018-06-28 19:35:28'),
(443, 72, 6, 11, '2018-06-28 19:38:48'),
(444, 72, 7, 11, '2018-06-28 19:38:48'),
(445, 72, 8, 11, '2018-06-28 19:38:48'),
(446, 72, 9, 11, '2018-06-28 19:38:48'),
(447, 72, 10, 11, '2018-06-28 19:38:48'),
(448, 72, 11, 11, '2018-06-28 19:38:48'),
(449, 73, 6, 11, '2018-06-28 19:39:25'),
(450, 73, 7, 11, '2018-06-28 19:39:25'),
(451, 73, 8, 11, '2018-06-28 19:39:25'),
(452, 73, 9, 11, '2018-06-28 19:39:25'),
(453, 73, 10, 11, '2018-06-28 19:39:25'),
(454, 73, 11, 11, '2018-06-28 19:39:25'),
(455, 74, 7, 11, '2018-06-28 19:40:34'),
(456, 75, 7, 11, '2018-06-28 19:41:07'),
(457, 76, 7, 11, '2018-06-28 19:41:33'),
(459, 77, 7, 11, '2018-06-28 19:43:17'),
(460, 78, 7, 11, '2018-06-28 19:44:40'),
(461, 79, 7, 11, '2018-06-28 19:49:50'),
(462, 80, 7, 11, '2018-06-28 19:50:29'),
(463, 81, 7, 11, '2018-06-28 19:53:55'),
(464, 82, 7, 11, '2018-06-28 19:54:26'),
(465, 83, 7, 11, '2018-06-28 19:54:48'),
(466, 84, 7, 11, '2018-06-28 19:55:26'),
(467, 85, 7, 11, '2018-06-28 19:55:54'),
(468, 86, 7, 11, '2018-06-28 19:56:58'),
(469, 87, 7, 11, '2018-06-28 19:57:18'),
(470, 88, 7, 11, '2018-06-28 19:57:43'),
(471, 89, 7, 11, '2018-06-28 19:58:11'),
(472, 90, 6, 11, '2018-06-28 20:05:46'),
(473, 90, 7, 11, '2018-06-28 20:05:46'),
(474, 90, 8, 11, '2018-06-28 20:05:46'),
(475, 90, 9, 11, '2018-06-28 20:05:46'),
(476, 90, 10, 11, '2018-06-28 20:05:46'),
(477, 90, 11, 11, '2018-06-28 20:05:46'),
(484, 91, 6, 11, '2018-06-28 20:07:20'),
(485, 91, 7, 11, '2018-06-28 20:07:20'),
(486, 91, 8, 11, '2018-06-28 20:07:20'),
(487, 91, 9, 11, '2018-06-28 20:07:20'),
(488, 91, 10, 11, '2018-06-28 20:07:20'),
(489, 91, 11, 11, '2018-06-28 20:07:20'),
(490, 92, 6, 11, '2018-06-28 20:07:53'),
(491, 92, 7, 11, '2018-06-28 20:07:53'),
(492, 92, 8, 11, '2018-06-28 20:07:53'),
(493, 92, 9, 11, '2018-06-28 20:07:53'),
(494, 92, 10, 11, '2018-06-28 20:07:53'),
(495, 92, 11, 11, '2018-06-28 20:07:53'),
(496, 93, 6, 11, '2018-06-28 20:08:28'),
(497, 93, 7, 11, '2018-06-28 20:08:28'),
(498, 93, 8, 11, '2018-06-28 20:08:28'),
(499, 93, 9, 11, '2018-06-28 20:08:28'),
(500, 93, 10, 11, '2018-06-28 20:08:28'),
(501, 93, 11, 11, '2018-06-28 20:08:28'),
(502, 94, 6, 11, '2018-06-28 20:09:04'),
(503, 94, 7, 11, '2018-06-28 20:09:04'),
(504, 94, 8, 11, '2018-06-28 20:09:04'),
(505, 94, 9, 11, '2018-06-28 20:09:04'),
(506, 94, 10, 11, '2018-06-28 20:09:04'),
(507, 94, 11, 11, '2018-06-28 20:09:04'),
(508, 95, 6, 11, '2018-06-28 20:09:43'),
(509, 95, 7, 11, '2018-06-28 20:09:43'),
(510, 95, 8, 11, '2018-06-28 20:09:43'),
(511, 95, 9, 11, '2018-06-28 20:09:43'),
(512, 95, 10, 11, '2018-06-28 20:09:43'),
(513, 95, 11, 11, '2018-06-28 20:09:43'),
(514, 96, 6, 11, '2018-06-28 20:13:30'),
(515, 96, 7, 11, '2018-06-28 20:13:30'),
(516, 96, 8, 11, '2018-06-28 20:13:30'),
(517, 96, 9, 11, '2018-06-28 20:13:30'),
(518, 96, 10, 11, '2018-06-28 20:13:30'),
(519, 96, 11, 11, '2018-06-28 20:13:30'),
(520, 97, 6, 11, '2018-06-28 20:19:51'),
(521, 97, 7, 11, '2018-06-28 20:19:51'),
(522, 97, 8, 11, '2018-06-28 20:19:51'),
(523, 97, 9, 11, '2018-06-28 20:19:51'),
(524, 97, 10, 11, '2018-06-28 20:19:51'),
(525, 97, 11, 11, '2018-06-28 20:19:51'),
(532, 98, 6, 11, '2018-06-28 20:22:23'),
(533, 98, 7, 11, '2018-06-28 20:22:23'),
(534, 98, 8, 11, '2018-06-28 20:22:23'),
(535, 98, 9, 11, '2018-06-28 20:22:23'),
(536, 98, 10, 11, '2018-06-28 20:22:23'),
(537, 98, 11, 11, '2018-06-28 20:22:23'),
(544, 99, 6, 11, '2018-06-28 20:23:28'),
(545, 99, 7, 11, '2018-06-28 20:23:28'),
(546, 99, 8, 11, '2018-06-28 20:23:28'),
(547, 99, 9, 11, '2018-06-28 20:23:28'),
(548, 99, 10, 11, '2018-06-28 20:23:28'),
(549, 99, 11, 11, '2018-06-28 20:23:28'),
(550, 100, 6, 11, '2018-06-28 20:23:54'),
(551, 100, 7, 11, '2018-06-28 20:23:54'),
(552, 100, 8, 11, '2018-06-28 20:23:54'),
(553, 100, 9, 11, '2018-06-28 20:23:54'),
(554, 100, 10, 11, '2018-06-28 20:23:54'),
(555, 100, 11, 11, '2018-06-28 20:23:54'),
(556, 101, 6, 11, '2018-06-28 20:30:27'),
(557, 101, 8, 11, '2018-06-28 20:30:27'),
(558, 101, 11, 11, '2018-06-28 20:30:27'),
(559, 102, 6, 11, '2018-06-28 20:31:38'),
(560, 102, 8, 11, '2018-06-28 20:31:38'),
(561, 102, 11, 11, '2018-06-28 20:31:38'),
(562, 103, 6, 11, '2018-06-28 20:32:08'),
(563, 103, 8, 11, '2018-06-28 20:32:08'),
(564, 103, 11, 11, '2018-06-28 20:32:08'),
(565, 104, 6, 11, '2018-06-28 20:32:32'),
(566, 104, 8, 11, '2018-06-28 20:32:32'),
(567, 104, 11, 11, '2018-06-28 20:32:32'),
(568, 105, 6, 11, '2018-06-28 20:32:55'),
(569, 105, 8, 11, '2018-06-28 20:32:55'),
(570, 105, 11, 11, '2018-06-28 20:32:55'),
(571, 106, 6, 11, '2018-06-28 20:33:21'),
(572, 106, 8, 11, '2018-06-28 20:33:21'),
(573, 106, 11, 11, '2018-06-28 20:33:21'),
(574, 107, 6, 11, '2018-06-28 20:33:47'),
(575, 107, 8, 11, '2018-06-28 20:33:47'),
(576, 107, 11, 11, '2018-06-28 20:33:47'),
(577, 108, 6, 11, '2018-06-28 20:38:34'),
(578, 108, 8, 11, '2018-06-28 20:38:34'),
(579, 108, 9, 11, '2018-06-28 20:38:34'),
(580, 108, 10, 11, '2018-06-28 20:38:34'),
(581, 108, 11, 11, '2018-06-28 20:38:34'),
(582, 109, 6, 11, '2018-06-28 20:39:12'),
(583, 109, 8, 11, '2018-06-28 20:39:12'),
(584, 109, 9, 11, '2018-06-28 20:39:12'),
(585, 109, 10, 11, '2018-06-28 20:39:12'),
(586, 109, 11, 11, '2018-06-28 20:39:12'),
(592, 110, 6, 11, '2018-06-28 20:41:01'),
(593, 110, 8, 11, '2018-06-28 20:41:01'),
(594, 110, 9, 11, '2018-06-28 20:41:01'),
(595, 110, 10, 11, '2018-06-28 20:41:01'),
(596, 110, 11, 11, '2018-06-28 20:41:01'),
(597, 111, 6, 11, '2018-06-28 20:42:11'),
(598, 112, 8, 11, '2018-06-28 20:43:15'),
(599, 113, 6, 11, '2018-06-28 20:43:48'),
(600, 113, 8, 11, '2018-06-28 20:43:48'),
(601, 113, 9, 11, '2018-06-28 20:43:48'),
(602, 113, 10, 11, '2018-06-28 20:43:48'),
(603, 113, 11, 11, '2018-06-28 20:43:48'),
(604, 114, 6, 11, '2018-06-28 20:44:20'),
(605, 114, 8, 11, '2018-06-28 20:44:20'),
(606, 114, 9, 11, '2018-06-28 20:44:20'),
(607, 114, 10, 11, '2018-06-28 20:44:20'),
(608, 114, 11, 11, '2018-06-28 20:44:20'),
(614, 115, 6, 11, '2018-06-28 20:48:35'),
(615, 115, 8, 11, '2018-06-28 20:48:35'),
(616, 115, 9, 11, '2018-06-28 20:48:35'),
(617, 115, 10, 11, '2018-06-28 20:48:35'),
(618, 115, 11, 11, '2018-06-28 20:48:35'),
(619, 116, 6, 11, '2018-06-28 20:49:20'),
(620, 116, 8, 11, '2018-06-28 20:49:20'),
(621, 116, 9, 11, '2018-06-28 20:49:20'),
(622, 116, 10, 11, '2018-06-28 20:49:20'),
(623, 116, 11, 11, '2018-06-28 20:49:20'),
(624, 117, 6, 11, '2018-06-28 20:50:48'),
(625, 117, 8, 11, '2018-06-28 20:50:48'),
(626, 117, 9, 11, '2018-06-28 20:50:48'),
(627, 117, 10, 11, '2018-06-28 20:50:48'),
(628, 117, 11, 11, '2018-06-28 20:50:48'),
(629, 118, 6, 11, '2018-06-28 20:51:28'),
(630, 118, 8, 11, '2018-06-28 20:51:28'),
(631, 118, 9, 11, '2018-06-28 20:51:28'),
(632, 118, 10, 11, '2018-06-28 20:51:28'),
(633, 118, 11, 11, '2018-06-28 20:51:28'),
(634, 119, 6, 11, '2018-06-28 20:52:28'),
(635, 119, 8, 11, '2018-06-28 20:52:28'),
(636, 119, 9, 11, '2018-06-28 20:52:28'),
(637, 119, 10, 11, '2018-06-28 20:52:28'),
(638, 119, 11, 11, '2018-06-28 20:52:28'),
(639, 120, 6, 11, '2018-06-28 20:53:06'),
(640, 120, 8, 11, '2018-06-28 20:53:06'),
(641, 120, 9, 11, '2018-06-28 20:53:06'),
(642, 120, 10, 11, '2018-06-28 20:53:06'),
(643, 120, 11, 11, '2018-06-28 20:53:06'),
(644, 121, 6, 11, '2018-06-28 20:54:04'),
(645, 121, 8, 11, '2018-06-28 20:54:04'),
(646, 121, 9, 11, '2018-06-28 20:54:04'),
(647, 121, 10, 11, '2018-06-28 20:54:04'),
(648, 121, 11, 11, '2018-06-28 20:54:04'),
(649, 122, 6, 11, '2018-06-28 20:54:39'),
(650, 122, 8, 11, '2018-06-28 20:54:39'),
(651, 122, 9, 11, '2018-06-28 20:54:39'),
(652, 122, 10, 11, '2018-06-28 20:54:39'),
(653, 122, 11, 11, '2018-06-28 20:54:39'),
(654, 123, 6, 11, '2018-06-28 20:55:17'),
(655, 123, 8, 11, '2018-06-28 20:55:17'),
(656, 123, 9, 11, '2018-06-28 20:55:17'),
(657, 123, 10, 11, '2018-06-28 20:55:17'),
(658, 123, 11, 11, '2018-06-28 20:55:17'),
(659, 124, 6, 11, '2018-06-28 20:55:44'),
(660, 124, 8, 11, '2018-06-28 20:55:44'),
(661, 124, 9, 11, '2018-06-28 20:55:44'),
(662, 124, 10, 11, '2018-06-28 20:55:44'),
(663, 124, 11, 11, '2018-06-28 20:55:44'),
(664, 125, 6, 11, '2018-06-28 20:56:14'),
(665, 125, 8, 11, '2018-06-28 20:56:14'),
(666, 125, 9, 11, '2018-06-28 20:56:14'),
(667, 125, 10, 11, '2018-06-28 20:56:14'),
(668, 125, 11, 11, '2018-06-28 20:56:14'),
(669, 126, 6, 11, '2018-06-28 20:56:49'),
(670, 126, 8, 11, '2018-06-28 20:56:49'),
(671, 126, 9, 11, '2018-06-28 20:56:49'),
(672, 126, 10, 11, '2018-06-28 20:56:49'),
(673, 126, 11, 11, '2018-06-28 20:56:49'),
(674, 127, 6, 11, '2018-06-28 20:57:23'),
(675, 127, 8, 11, '2018-06-28 20:57:23'),
(676, 127, 9, 11, '2018-06-28 20:57:23'),
(677, 127, 10, 11, '2018-06-28 20:57:23'),
(678, 127, 11, 11, '2018-06-28 20:57:23'),
(679, 128, 6, 11, '2018-06-28 20:57:53'),
(680, 128, 8, 11, '2018-06-28 20:57:53'),
(681, 128, 9, 11, '2018-06-28 20:57:53'),
(682, 128, 10, 11, '2018-06-28 20:57:53'),
(683, 128, 11, 11, '2018-06-28 20:57:53'),
(684, 129, 6, 11, '2018-06-28 20:58:26'),
(685, 129, 8, 11, '2018-06-28 20:58:26'),
(686, 129, 9, 11, '2018-06-28 20:58:26'),
(687, 129, 10, 11, '2018-06-28 20:58:26'),
(688, 129, 11, 11, '2018-06-28 20:58:26'),
(689, 130, 6, 11, '2018-06-28 20:59:01'),
(690, 130, 8, 11, '2018-06-28 20:59:01'),
(691, 130, 9, 11, '2018-06-28 20:59:01'),
(692, 130, 10, 11, '2018-06-28 20:59:01'),
(693, 130, 11, 11, '2018-06-28 20:59:01'),
(694, 131, 6, 11, '2018-06-28 20:59:32'),
(695, 131, 8, 11, '2018-06-28 20:59:32'),
(696, 131, 9, 11, '2018-06-28 20:59:32'),
(697, 131, 10, 11, '2018-06-28 20:59:32'),
(698, 131, 11, 11, '2018-06-28 20:59:32'),
(699, 132, 6, 11, '2018-06-28 20:59:59'),
(700, 132, 8, 11, '2018-06-28 20:59:59'),
(701, 132, 9, 11, '2018-06-28 20:59:59'),
(702, 132, 10, 11, '2018-06-28 20:59:59'),
(703, 132, 11, 11, '2018-06-28 20:59:59'),
(704, 133, 6, 11, '2018-06-28 21:00:30'),
(705, 133, 8, 11, '2018-06-28 21:00:30'),
(706, 133, 9, 11, '2018-06-28 21:00:30'),
(707, 133, 10, 11, '2018-06-28 21:00:30'),
(708, 133, 11, 11, '2018-06-28 21:00:30'),
(709, 134, 6, 11, '2018-06-28 21:01:10'),
(710, 134, 8, 11, '2018-06-28 21:01:10'),
(711, 134, 9, 11, '2018-06-28 21:01:10'),
(712, 134, 10, 11, '2018-06-28 21:01:10'),
(713, 134, 11, 11, '2018-06-28 21:01:10'),
(714, 135, 6, 11, '2018-06-28 21:01:54'),
(715, 135, 8, 11, '2018-06-28 21:01:54'),
(716, 135, 9, 11, '2018-06-28 21:01:54'),
(717, 135, 10, 11, '2018-06-28 21:01:54'),
(718, 135, 11, 11, '2018-06-28 21:01:54'),
(719, 136, 6, 11, '2018-06-28 21:02:26'),
(720, 136, 8, 11, '2018-06-28 21:02:26'),
(721, 136, 9, 11, '2018-06-28 21:02:26'),
(722, 136, 10, 11, '2018-06-28 21:02:26'),
(723, 136, 11, 11, '2018-06-28 21:02:26'),
(724, 137, 6, 11, '2018-06-28 21:03:28'),
(725, 137, 8, 11, '2018-06-28 21:03:28'),
(726, 137, 9, 11, '2018-06-28 21:03:28'),
(727, 137, 10, 11, '2018-06-28 21:03:28'),
(728, 137, 11, 11, '2018-06-28 21:03:28'),
(729, 138, 6, 11, '2018-06-28 21:03:58'),
(730, 138, 8, 11, '2018-06-28 21:03:58'),
(731, 138, 9, 11, '2018-06-28 21:03:58'),
(732, 138, 10, 11, '2018-06-28 21:03:58'),
(733, 138, 11, 11, '2018-06-28 21:03:58'),
(734, 139, 6, 11, '2018-06-28 21:04:34'),
(735, 139, 8, 11, '2018-06-28 21:04:34'),
(736, 139, 9, 11, '2018-06-28 21:04:34'),
(737, 139, 10, 11, '2018-06-28 21:04:34'),
(738, 139, 11, 11, '2018-06-28 21:04:34'),
(744, 140, 6, 11, '2018-06-28 21:05:35'),
(745, 140, 8, 11, '2018-06-28 21:05:35'),
(746, 140, 9, 11, '2018-06-28 21:05:35'),
(747, 140, 10, 11, '2018-06-28 21:05:35'),
(748, 140, 11, 11, '2018-06-28 21:05:35'),
(754, 141, 6, 11, '2018-06-28 21:06:15'),
(755, 141, 8, 11, '2018-06-28 21:06:15'),
(756, 141, 9, 11, '2018-06-28 21:06:15'),
(757, 141, 10, 11, '2018-06-28 21:06:15'),
(758, 141, 11, 11, '2018-06-28 21:06:15'),
(759, 142, 6, 11, '2018-06-28 21:06:47'),
(760, 142, 8, 11, '2018-06-28 21:06:47'),
(761, 142, 9, 11, '2018-06-28 21:06:47'),
(762, 142, 10, 11, '2018-06-28 21:06:47'),
(763, 142, 11, 11, '2018-06-28 21:06:47'),
(764, 143, 6, 11, '2018-06-28 21:07:39'),
(765, 143, 8, 11, '2018-06-28 21:07:39'),
(766, 143, 9, 11, '2018-06-28 21:07:39'),
(767, 143, 10, 11, '2018-06-28 21:07:39'),
(768, 143, 11, 11, '2018-06-28 21:07:39'),
(769, 144, 6, 11, '2018-06-28 21:08:57'),
(770, 144, 8, 11, '2018-06-28 21:08:57'),
(771, 144, 9, 11, '2018-06-28 21:08:57'),
(772, 144, 10, 11, '2018-06-28 21:08:57'),
(773, 144, 11, 11, '2018-06-28 21:08:57'),
(774, 145, 6, 11, '2018-06-28 21:09:33'),
(775, 145, 8, 11, '2018-06-28 21:09:33'),
(776, 145, 9, 11, '2018-06-28 21:09:33'),
(777, 145, 10, 11, '2018-06-28 21:09:33'),
(778, 145, 11, 11, '2018-06-28 21:09:33'),
(779, 146, 6, 11, '2018-06-28 21:10:12'),
(780, 146, 8, 11, '2018-06-28 21:10:12'),
(781, 146, 9, 11, '2018-06-28 21:10:12'),
(782, 146, 10, 11, '2018-06-28 21:10:12'),
(783, 146, 11, 11, '2018-06-28 21:10:12'),
(784, 147, 6, 11, '2018-06-28 21:10:48'),
(785, 147, 8, 11, '2018-06-28 21:10:48'),
(786, 147, 9, 11, '2018-06-28 21:10:48'),
(787, 147, 10, 11, '2018-06-28 21:10:48'),
(788, 147, 11, 11, '2018-06-28 21:10:48'),
(789, 148, 6, 11, '2018-06-28 21:11:20'),
(790, 148, 8, 11, '2018-06-28 21:11:20'),
(791, 148, 9, 11, '2018-06-28 21:11:20'),
(792, 148, 10, 11, '2018-06-28 21:11:20'),
(793, 148, 11, 11, '2018-06-28 21:11:20'),
(794, 149, 6, 11, '2018-06-28 21:12:02'),
(795, 149, 8, 11, '2018-06-28 21:12:02'),
(796, 149, 9, 11, '2018-06-28 21:12:02'),
(797, 149, 10, 11, '2018-06-28 21:12:02'),
(798, 149, 11, 11, '2018-06-28 21:12:02'),
(799, 150, 10, 11, '2018-06-28 21:20:52'),
(800, 150, 11, 11, '2018-06-28 21:20:52'),
(801, 151, 10, 11, '2018-06-28 21:21:16'),
(802, 151, 11, 11, '2018-06-28 21:21:17'),
(803, 152, 10, 11, '2018-06-28 21:21:45'),
(804, 152, 11, 11, '2018-06-28 21:21:45'),
(805, 153, 10, 11, '2018-06-28 21:22:15'),
(806, 153, 11, 11, '2018-06-28 21:22:17'),
(807, 154, 10, 11, '2018-06-28 21:22:50'),
(808, 154, 11, 11, '2018-06-28 21:22:50'),
(809, 155, 6, 11, '2018-06-29 12:21:21'),
(810, 155, 8, 11, '2018-06-29 12:21:21'),
(811, 155, 9, 11, '2018-06-29 12:21:21'),
(812, 155, 10, 11, '2018-06-29 12:21:21'),
(813, 155, 11, 11, '2018-06-29 12:21:21'),
(814, 156, 6, 11, '2018-06-29 12:21:55'),
(815, 156, 8, 11, '2018-06-29 12:21:55'),
(816, 156, 9, 11, '2018-06-29 12:21:55'),
(817, 156, 10, 11, '2018-06-29 12:21:55'),
(818, 156, 11, 11, '2018-06-29 12:21:55'),
(819, 157, 6, 11, '2018-06-29 12:22:22'),
(820, 157, 8, 11, '2018-06-29 12:22:22'),
(821, 157, 9, 11, '2018-06-29 12:22:22'),
(822, 157, 10, 11, '2018-06-29 12:22:22'),
(823, 157, 11, 11, '2018-06-29 12:22:22'),
(829, 158, 6, 11, '2018-06-29 12:23:00'),
(830, 158, 8, 11, '2018-06-29 12:23:00'),
(831, 158, 9, 11, '2018-06-29 12:23:00'),
(832, 158, 10, 11, '2018-06-29 12:23:00'),
(833, 158, 11, 11, '2018-06-29 12:23:00'),
(834, 159, 6, 11, '2018-06-29 12:23:28'),
(835, 159, 8, 11, '2018-06-29 12:23:28'),
(836, 159, 9, 11, '2018-06-29 12:23:28'),
(837, 159, 10, 11, '2018-06-29 12:23:28'),
(838, 159, 11, 11, '2018-06-29 12:23:28'),
(839, 160, 6, 11, '2018-06-29 12:23:55'),
(840, 160, 8, 11, '2018-06-29 12:23:55'),
(841, 160, 9, 11, '2018-06-29 12:23:55'),
(842, 160, 10, 11, '2018-06-29 12:23:55'),
(843, 160, 11, 11, '2018-06-29 12:23:55'),
(844, 161, 6, 11, '2018-06-29 12:25:10'),
(845, 161, 8, 11, '2018-06-29 12:25:10'),
(846, 161, 9, 11, '2018-06-29 12:25:10'),
(847, 161, 10, 11, '2018-06-29 12:25:10'),
(848, 161, 11, 11, '2018-06-29 12:25:10'),
(854, 162, 6, 11, '2018-06-29 12:25:51'),
(855, 162, 8, 11, '2018-06-29 12:25:51'),
(856, 162, 9, 11, '2018-06-29 12:25:51'),
(857, 162, 10, 11, '2018-06-29 12:25:51'),
(858, 162, 11, 11, '2018-06-29 12:25:51'),
(859, 163, 6, 11, '2018-06-29 12:26:16'),
(860, 163, 8, 11, '2018-06-29 12:26:16'),
(861, 163, 9, 11, '2018-06-29 12:26:16'),
(862, 163, 10, 11, '2018-06-29 12:26:16'),
(863, 163, 11, 11, '2018-06-29 12:26:16'),
(864, 164, 6, 11, '2018-06-29 12:38:53'),
(865, 164, 8, 11, '2018-06-29 12:38:53'),
(866, 164, 9, 11, '2018-06-29 12:38:53'),
(867, 164, 10, 11, '2018-06-29 12:38:53'),
(868, 164, 11, 11, '2018-06-29 12:38:53'),
(874, 165, 6, 11, '2018-06-29 12:39:56'),
(875, 165, 8, 11, '2018-06-29 12:39:56'),
(876, 165, 9, 11, '2018-06-29 12:39:56'),
(877, 165, 10, 11, '2018-06-29 12:39:56'),
(878, 165, 11, 11, '2018-06-29 12:39:56'),
(884, 166, 6, 11, '2018-06-29 12:40:45'),
(885, 166, 8, 11, '2018-06-29 12:40:45'),
(886, 166, 9, 11, '2018-06-29 12:40:45'),
(887, 166, 10, 11, '2018-06-29 12:40:45'),
(888, 166, 11, 11, '2018-06-29 12:40:45'),
(894, 167, 6, 11, '2018-06-29 12:41:15'),
(895, 167, 8, 11, '2018-06-29 12:41:15'),
(896, 167, 9, 11, '2018-06-29 12:41:15'),
(897, 167, 10, 11, '2018-06-29 12:41:15'),
(898, 167, 11, 11, '2018-06-29 12:41:15'),
(904, 168, 6, 11, '2018-06-29 12:42:06'),
(905, 168, 8, 11, '2018-06-29 12:42:06'),
(906, 168, 9, 11, '2018-06-29 12:42:06'),
(907, 168, 10, 11, '2018-06-29 12:42:06'),
(908, 168, 11, 11, '2018-06-29 12:42:06'),
(915, 169, 6, 11, '2018-06-29 12:51:44'),
(916, 169, 7, 11, '2018-06-29 12:51:44'),
(917, 169, 8, 11, '2018-06-29 12:51:44'),
(918, 169, 9, 11, '2018-06-29 12:51:44'),
(919, 169, 10, 11, '2018-06-29 12:51:44'),
(920, 169, 11, 11, '2018-06-29 12:51:44'),
(921, 170, 6, 11, '2018-06-29 12:52:16'),
(922, 170, 8, 11, '2018-06-29 12:52:16'),
(923, 170, 9, 11, '2018-06-29 12:52:16'),
(924, 170, 10, 11, '2018-06-29 12:52:16'),
(925, 170, 11, 11, '2018-06-29 12:52:16'),
(926, 171, 6, 11, '2018-06-29 12:53:15'),
(927, 171, 7, 11, '2018-06-29 12:53:15'),
(928, 171, 8, 11, '2018-06-29 12:53:15'),
(929, 171, 9, 11, '2018-06-29 12:53:15'),
(930, 171, 10, 11, '2018-06-29 12:53:15'),
(931, 171, 11, 11, '2018-06-29 12:53:15'),
(932, 172, 6, 11, '2018-06-29 12:53:51'),
(933, 172, 8, 11, '2018-06-29 12:53:51'),
(934, 172, 9, 11, '2018-06-29 12:53:51'),
(935, 172, 10, 11, '2018-06-29 12:53:51'),
(936, 172, 11, 11, '2018-06-29 12:53:51'),
(937, 173, 6, 11, '2018-06-29 12:54:21'),
(938, 173, 8, 11, '2018-06-29 12:54:21'),
(939, 173, 9, 11, '2018-06-29 12:54:21'),
(940, 173, 10, 11, '2018-06-29 12:54:21'),
(941, 173, 11, 11, '2018-06-29 12:54:21'),
(947, 174, 6, 11, '2018-06-29 12:54:52'),
(948, 174, 8, 11, '2018-06-29 12:54:52'),
(949, 174, 9, 11, '2018-06-29 12:54:52'),
(950, 174, 10, 11, '2018-06-29 12:54:52'),
(951, 174, 11, 11, '2018-06-29 12:54:52'),
(958, 175, 6, 11, '2018-06-29 13:00:13'),
(959, 175, 7, 11, '2018-06-29 13:00:13'),
(960, 175, 8, 11, '2018-06-29 13:00:13'),
(961, 175, 9, 11, '2018-06-29 13:00:13'),
(962, 175, 10, 11, '2018-06-29 13:00:13'),
(963, 175, 11, 11, '2018-06-29 13:00:13'),
(970, 176, 6, 11, '2018-06-29 13:00:46'),
(971, 176, 7, 11, '2018-06-29 13:00:46'),
(972, 176, 8, 11, '2018-06-29 13:00:46'),
(973, 176, 9, 11, '2018-06-29 13:00:46'),
(974, 176, 10, 11, '2018-06-29 13:00:46'),
(975, 176, 11, 11, '2018-06-29 13:00:46'),
(982, 177, 6, 11, '2018-06-29 13:01:31'),
(983, 177, 7, 11, '2018-06-29 13:01:31'),
(984, 177, 8, 11, '2018-06-29 13:01:31'),
(985, 177, 9, 11, '2018-06-29 13:01:31'),
(986, 177, 10, 11, '2018-06-29 13:01:31'),
(987, 177, 11, 11, '2018-06-29 13:01:31'),
(994, 178, 6, 11, '2018-06-29 13:04:04'),
(995, 178, 7, 11, '2018-06-29 13:04:04'),
(996, 178, 8, 11, '2018-06-29 13:04:04'),
(997, 178, 9, 11, '2018-06-29 13:04:04'),
(998, 178, 10, 11, '2018-06-29 13:04:04'),
(999, 178, 11, 11, '2018-06-29 13:04:04'),
(1006, 179, 6, 11, '2018-06-29 13:04:54'),
(1007, 179, 7, 11, '2018-06-29 13:04:54'),
(1008, 179, 8, 11, '2018-06-29 13:04:54'),
(1009, 179, 9, 11, '2018-06-29 13:04:54'),
(1010, 179, 10, 11, '2018-06-29 13:04:54'),
(1011, 179, 11, 11, '2018-06-29 13:04:54'),
(1012, 180, 6, 11, '2018-06-29 13:48:29'),
(1013, 180, 8, 11, '2018-06-29 13:48:29'),
(1014, 180, 9, 11, '2018-06-29 13:48:29'),
(1015, 180, 10, 11, '2018-06-29 13:48:29'),
(1016, 180, 11, 11, '2018-06-29 13:48:29'),
(1017, 181, 6, 11, '2018-06-29 13:49:09'),
(1018, 181, 8, 11, '2018-06-29 13:49:09'),
(1019, 181, 9, 11, '2018-06-29 13:49:09'),
(1020, 181, 10, 11, '2018-06-29 13:49:09'),
(1021, 181, 11, 11, '2018-06-29 13:49:09'),
(1022, 182, 6, 11, '2018-06-29 13:50:02'),
(1023, 182, 8, 11, '2018-06-29 13:50:02'),
(1024, 182, 9, 11, '2018-06-29 13:50:02'),
(1025, 182, 10, 11, '2018-06-29 13:50:02'),
(1026, 182, 11, 11, '2018-06-29 13:50:02'),
(1027, 183, 6, 11, '2018-06-29 13:50:52'),
(1028, 183, 8, 11, '2018-06-29 13:50:52'),
(1029, 183, 9, 11, '2018-06-29 13:50:52'),
(1030, 183, 10, 11, '2018-06-29 13:50:52'),
(1031, 183, 11, 11, '2018-06-29 13:50:52'),
(1032, 184, 6, 11, '2018-06-29 13:51:25'),
(1033, 184, 8, 11, '2018-06-29 13:51:25'),
(1034, 184, 9, 11, '2018-06-29 13:51:25'),
(1035, 184, 10, 11, '2018-06-29 13:51:25'),
(1036, 184, 11, 11, '2018-06-29 13:51:25'),
(1037, 185, 6, 11, '2018-06-29 13:51:58'),
(1038, 185, 8, 11, '2018-06-29 13:51:58'),
(1039, 185, 9, 11, '2018-06-29 13:51:58'),
(1040, 185, 10, 11, '2018-06-29 13:51:58'),
(1041, 185, 11, 11, '2018-06-29 13:51:58'),
(1042, 186, 6, 11, '2018-06-29 14:03:37'),
(1043, 186, 8, 11, '2018-06-29 14:03:37'),
(1044, 186, 9, 11, '2018-06-29 14:03:37'),
(1045, 186, 10, 11, '2018-06-29 14:03:37'),
(1046, 186, 11, 11, '2018-06-29 14:03:37'),
(1047, 187, 6, 11, '2018-06-29 14:04:09'),
(1048, 187, 8, 11, '2018-06-29 14:04:09'),
(1049, 187, 9, 11, '2018-06-29 14:04:09'),
(1050, 187, 10, 11, '2018-06-29 14:04:09'),
(1051, 187, 11, 11, '2018-06-29 14:04:09'),
(1052, 188, 6, 11, '2018-06-29 14:04:43'),
(1053, 188, 8, 11, '2018-06-29 14:04:43'),
(1054, 188, 9, 11, '2018-06-29 14:04:43'),
(1055, 188, 10, 11, '2018-06-29 14:04:43'),
(1056, 188, 11, 11, '2018-06-29 14:04:43'),
(1057, 189, 6, 11, '2018-06-29 14:05:11'),
(1058, 189, 8, 11, '2018-06-29 14:05:11'),
(1059, 189, 9, 11, '2018-06-29 14:05:11'),
(1060, 189, 10, 11, '2018-06-29 14:05:11'),
(1061, 189, 11, 11, '2018-06-29 14:05:11'),
(1062, 190, 6, 11, '2018-06-29 14:05:36'),
(1063, 190, 8, 11, '2018-06-29 14:05:36'),
(1064, 190, 9, 11, '2018-06-29 14:05:36'),
(1065, 190, 10, 11, '2018-06-29 14:05:36'),
(1066, 190, 11, 11, '2018-06-29 14:05:36'),
(1067, 191, 6, 11, '2018-06-29 14:06:07'),
(1068, 191, 8, 11, '2018-06-29 14:06:07'),
(1069, 191, 9, 11, '2018-06-29 14:06:07'),
(1070, 191, 10, 11, '2018-06-29 14:06:07'),
(1071, 191, 11, 11, '2018-06-29 14:06:07'),
(1072, 192, 6, 11, '2018-06-29 14:08:00'),
(1073, 192, 8, 11, '2018-06-29 14:08:00'),
(1074, 192, 9, 11, '2018-06-29 14:08:00'),
(1075, 192, 10, 11, '2018-06-29 14:08:00'),
(1076, 192, 11, 11, '2018-06-29 14:08:00'),
(1077, 193, 6, 11, '2018-06-29 14:08:31'),
(1078, 193, 8, 11, '2018-06-29 14:08:31'),
(1079, 193, 9, 11, '2018-06-29 14:08:31'),
(1080, 193, 10, 11, '2018-06-29 14:08:31'),
(1081, 193, 11, 11, '2018-06-29 14:08:31'),
(1082, 194, 6, 11, '2018-06-29 14:08:59'),
(1083, 194, 8, 11, '2018-06-29 14:08:59'),
(1084, 194, 9, 11, '2018-06-29 14:08:59'),
(1085, 194, 10, 11, '2018-06-29 14:08:59'),
(1086, 194, 11, 11, '2018-06-29 14:08:59'),
(1087, 195, 6, 11, '2018-06-29 14:09:36'),
(1088, 195, 8, 11, '2018-06-29 14:09:36'),
(1089, 195, 9, 11, '2018-06-29 14:09:36'),
(1090, 195, 10, 11, '2018-06-29 14:09:36'),
(1091, 195, 11, 11, '2018-06-29 14:09:36'),
(1092, 196, 6, 11, '2018-06-29 14:10:07'),
(1093, 196, 8, 11, '2018-06-29 14:10:07'),
(1094, 196, 9, 11, '2018-06-29 14:10:07'),
(1095, 196, 10, 11, '2018-06-29 14:10:07'),
(1096, 196, 11, 11, '2018-06-29 14:10:07'),
(1097, 197, 6, 11, '2018-06-29 14:10:39'),
(1098, 197, 8, 11, '2018-06-29 14:10:39'),
(1099, 197, 9, 11, '2018-06-29 14:10:39'),
(1100, 197, 10, 11, '2018-06-29 14:10:39'),
(1101, 197, 11, 11, '2018-06-29 14:10:39'),
(1102, 198, 6, 11, '2018-06-29 14:11:09'),
(1103, 198, 8, 11, '2018-06-29 14:11:09'),
(1104, 198, 9, 11, '2018-06-29 14:11:09'),
(1105, 198, 10, 11, '2018-06-29 14:11:09'),
(1106, 198, 11, 11, '2018-06-29 14:11:09'),
(1111, 201, 6, 11, '2018-06-29 14:25:32'),
(1112, 201, 7, 11, '2018-06-29 14:25:32'),
(1113, 202, 6, 11, '2018-06-29 14:25:52'),
(1114, 202, 7, 11, '2018-06-29 14:25:52'),
(1115, 203, 6, 11, '2018-06-29 14:26:23'),
(1116, 203, 7, 11, '2018-06-29 14:26:23'),
(1117, 204, 6, 11, '2018-06-29 14:26:44'),
(1118, 204, 7, 11, '2018-06-29 14:26:44'),
(1119, 205, 7, 11, '2018-06-29 14:43:32'),
(1121, 207, 7, 11, '2018-06-29 14:44:17'),
(1155, 221, 6, 11, '2018-06-29 16:36:19'),
(1156, 221, 7, 11, '2018-06-29 16:36:19'),
(1157, 221, 8, 11, '2018-06-29 16:36:19'),
(1158, 221, 9, 11, '2018-06-29 16:36:19'),
(1159, 221, 10, 11, '2018-06-29 16:36:19'),
(1160, 221, 11, 11, '2018-06-29 16:36:19'),
(1167, 223, 6, 11, '2018-06-29 16:37:32'),
(1168, 223, 7, 11, '2018-06-29 16:37:32'),
(1169, 223, 8, 11, '2018-06-29 16:37:32'),
(1170, 223, 9, 11, '2018-06-29 16:37:32'),
(1171, 223, 10, 11, '2018-06-29 16:37:32'),
(1172, 223, 11, 11, '2018-06-29 16:37:32'),
(1197, 227, 6, 11, '2018-06-29 16:47:28'),
(1198, 227, 7, 11, '2018-06-29 16:47:28'),
(1199, 227, 8, 11, '2018-06-29 16:47:28'),
(1200, 227, 9, 11, '2018-06-29 16:47:28'),
(1201, 227, 10, 11, '2018-06-29 16:47:28'),
(1202, 227, 11, 11, '2018-06-29 16:47:28'),
(1239, 234, 7, 11, '2018-06-29 17:07:02'),
(1240, 235, 7, 11, '2018-06-29 17:34:38'),
(1241, 236, 7, 11, '2018-06-29 17:35:01'),
(1242, 237, 7, 11, '2018-06-29 17:35:21'),
(1244, 239, 7, 11, '2018-06-29 17:36:03'),
(1248, 243, 7, 11, '2018-06-29 17:38:22'),
(1250, 245, 7, 11, '2018-06-29 17:39:27'),
(1252, 247, 7, 11, '2018-06-29 17:40:12'),
(1253, 248, 6, 11, '2018-06-29 17:49:04'),
(1254, 248, 7, 11, '2018-06-29 17:49:04'),
(1255, 248, 8, 11, '2018-06-29 17:49:04'),
(1256, 248, 9, 11, '2018-06-29 17:49:04'),
(1257, 248, 10, 11, '2018-06-29 17:49:04'),
(1258, 248, 11, 11, '2018-06-29 17:49:04'),
(1259, 249, 6, 11, '2018-06-29 17:49:49'),
(1260, 249, 7, 11, '2018-06-29 17:49:49'),
(1261, 249, 8, 11, '2018-06-29 17:49:49'),
(1262, 249, 9, 11, '2018-06-29 17:49:49'),
(1263, 249, 10, 11, '2018-06-29 17:49:49'),
(1264, 249, 11, 11, '2018-06-29 17:49:49'),
(1265, 250, 6, 11, '2018-06-29 17:50:26'),
(1266, 250, 7, 11, '2018-06-29 17:50:26'),
(1267, 250, 8, 11, '2018-06-29 17:50:26'),
(1268, 250, 9, 11, '2018-06-29 17:50:26'),
(1269, 250, 10, 11, '2018-06-29 17:50:26'),
(1270, 250, 11, 11, '2018-06-29 17:50:26'),
(1271, 251, 6, 11, '2018-06-29 17:51:30'),
(1272, 251, 7, 11, '2018-06-29 17:51:30'),
(1273, 251, 8, 11, '2018-06-29 17:51:30'),
(1274, 251, 9, 11, '2018-06-29 17:51:30'),
(1275, 251, 10, 11, '2018-06-29 17:51:30'),
(1276, 251, 11, 11, '2018-06-29 17:51:30'),
(1277, 252, 6, 11, '2018-06-29 17:52:08'),
(1278, 252, 7, 11, '2018-06-29 17:52:08'),
(1279, 252, 8, 11, '2018-06-29 17:52:08'),
(1280, 252, 9, 11, '2018-06-29 17:52:08'),
(1281, 252, 10, 11, '2018-06-29 17:52:08'),
(1282, 252, 11, 11, '2018-06-29 17:52:08'),
(1283, 253, 6, 11, '2018-06-29 17:52:35'),
(1284, 253, 7, 11, '2018-06-29 17:52:35'),
(1285, 253, 8, 11, '2018-06-29 17:52:35'),
(1286, 253, 9, 11, '2018-06-29 17:52:35'),
(1287, 253, 10, 11, '2018-06-29 17:52:35'),
(1288, 253, 11, 11, '2018-06-29 17:52:35'),
(1289, 254, 6, 11, '2018-06-29 17:54:30'),
(1290, 254, 7, 11, '2018-06-29 17:54:30'),
(1291, 254, 8, 11, '2018-06-29 17:54:30'),
(1292, 254, 9, 11, '2018-06-29 17:54:30'),
(1293, 254, 10, 11, '2018-06-29 17:54:30'),
(1294, 254, 11, 11, '2018-06-29 17:54:30'),
(1295, 255, 6, 11, '2018-06-29 17:55:01'),
(1296, 255, 7, 11, '2018-06-29 17:55:01'),
(1297, 255, 8, 11, '2018-06-29 17:55:01'),
(1298, 255, 9, 11, '2018-06-29 17:55:01'),
(1299, 255, 10, 11, '2018-06-29 17:55:01'),
(1300, 255, 11, 11, '2018-06-29 17:55:01'),
(1301, 256, 6, 11, '2018-06-29 17:55:28'),
(1302, 256, 7, 11, '2018-06-29 17:55:28'),
(1303, 256, 8, 11, '2018-06-29 17:55:28'),
(1304, 256, 9, 11, '2018-06-29 17:55:28'),
(1305, 256, 10, 11, '2018-06-29 17:55:28'),
(1306, 256, 11, 11, '2018-06-29 17:55:28'),
(1307, 257, 6, 11, '2018-06-29 17:55:57'),
(1308, 257, 7, 11, '2018-06-29 17:55:57'),
(1309, 257, 8, 11, '2018-06-29 17:55:57'),
(1310, 257, 9, 11, '2018-06-29 17:55:57'),
(1311, 257, 10, 11, '2018-06-29 17:55:57'),
(1312, 257, 11, 11, '2018-06-29 17:55:57'),
(1313, 258, 6, 11, '2018-06-29 17:56:24'),
(1314, 258, 7, 11, '2018-06-29 17:56:24'),
(1315, 258, 8, 11, '2018-06-29 17:56:24'),
(1316, 258, 9, 11, '2018-06-29 17:56:24'),
(1317, 258, 10, 11, '2018-06-29 17:56:24'),
(1318, 258, 11, 11, '2018-06-29 17:56:24'),
(1319, 259, 6, 11, '2018-06-29 17:57:43'),
(1320, 259, 7, 11, '2018-06-29 17:57:43'),
(1321, 259, 8, 11, '2018-06-29 17:57:43'),
(1322, 259, 9, 11, '2018-06-29 17:57:43'),
(1323, 259, 10, 11, '2018-06-29 17:57:43'),
(1324, 259, 11, 11, '2018-06-29 17:57:43'),
(1325, 260, 6, 11, '2018-06-29 17:58:47'),
(1326, 260, 7, 11, '2018-06-29 17:58:47'),
(1327, 260, 8, 11, '2018-06-29 17:58:47'),
(1328, 260, 9, 11, '2018-06-29 17:58:47'),
(1329, 260, 10, 11, '2018-06-29 17:58:47'),
(1330, 260, 11, 11, '2018-06-29 17:58:47'),
(1331, 261, 6, 11, '2018-06-29 18:01:06'),
(1332, 261, 8, 11, '2018-06-29 18:01:06'),
(1333, 261, 9, 11, '2018-06-29 18:01:06'),
(1334, 261, 10, 11, '2018-06-29 18:01:06'),
(1335, 261, 11, 11, '2018-06-29 18:01:06'),
(1336, 262, 6, 11, '2018-06-29 18:01:39'),
(1337, 262, 8, 11, '2018-06-29 18:01:39'),
(1338, 262, 9, 11, '2018-06-29 18:01:39'),
(1339, 262, 10, 11, '2018-06-29 18:01:39'),
(1340, 262, 11, 11, '2018-06-29 18:01:39'),
(1341, 263, 6, 11, '2018-06-29 18:02:06'),
(1342, 263, 8, 11, '2018-06-29 18:02:06'),
(1343, 263, 9, 11, '2018-06-29 18:02:06'),
(1344, 263, 10, 11, '2018-06-29 18:02:06'),
(1345, 263, 11, 11, '2018-06-29 18:02:06'),
(1346, 264, 6, 11, '2018-06-29 18:02:35'),
(1347, 264, 8, 11, '2018-06-29 18:02:35'),
(1348, 264, 9, 11, '2018-06-29 18:02:35'),
(1349, 264, 10, 11, '2018-06-29 18:02:35'),
(1350, 264, 11, 11, '2018-06-29 18:02:35'),
(1351, 265, 6, 11, '2018-06-29 18:03:00'),
(1352, 265, 8, 11, '2018-06-29 18:03:00'),
(1353, 265, 9, 11, '2018-06-29 18:03:00'),
(1354, 265, 10, 11, '2018-06-29 18:03:00'),
(1355, 265, 11, 11, '2018-06-29 18:03:00'),
(1356, 266, 6, 11, '2018-06-29 18:06:31'),
(1357, 266, 8, 11, '2018-06-29 18:06:31'),
(1358, 266, 9, 11, '2018-06-29 18:06:31'),
(1359, 266, 10, 11, '2018-06-29 18:06:31'),
(1360, 266, 11, 11, '2018-06-29 18:06:31'),
(1361, 267, 6, 11, '2018-06-29 18:06:55'),
(1362, 267, 8, 11, '2018-06-29 18:06:55'),
(1363, 267, 9, 11, '2018-06-29 18:06:55'),
(1364, 267, 10, 11, '2018-06-29 18:06:55'),
(1365, 267, 11, 11, '2018-06-29 18:06:55'),
(1366, 268, 6, 11, '2018-06-29 18:07:23'),
(1367, 268, 8, 11, '2018-06-29 18:07:23'),
(1368, 268, 9, 11, '2018-06-29 18:07:23'),
(1369, 268, 10, 11, '2018-06-29 18:07:23'),
(1370, 268, 11, 11, '2018-06-29 18:07:23'),
(1371, 269, 6, 11, '2018-06-29 18:08:37'),
(1372, 269, 8, 11, '2018-06-29 18:08:37'),
(1373, 269, 9, 11, '2018-06-29 18:08:37'),
(1374, 269, 10, 11, '2018-06-29 18:08:37'),
(1375, 269, 11, 11, '2018-06-29 18:08:37'),
(1376, 270, 6, 11, '2018-06-29 18:09:03'),
(1377, 270, 8, 11, '2018-06-29 18:09:03'),
(1378, 270, 9, 11, '2018-06-29 18:09:03'),
(1379, 270, 10, 11, '2018-06-29 18:09:03'),
(1380, 270, 11, 11, '2018-06-29 18:09:03'),
(1381, 271, 6, 11, '2018-06-29 18:15:41'),
(1382, 271, 8, 11, '2018-06-29 18:15:41'),
(1383, 271, 9, 11, '2018-06-29 18:15:41'),
(1384, 271, 10, 11, '2018-06-29 18:15:41'),
(1385, 271, 11, 11, '2018-06-29 18:15:41'),
(1386, 272, 6, 11, '2018-06-29 18:16:33'),
(1387, 272, 8, 11, '2018-06-29 18:16:33'),
(1388, 272, 9, 11, '2018-06-29 18:16:33'),
(1389, 272, 10, 11, '2018-06-29 18:16:33'),
(1390, 272, 11, 11, '2018-06-29 18:16:33'),
(1391, 273, 6, 11, '2018-06-29 18:16:56'),
(1392, 273, 8, 11, '2018-06-29 18:16:56'),
(1393, 273, 9, 11, '2018-06-29 18:16:56'),
(1394, 273, 10, 11, '2018-06-29 18:16:56'),
(1395, 273, 11, 11, '2018-06-29 18:16:56'),
(1396, 274, 6, 11, '2018-06-29 18:17:24'),
(1397, 274, 8, 11, '2018-06-29 18:17:24'),
(1398, 274, 9, 11, '2018-06-29 18:17:24'),
(1399, 274, 10, 11, '2018-06-29 18:17:24'),
(1400, 274, 11, 11, '2018-06-29 18:17:24'),
(1401, 275, 6, 11, '2018-06-29 18:17:51'),
(1402, 275, 8, 11, '2018-06-29 18:17:51'),
(1403, 275, 9, 11, '2018-06-29 18:17:51'),
(1404, 275, 10, 11, '2018-06-29 18:17:51'),
(1405, 275, 11, 11, '2018-06-29 18:17:51'),
(1406, 276, 6, 11, '2018-06-29 18:18:13'),
(1407, 276, 8, 11, '2018-06-29 18:18:13'),
(1408, 276, 9, 11, '2018-06-29 18:18:13'),
(1409, 276, 10, 11, '2018-06-29 18:18:13'),
(1410, 276, 11, 11, '2018-06-29 18:18:13'),
(1411, 277, 6, 11, '2018-06-29 19:20:16'),
(1412, 278, 6, 11, '2018-06-29 19:20:50'),
(1413, 279, 6, 11, '2018-06-29 19:21:21'),
(1414, 280, 6, 11, '2018-06-29 19:21:48'),
(1415, 281, 6, 11, '2018-06-29 19:22:07'),
(1416, 282, 6, 11, '2018-06-29 19:22:33'),
(1417, 283, 6, 11, '2018-06-29 19:24:22'),
(1418, 283, 8, 11, '2018-06-29 19:24:22'),
(1419, 283, 9, 11, '2018-06-29 19:24:22'),
(1420, 283, 10, 11, '2018-06-29 19:24:22'),
(1421, 283, 11, 11, '2018-06-29 19:24:22'),
(1422, 284, 6, 11, '2018-06-29 19:24:53'),
(1423, 284, 8, 11, '2018-06-29 19:24:53'),
(1424, 284, 9, 11, '2018-06-29 19:24:53'),
(1425, 284, 10, 11, '2018-06-29 19:24:53'),
(1426, 284, 11, 11, '2018-06-29 19:24:53'),
(1427, 285, 6, 11, '2018-06-29 19:25:34'),
(1428, 285, 8, 11, '2018-06-29 19:25:34'),
(1429, 285, 9, 11, '2018-06-29 19:25:34'),
(1430, 285, 10, 11, '2018-06-29 19:25:34'),
(1431, 285, 11, 11, '2018-06-29 19:25:34'),
(1432, 286, 6, 11, '2018-06-29 19:27:34'),
(1433, 286, 8, 11, '2018-06-29 19:27:34'),
(1434, 286, 9, 11, '2018-06-29 19:27:34'),
(1435, 286, 10, 11, '2018-06-29 19:27:34'),
(1436, 286, 11, 11, '2018-06-29 19:27:34'),
(1437, 287, 6, 11, '2018-06-29 19:28:04'),
(1438, 287, 8, 11, '2018-06-29 19:28:04'),
(1439, 287, 9, 11, '2018-06-29 19:28:04'),
(1440, 287, 10, 11, '2018-06-29 19:28:04'),
(1441, 287, 11, 11, '2018-06-29 19:28:04'),
(1442, 288, 6, 11, '2018-06-29 19:28:32'),
(1443, 288, 8, 11, '2018-06-29 19:28:32'),
(1444, 288, 9, 11, '2018-06-29 19:28:32'),
(1445, 288, 10, 11, '2018-06-29 19:28:32'),
(1446, 288, 11, 11, '2018-06-29 19:28:32'),
(1447, 289, 6, 11, '2018-06-29 19:29:04'),
(1448, 289, 8, 11, '2018-06-29 19:29:04'),
(1449, 289, 9, 11, '2018-06-29 19:29:04'),
(1450, 289, 10, 11, '2018-06-29 19:29:04'),
(1451, 289, 11, 11, '2018-06-29 19:29:04'),
(1452, 290, 6, 11, '2018-06-29 20:10:41'),
(1453, 290, 8, 11, '2018-06-29 20:10:41'),
(1454, 290, 9, 11, '2018-06-29 20:10:41'),
(1455, 290, 10, 11, '2018-06-29 20:10:41'),
(1456, 290, 11, 11, '2018-06-29 20:10:41'),
(1457, 291, 6, 11, '2018-06-29 20:11:15'),
(1458, 291, 8, 11, '2018-06-29 20:11:15'),
(1459, 291, 9, 11, '2018-06-29 20:11:15'),
(1460, 291, 10, 11, '2018-06-29 20:11:15'),
(1461, 291, 11, 11, '2018-06-29 20:11:15'),
(1462, 292, 6, 11, '2018-06-29 20:12:03'),
(1463, 292, 8, 11, '2018-06-29 20:12:03'),
(1464, 292, 9, 11, '2018-06-29 20:12:03'),
(1465, 292, 10, 11, '2018-06-29 20:12:03'),
(1466, 292, 11, 11, '2018-06-29 20:12:03'),
(1467, 293, 6, 11, '2018-06-29 20:13:13'),
(1468, 293, 8, 11, '2018-06-29 20:13:13'),
(1469, 293, 9, 11, '2018-06-29 20:13:13'),
(1470, 293, 10, 11, '2018-06-29 20:13:13'),
(1471, 293, 11, 11, '2018-06-29 20:13:13'),
(1472, 294, 6, 11, '2018-06-29 20:13:42'),
(1473, 294, 8, 11, '2018-06-29 20:13:42'),
(1474, 294, 9, 11, '2018-06-29 20:13:42'),
(1475, 294, 10, 11, '2018-06-29 20:13:42'),
(1476, 294, 11, 11, '2018-06-29 20:13:42'),
(1477, 295, 6, 11, '2018-06-29 20:18:22'),
(1478, 295, 8, 11, '2018-06-29 20:18:22'),
(1479, 295, 9, 11, '2018-06-29 20:18:22'),
(1480, 295, 10, 11, '2018-06-29 20:18:22'),
(1481, 295, 11, 11, '2018-06-29 20:18:22'),
(1482, 296, 6, 11, '2018-06-29 20:18:56'),
(1483, 296, 8, 11, '2018-06-29 20:18:56'),
(1484, 296, 9, 11, '2018-06-29 20:18:56'),
(1485, 296, 10, 11, '2018-06-29 20:18:56'),
(1486, 296, 11, 11, '2018-06-29 20:18:56'),
(1487, 297, 6, 11, '2018-06-29 20:19:52'),
(1488, 297, 8, 11, '2018-06-29 20:19:52'),
(1489, 297, 9, 11, '2018-06-29 20:19:52'),
(1490, 297, 10, 11, '2018-06-29 20:19:52'),
(1491, 297, 11, 11, '2018-06-29 20:19:52'),
(1492, 298, 6, 11, '2018-06-29 20:21:00'),
(1493, 298, 8, 11, '2018-06-29 20:21:00'),
(1494, 298, 9, 11, '2018-06-29 20:21:00'),
(1495, 298, 10, 11, '2018-06-29 20:21:00'),
(1496, 298, 11, 11, '2018-06-29 20:21:00'),
(1497, 299, 6, 11, '2018-06-29 20:21:54'),
(1498, 299, 8, 11, '2018-06-29 20:21:54'),
(1499, 299, 9, 11, '2018-06-29 20:21:54'),
(1500, 299, 10, 11, '2018-06-29 20:21:54'),
(1501, 299, 11, 11, '2018-06-29 20:21:54'),
(1507, 300, 6, 11, '2018-06-29 20:25:43'),
(1508, 301, 6, 11, '2018-06-29 20:27:13'),
(1509, 301, 8, 11, '2018-06-29 20:27:13'),
(1510, 301, 9, 11, '2018-06-29 20:27:13'),
(1511, 301, 10, 11, '2018-06-29 20:27:13'),
(1512, 301, 11, 11, '2018-06-29 20:27:13'),
(1513, 302, 6, 11, '2018-06-29 20:27:46'),
(1514, 302, 8, 11, '2018-06-29 20:27:46'),
(1515, 302, 9, 11, '2018-06-29 20:27:46'),
(1516, 302, 10, 11, '2018-06-29 20:27:46'),
(1517, 302, 11, 11, '2018-06-29 20:27:46'),
(1518, 303, 6, 11, '2018-06-29 20:29:29'),
(1519, 303, 8, 11, '2018-06-29 20:29:29'),
(1520, 303, 9, 11, '2018-06-29 20:29:29'),
(1521, 303, 10, 11, '2018-06-29 20:29:29'),
(1522, 303, 11, 11, '2018-06-29 20:29:29'),
(1523, 304, 6, 11, '2018-06-29 20:30:02'),
(1524, 304, 8, 11, '2018-06-29 20:30:02'),
(1525, 304, 9, 11, '2018-06-29 20:30:02'),
(1526, 304, 10, 11, '2018-06-29 20:30:02'),
(1527, 304, 11, 11, '2018-06-29 20:30:02'),
(1528, 305, 6, 11, '2018-06-29 20:31:19'),
(1529, 305, 8, 11, '2018-06-29 20:31:19'),
(1530, 305, 9, 11, '2018-06-29 20:31:19'),
(1531, 305, 10, 11, '2018-06-29 20:31:19'),
(1532, 305, 11, 11, '2018-06-29 20:31:19'),
(1533, 306, 8, 11, '2018-06-29 20:32:16'),
(1534, 306, 9, 11, '2018-06-29 20:32:16'),
(1535, 306, 10, 11, '2018-06-29 20:32:16'),
(1536, 306, 11, 11, '2018-06-29 20:32:16'),
(1537, 307, 6, 11, '2018-06-29 20:34:43'),
(1538, 307, 8, 11, '2018-06-29 20:34:43'),
(1539, 307, 9, 11, '2018-06-29 20:34:43'),
(1540, 307, 10, 11, '2018-06-29 20:34:43'),
(1541, 307, 11, 11, '2018-06-29 20:34:43'),
(1542, 308, 6, 11, '2018-06-29 20:35:13'),
(1543, 308, 8, 11, '2018-06-29 20:35:13'),
(1544, 308, 9, 11, '2018-06-29 20:35:13'),
(1545, 308, 10, 11, '2018-06-29 20:35:13'),
(1546, 308, 11, 11, '2018-06-29 20:35:13'),
(1547, 309, 6, 11, '2018-06-29 20:35:50'),
(1548, 309, 8, 11, '2018-06-29 20:35:50'),
(1549, 309, 9, 11, '2018-06-29 20:35:50'),
(1550, 309, 10, 11, '2018-06-29 20:35:50'),
(1551, 309, 11, 11, '2018-06-29 20:35:50'),
(1552, 310, 6, 11, '2018-06-29 20:36:23'),
(1553, 310, 8, 11, '2018-06-29 20:36:23'),
(1554, 310, 9, 11, '2018-06-29 20:36:23'),
(1555, 310, 10, 11, '2018-06-29 20:36:23'),
(1556, 310, 11, 11, '2018-06-29 20:36:23'),
(1557, 311, 6, 11, '2018-06-29 20:39:37'),
(1558, 311, 8, 11, '2018-06-29 20:39:37');
INSERT INTO `cargosunidades` (`codigo`, `idcargo`, `idunidade`, `idadd`, `dataadd`) VALUES
(1559, 311, 9, 11, '2018-06-29 20:39:37'),
(1560, 311, 10, 11, '2018-06-29 20:39:37'),
(1561, 311, 11, 11, '2018-06-29 20:39:37'),
(1562, 312, 6, 11, '2018-06-29 20:41:06'),
(1563, 312, 8, 11, '2018-06-29 20:41:06'),
(1564, 312, 9, 11, '2018-06-29 20:41:06'),
(1565, 312, 10, 11, '2018-06-29 20:41:06'),
(1566, 312, 11, 11, '2018-06-29 20:41:06'),
(1567, 313, 6, 11, '2018-06-29 20:41:57'),
(1568, 313, 8, 11, '2018-06-29 20:41:57'),
(1569, 313, 9, 11, '2018-06-29 20:41:57'),
(1570, 313, 10, 11, '2018-06-29 20:41:57'),
(1571, 313, 11, 11, '2018-06-29 20:41:57'),
(1572, 314, 6, 11, '2018-06-29 20:42:31'),
(1573, 314, 8, 11, '2018-06-29 20:42:31'),
(1574, 314, 9, 11, '2018-06-29 20:42:31'),
(1575, 314, 10, 11, '2018-06-29 20:42:31'),
(1576, 314, 11, 11, '2018-06-29 20:42:31'),
(1577, 315, 6, 11, '2018-06-29 20:43:29'),
(1578, 315, 8, 11, '2018-06-29 20:43:29'),
(1579, 315, 9, 11, '2018-06-29 20:43:29'),
(1580, 315, 10, 11, '2018-06-29 20:43:29'),
(1581, 315, 11, 11, '2018-06-29 20:43:29'),
(1582, 316, 6, 11, '2018-06-29 20:46:25'),
(1583, 316, 8, 11, '2018-06-29 20:46:25'),
(1584, 316, 9, 11, '2018-06-29 20:46:25'),
(1585, 316, 10, 11, '2018-06-29 20:46:25'),
(1586, 316, 11, 11, '2018-06-29 20:46:25'),
(1587, 317, 6, 11, '2018-06-29 20:47:44'),
(1588, 317, 8, 11, '2018-06-29 20:47:44'),
(1589, 317, 9, 11, '2018-06-29 20:47:44'),
(1590, 317, 10, 11, '2018-06-29 20:47:44'),
(1591, 317, 11, 11, '2018-06-29 20:47:44'),
(1592, 318, 6, 11, '2018-06-29 20:51:33'),
(1593, 319, 6, 11, '2018-06-29 20:52:31'),
(1594, 320, 6, 11, '2018-06-29 20:53:22'),
(1595, 321, 6, 11, '2018-06-29 20:53:52'),
(1596, 322, 6, 11, '2018-06-29 20:54:13'),
(1597, 323, 6, 11, '2018-06-29 20:54:40'),
(1598, 324, 6, 11, '2018-06-29 20:54:58'),
(1599, 325, 6, 11, '2018-06-29 20:55:25'),
(1600, 326, 6, 11, '2018-06-29 20:55:46'),
(1601, 327, 6, 11, '2018-06-29 20:56:17'),
(1602, 328, 6, 11, '2018-06-29 20:56:47'),
(1604, 329, 6, 11, '2018-06-29 20:57:13'),
(1605, 330, 6, 11, '2018-06-29 20:58:46'),
(1606, 331, 6, 11, '2018-06-29 20:59:24'),
(1607, 332, 6, 11, '2018-06-29 20:59:58'),
(1608, 333, 6, 11, '2018-06-29 21:00:41'),
(1609, 334, 6, 11, '2018-06-29 21:01:50'),
(1610, 335, 6, 11, '2018-06-29 21:02:16'),
(1611, 336, 6, 11, '2018-06-29 21:02:43'),
(1612, 337, 6, 11, '2018-06-29 21:03:13'),
(1613, 338, 6, 11, '2018-06-29 21:03:35'),
(1614, 339, 6, 11, '2018-06-29 21:06:03'),
(1615, 340, 6, 11, '2018-06-29 21:06:47'),
(1616, 341, 6, 11, '2018-06-29 21:07:42'),
(1617, 342, 6, 11, '2018-06-29 21:08:01'),
(1618, 343, 6, 11, '2018-06-29 21:08:28'),
(1619, 344, 6, 11, '2018-06-29 21:08:56'),
(1620, 345, 6, 11, '2018-06-29 21:09:31'),
(1621, 346, 6, 11, '2018-06-29 21:09:54'),
(1622, 347, 6, 11, '2018-06-29 21:10:26'),
(1623, 348, 6, 11, '2018-06-29 21:11:55'),
(1624, 349, 6, 11, '2018-06-29 21:12:29'),
(1625, 350, 6, 11, '2018-06-29 21:12:47'),
(1626, 351, 6, 11, '2018-06-29 21:13:17'),
(1627, 352, 6, 11, '2018-06-29 21:14:40'),
(1628, 353, 6, 11, '2018-06-29 21:15:03'),
(1629, 354, 6, 11, '2018-06-29 21:15:55'),
(1630, 355, 6, 11, '2018-06-29 21:16:18'),
(1631, 356, 6, 11, '2018-06-29 21:16:45'),
(1632, 357, 6, 11, '2018-06-29 21:17:07'),
(1633, 358, 6, 11, '2018-06-29 21:17:28'),
(1634, 359, 6, 11, '2018-06-29 21:17:47'),
(1635, 360, 8, 11, '2018-06-29 21:24:10'),
(1636, 360, 9, 11, '2018-06-29 21:24:10'),
(1637, 360, 10, 11, '2018-06-29 21:24:10'),
(1638, 360, 11, 11, '2018-06-29 21:24:10'),
(1639, 361, 8, 11, '2018-06-29 21:25:03'),
(1640, 361, 9, 11, '2018-06-29 21:25:03'),
(1641, 361, 10, 11, '2018-06-29 21:25:03'),
(1642, 361, 11, 11, '2018-06-29 21:25:03'),
(1643, 362, 8, 11, '2018-06-29 21:25:30'),
(1644, 362, 9, 11, '2018-06-29 21:25:30'),
(1645, 362, 10, 11, '2018-06-29 21:25:30'),
(1646, 362, 11, 11, '2018-06-29 21:25:30'),
(1647, 363, 8, 11, '2018-06-29 21:25:52'),
(1648, 363, 9, 11, '2018-06-29 21:25:52'),
(1649, 363, 10, 11, '2018-06-29 21:25:52'),
(1650, 363, 11, 11, '2018-06-29 21:25:52'),
(1651, 364, 8, 11, '2018-06-29 21:26:13'),
(1652, 364, 9, 11, '2018-06-29 21:26:13'),
(1653, 364, 10, 11, '2018-06-29 21:26:13'),
(1654, 364, 11, 11, '2018-06-29 21:26:13'),
(1655, 365, 8, 11, '2018-06-29 21:26:35'),
(1656, 365, 9, 11, '2018-06-29 21:26:35'),
(1657, 365, 10, 11, '2018-06-29 21:26:35'),
(1658, 365, 11, 11, '2018-06-29 21:26:35'),
(1659, 366, 8, 11, '2018-06-29 21:26:58'),
(1660, 366, 9, 11, '2018-06-29 21:26:58'),
(1661, 366, 10, 11, '2018-06-29 21:26:58'),
(1662, 366, 11, 11, '2018-06-29 21:26:58'),
(1663, 367, 8, 11, '2018-06-29 21:27:21'),
(1664, 367, 9, 11, '2018-06-29 21:27:21'),
(1665, 367, 10, 11, '2018-06-29 21:27:21'),
(1666, 367, 11, 11, '2018-06-29 21:27:21'),
(1667, 368, 8, 11, '2018-06-29 21:27:43'),
(1668, 368, 9, 11, '2018-06-29 21:27:43'),
(1669, 368, 10, 11, '2018-06-29 21:27:43'),
(1670, 368, 11, 11, '2018-06-29 21:27:43'),
(1671, 369, 8, 11, '2018-06-29 21:28:05'),
(1672, 369, 9, 11, '2018-06-29 21:28:05'),
(1673, 369, 10, 11, '2018-06-29 21:28:05'),
(1674, 369, 11, 11, '2018-06-29 21:28:05'),
(1693, 370, 6, 11, '2018-07-01 22:00:48'),
(1694, 370, 7, 11, '2018-07-01 22:00:48'),
(1695, 370, 8, 11, '2018-07-01 22:00:48'),
(1696, 370, 9, 11, '2018-07-01 22:00:48'),
(1697, 370, 10, 11, '2018-07-01 22:00:48'),
(1698, 370, 11, 11, '2018-07-01 22:00:48'),
(1699, 371, 6, 11, '2018-07-01 22:01:07'),
(1700, 371, 7, 11, '2018-07-01 22:01:07'),
(1701, 371, 8, 11, '2018-07-01 22:01:07'),
(1702, 371, 9, 11, '2018-07-01 22:01:07'),
(1703, 371, 10, 11, '2018-07-01 22:01:07'),
(1704, 371, 11, 11, '2018-07-01 22:01:07'),
(1705, 372, 6, 11, '2018-07-01 22:02:25'),
(1706, 372, 7, 11, '2018-07-01 22:02:25'),
(1707, 372, 8, 11, '2018-07-01 22:02:25'),
(1708, 372, 9, 11, '2018-07-01 22:02:25'),
(1709, 372, 10, 11, '2018-07-01 22:02:25'),
(1710, 372, 11, 11, '2018-07-01 22:02:25'),
(1711, 373, 6, 11, '2018-07-01 22:03:01'),
(1712, 373, 7, 11, '2018-07-01 22:03:01'),
(1713, 373, 8, 11, '2018-07-01 22:03:01'),
(1714, 373, 9, 11, '2018-07-01 22:03:01'),
(1715, 373, 10, 11, '2018-07-01 22:03:01'),
(1716, 373, 11, 11, '2018-07-01 22:03:01'),
(1723, 374, 6, 11, '2018-07-01 22:05:38'),
(1724, 374, 7, 11, '2018-07-01 22:05:38'),
(1725, 374, 8, 11, '2018-07-01 22:05:38'),
(1726, 374, 9, 11, '2018-07-01 22:05:38'),
(1727, 374, 10, 11, '2018-07-01 22:05:38'),
(1728, 374, 11, 11, '2018-07-01 22:05:38'),
(1735, 375, 6, 11, '2018-07-01 22:06:26'),
(1736, 375, 7, 11, '2018-07-01 22:06:26'),
(1737, 375, 8, 11, '2018-07-01 22:06:26'),
(1738, 375, 9, 11, '2018-07-01 22:06:26'),
(1739, 375, 10, 11, '2018-07-01 22:06:26'),
(1740, 375, 11, 11, '2018-07-01 22:06:26'),
(1747, 376, 6, 11, '2018-07-01 22:07:01'),
(1748, 376, 7, 11, '2018-07-01 22:07:01'),
(1749, 376, 8, 11, '2018-07-01 22:07:01'),
(1750, 376, 9, 11, '2018-07-01 22:07:01'),
(1751, 376, 10, 11, '2018-07-01 22:07:01'),
(1752, 376, 11, 11, '2018-07-01 22:07:01'),
(1759, 377, 6, 11, '2018-07-01 22:17:36'),
(1760, 377, 7, 11, '2018-07-01 22:17:36'),
(1761, 377, 8, 11, '2018-07-01 22:17:36'),
(1762, 377, 9, 11, '2018-07-01 22:17:36'),
(1763, 377, 10, 11, '2018-07-01 22:17:36'),
(1764, 377, 11, 11, '2018-07-01 22:17:36'),
(1765, 378, 6, 11, '2018-07-01 22:18:06'),
(1766, 378, 7, 11, '2018-07-01 22:18:06'),
(1767, 378, 8, 11, '2018-07-01 22:18:06'),
(1768, 378, 9, 11, '2018-07-01 22:18:06'),
(1769, 378, 10, 11, '2018-07-01 22:18:06'),
(1770, 378, 11, 11, '2018-07-01 22:18:06'),
(1771, 379, 6, 11, '2018-07-01 22:19:00'),
(1772, 379, 7, 11, '2018-07-01 22:19:00'),
(1773, 379, 8, 11, '2018-07-01 22:19:00'),
(1774, 379, 9, 11, '2018-07-01 22:19:00'),
(1775, 379, 10, 11, '2018-07-01 22:19:00'),
(1776, 379, 11, 11, '2018-07-01 22:19:00'),
(1777, 380, 6, 11, '2018-07-01 22:20:07'),
(1778, 380, 7, 11, '2018-07-01 22:20:07'),
(1779, 380, 8, 11, '2018-07-01 22:20:07'),
(1780, 380, 9, 11, '2018-07-01 22:20:07'),
(1781, 380, 10, 11, '2018-07-01 22:20:07'),
(1782, 380, 11, 11, '2018-07-01 22:20:07'),
(1783, 381, 6, 11, '2018-07-01 22:20:55'),
(1784, 381, 7, 11, '2018-07-01 22:20:55'),
(1785, 381, 8, 11, '2018-07-01 22:20:55'),
(1786, 381, 9, 11, '2018-07-01 22:20:55'),
(1787, 381, 10, 11, '2018-07-01 22:20:55'),
(1788, 381, 11, 11, '2018-07-01 22:20:55'),
(1789, 382, 6, 11, '2018-07-01 22:21:25'),
(1790, 382, 7, 11, '2018-07-01 22:21:25'),
(1791, 382, 8, 11, '2018-07-01 22:21:25'),
(1792, 382, 9, 11, '2018-07-01 22:21:25'),
(1793, 382, 10, 11, '2018-07-01 22:21:25'),
(1794, 382, 11, 11, '2018-07-01 22:21:25'),
(1795, 383, 6, 11, '2018-07-01 22:22:10'),
(1796, 383, 7, 11, '2018-07-01 22:22:10'),
(1797, 383, 8, 11, '2018-07-01 22:22:10'),
(1798, 383, 9, 11, '2018-07-01 22:22:10'),
(1799, 383, 10, 11, '2018-07-01 22:22:10'),
(1800, 383, 11, 11, '2018-07-01 22:22:10'),
(1801, 384, 6, 11, '2018-07-01 22:22:47'),
(1802, 384, 7, 11, '2018-07-01 22:22:47'),
(1803, 384, 8, 11, '2018-07-01 22:22:47'),
(1804, 384, 9, 11, '2018-07-01 22:22:47'),
(1805, 384, 10, 11, '2018-07-01 22:22:48'),
(1806, 384, 11, 11, '2018-07-01 22:22:48'),
(1807, 385, 7, 11, '2018-07-01 22:23:58'),
(1808, 386, 7, 11, '2018-07-01 22:24:19'),
(1809, 387, 7, 11, '2018-07-01 22:24:49'),
(1811, 388, 7, 11, '2018-07-01 22:27:02'),
(1812, 389, 7, 11, '2018-07-01 22:27:25'),
(1819, 390, 6, 11, '2018-07-01 22:29:28'),
(1820, 390, 7, 11, '2018-07-01 22:29:28'),
(1821, 390, 8, 11, '2018-07-01 22:29:28'),
(1822, 390, 9, 11, '2018-07-01 22:29:28'),
(1823, 390, 10, 11, '2018-07-01 22:29:28'),
(1824, 390, 11, 11, '2018-07-01 22:29:28'),
(1825, 391, 6, 11, '2018-07-01 22:29:57'),
(1826, 391, 7, 11, '2018-07-01 22:29:57'),
(1827, 391, 8, 11, '2018-07-01 22:29:57'),
(1828, 391, 9, 11, '2018-07-01 22:29:57'),
(1829, 391, 10, 11, '2018-07-01 22:29:57'),
(1830, 391, 11, 11, '2018-07-01 22:29:57'),
(1837, 392, 6, 11, '2018-07-01 22:30:42'),
(1838, 392, 7, 11, '2018-07-01 22:30:42'),
(1839, 392, 8, 11, '2018-07-01 22:30:42'),
(1840, 392, 9, 11, '2018-07-01 22:30:42'),
(1841, 392, 10, 11, '2018-07-01 22:30:42'),
(1842, 392, 11, 11, '2018-07-01 22:30:42'),
(1843, 393, 6, 11, '2018-07-01 22:31:34'),
(1844, 393, 7, 11, '2018-07-01 22:31:34'),
(1845, 393, 8, 11, '2018-07-01 22:31:34'),
(1846, 393, 9, 11, '2018-07-01 22:31:34'),
(1847, 393, 10, 11, '2018-07-01 22:31:34'),
(1848, 393, 11, 11, '2018-07-01 22:31:34'),
(1855, 394, 6, 11, '2018-07-01 22:32:12'),
(1856, 394, 7, 11, '2018-07-01 22:32:12'),
(1857, 394, 8, 11, '2018-07-01 22:32:12'),
(1858, 394, 9, 11, '2018-07-01 22:32:12'),
(1859, 394, 10, 11, '2018-07-01 22:32:12'),
(1860, 394, 11, 11, '2018-07-01 22:32:12'),
(1861, 395, 7, 11, '2018-07-01 22:33:12'),
(1862, 396, 7, 11, '2018-07-01 22:33:37'),
(1863, 397, 7, 11, '2018-07-01 22:34:02'),
(1864, 398, 7, 11, '2018-07-01 22:34:27'),
(1866, 399, 7, 11, '2018-07-01 22:35:09'),
(1867, 400, 7, 11, '2018-07-01 22:35:32'),
(1869, 401, 7, 11, '2018-07-01 22:36:29'),
(1870, 402, 7, 11, '2018-07-01 22:37:04'),
(1871, 403, 7, 11, '2018-07-01 22:37:46'),
(1872, 404, 6, 11, '2018-07-01 22:38:30'),
(1873, 404, 7, 11, '2018-07-01 22:38:30'),
(1874, 404, 8, 11, '2018-07-01 22:38:30'),
(1875, 404, 9, 11, '2018-07-01 22:38:30'),
(1876, 404, 10, 11, '2018-07-01 22:38:30'),
(1877, 404, 11, 11, '2018-07-01 22:38:30'),
(1878, 405, 6, 11, '2018-07-01 22:38:59'),
(1879, 405, 7, 11, '2018-07-01 22:38:59'),
(1880, 405, 8, 11, '2018-07-01 22:38:59'),
(1881, 405, 9, 11, '2018-07-01 22:38:59'),
(1882, 405, 10, 11, '2018-07-01 22:38:59'),
(1883, 405, 11, 11, '2018-07-01 22:38:59'),
(1884, 406, 6, 11, '2018-07-01 22:40:02'),
(1885, 406, 7, 11, '2018-07-01 22:40:02'),
(1886, 406, 8, 11, '2018-07-01 22:40:02'),
(1887, 406, 9, 11, '2018-07-01 22:40:02'),
(1888, 406, 10, 11, '2018-07-01 22:40:02'),
(1889, 406, 11, 11, '2018-07-01 22:40:02'),
(1890, 407, 6, 11, '2018-07-01 22:40:39'),
(1891, 407, 7, 11, '2018-07-01 22:40:39'),
(1892, 407, 8, 11, '2018-07-01 22:40:39'),
(1893, 407, 9, 11, '2018-07-01 22:40:39'),
(1894, 407, 10, 11, '2018-07-01 22:40:39'),
(1895, 407, 11, 11, '2018-07-01 22:40:39'),
(1902, 408, 6, 11, '2018-07-01 22:41:20'),
(1903, 408, 7, 11, '2018-07-01 22:41:20'),
(1904, 408, 8, 11, '2018-07-01 22:41:20'),
(1905, 408, 9, 11, '2018-07-01 22:41:20'),
(1906, 408, 10, 11, '2018-07-01 22:41:20'),
(1907, 408, 11, 11, '2018-07-01 22:41:20'),
(1908, 409, 8, 11, '2018-07-01 22:48:41'),
(1909, 409, 9, 11, '2018-07-01 22:48:41'),
(1910, 409, 10, 11, '2018-07-01 22:48:41'),
(1911, 409, 11, 11, '2018-07-01 22:48:41'),
(1912, 410, 8, 11, '2018-07-01 22:49:16'),
(1913, 410, 9, 11, '2018-07-01 22:49:16'),
(1914, 410, 10, 11, '2018-07-01 22:49:16'),
(1915, 410, 11, 11, '2018-07-01 22:49:16'),
(1920, 411, 8, 11, '2018-07-01 22:49:52'),
(1921, 411, 9, 11, '2018-07-01 22:49:52'),
(1922, 411, 10, 11, '2018-07-01 22:49:52'),
(1923, 411, 11, 11, '2018-07-01 22:49:52'),
(1924, 412, 8, 11, '2018-07-01 22:50:23'),
(1925, 412, 9, 11, '2018-07-01 22:50:23'),
(1926, 412, 10, 11, '2018-07-01 22:50:23'),
(1927, 412, 11, 11, '2018-07-01 22:50:23'),
(1928, 199, 6, 11, '2018-07-01 23:24:23'),
(1929, 199, 7, 11, '2018-07-01 23:24:23'),
(1930, 222, 6, 11, '2018-07-01 23:53:07'),
(1931, 222, 7, 11, '2018-07-01 23:53:07'),
(1932, 222, 8, 11, '2018-07-01 23:53:07'),
(1933, 222, 9, 11, '2018-07-01 23:53:07'),
(1934, 222, 10, 11, '2018-07-01 23:53:07'),
(1935, 222, 11, 11, '2018-07-01 23:53:07'),
(1938, 215, 7, 11, '2018-07-02 00:11:25'),
(1939, 238, 7, 11, '2018-07-02 00:30:39'),
(1940, 240, 7, 11, '2018-07-02 00:32:20'),
(1941, 244, 7, 11, '2018-07-02 00:42:20'),
(1942, 200, 6, 11, '2018-07-02 19:29:16'),
(1943, 200, 7, 11, '2018-07-02 19:29:16'),
(1944, 206, 7, 11, '2018-07-02 19:31:31'),
(1945, 217, 6, 11, '2018-07-02 19:33:12'),
(1946, 217, 7, 11, '2018-07-02 19:33:12'),
(1947, 217, 8, 11, '2018-07-02 19:33:12'),
(1948, 217, 9, 11, '2018-07-02 19:33:12'),
(1949, 217, 10, 11, '2018-07-02 19:33:12'),
(1950, 217, 11, 11, '2018-07-02 19:33:12'),
(1951, 218, 6, 11, '2018-07-02 19:34:43'),
(1952, 218, 7, 11, '2018-07-02 19:34:43'),
(1953, 218, 8, 11, '2018-07-02 19:34:43'),
(1954, 218, 9, 11, '2018-07-02 19:34:43'),
(1955, 218, 10, 11, '2018-07-02 19:34:43'),
(1956, 218, 11, 11, '2018-07-02 19:34:43'),
(1957, 219, 6, 11, '2018-07-02 19:37:20'),
(1958, 219, 7, 11, '2018-07-02 19:37:20'),
(1959, 219, 8, 11, '2018-07-02 19:37:20'),
(1960, 219, 9, 11, '2018-07-02 19:37:20'),
(1961, 219, 10, 11, '2018-07-02 19:37:20'),
(1962, 219, 11, 11, '2018-07-02 19:37:20'),
(1969, 220, 6, 11, '2018-07-02 19:39:40'),
(1970, 220, 7, 11, '2018-07-02 19:39:40'),
(1971, 220, 8, 11, '2018-07-02 19:39:40'),
(1972, 220, 9, 11, '2018-07-02 19:39:40'),
(1973, 220, 10, 11, '2018-07-02 19:39:40'),
(1974, 220, 11, 11, '2018-07-02 19:39:40'),
(1975, 208, 7, 11, '2018-07-02 19:42:51'),
(1976, 209, 7, 11, '2018-07-02 19:44:05'),
(1977, 210, 7, 11, '2018-07-02 19:45:04'),
(1978, 211, 7, 11, '2018-07-02 19:48:01'),
(1979, 212, 7, 11, '2018-07-02 19:49:17'),
(1980, 213, 7, 11, '2018-07-02 19:50:43'),
(1981, 214, 7, 11, '2018-07-02 19:51:56'),
(1982, 216, 7, 11, '2018-07-02 19:52:59'),
(1983, 224, 6, 11, '2018-07-02 19:54:03'),
(1984, 224, 7, 11, '2018-07-02 19:54:03'),
(1985, 224, 8, 11, '2018-07-02 19:54:03'),
(1986, 224, 9, 11, '2018-07-02 19:54:03'),
(1987, 224, 10, 11, '2018-07-02 19:54:03'),
(1988, 224, 11, 11, '2018-07-02 19:54:03'),
(1989, 225, 6, 11, '2018-07-02 19:56:06'),
(1990, 225, 7, 11, '2018-07-02 19:56:06'),
(1991, 225, 8, 11, '2018-07-02 19:56:06'),
(1992, 225, 9, 11, '2018-07-02 19:56:06'),
(1993, 225, 10, 11, '2018-07-02 19:56:06'),
(1994, 225, 11, 11, '2018-07-02 19:56:06'),
(1995, 226, 6, 11, '2018-07-02 19:58:00'),
(1996, 226, 7, 11, '2018-07-02 19:58:00'),
(1997, 226, 8, 11, '2018-07-02 19:58:00'),
(1998, 226, 9, 11, '2018-07-02 19:58:00'),
(1999, 226, 10, 11, '2018-07-02 19:58:00'),
(2000, 226, 11, 11, '2018-07-02 19:58:00'),
(2001, 228, 6, 11, '2018-07-02 19:59:05'),
(2002, 228, 7, 11, '2018-07-02 19:59:05'),
(2003, 228, 8, 11, '2018-07-02 19:59:05'),
(2004, 228, 9, 11, '2018-07-02 19:59:05'),
(2005, 228, 10, 11, '2018-07-02 19:59:05'),
(2006, 228, 11, 11, '2018-07-02 19:59:05'),
(2007, 229, 6, 11, '2018-07-02 19:59:50'),
(2008, 229, 7, 11, '2018-07-02 19:59:50'),
(2009, 229, 8, 11, '2018-07-02 19:59:50'),
(2010, 229, 9, 11, '2018-07-02 19:59:50'),
(2011, 229, 10, 11, '2018-07-02 19:59:50'),
(2012, 229, 11, 11, '2018-07-02 19:59:50'),
(2013, 230, 6, 11, '2018-07-02 20:01:15'),
(2014, 230, 7, 11, '2018-07-02 20:01:15'),
(2015, 230, 8, 11, '2018-07-02 20:01:15'),
(2016, 230, 9, 11, '2018-07-02 20:01:15'),
(2017, 230, 10, 11, '2018-07-02 20:01:15'),
(2018, 230, 11, 11, '2018-07-02 20:01:15'),
(2019, 231, 6, 11, '2018-07-02 20:02:07'),
(2020, 231, 7, 11, '2018-07-02 20:02:07'),
(2021, 231, 8, 11, '2018-07-02 20:02:07'),
(2022, 231, 9, 11, '2018-07-02 20:02:07'),
(2023, 231, 10, 11, '2018-07-02 20:02:07'),
(2024, 231, 11, 11, '2018-07-02 20:02:07'),
(2025, 232, 6, 11, '2018-07-02 20:02:40'),
(2026, 232, 7, 11, '2018-07-02 20:02:40'),
(2027, 232, 8, 11, '2018-07-02 20:02:40'),
(2028, 232, 9, 11, '2018-07-02 20:02:40'),
(2029, 232, 10, 11, '2018-07-02 20:02:40'),
(2030, 232, 11, 11, '2018-07-02 20:02:40'),
(2031, 233, 6, 11, '2018-07-02 20:03:57'),
(2032, 233, 7, 11, '2018-07-02 20:03:57'),
(2033, 233, 8, 11, '2018-07-02 20:03:57'),
(2034, 233, 9, 11, '2018-07-02 20:03:57'),
(2035, 233, 10, 11, '2018-07-02 20:03:57'),
(2036, 233, 11, 11, '2018-07-02 20:03:57'),
(2037, 241, 7, 11, '2018-07-02 20:06:08'),
(2038, 242, 7, 11, '2018-07-02 20:07:06'),
(2039, 246, 7, 11, '2018-07-02 20:09:04');

-- --------------------------------------------------------

--
-- Estrutura para tabela `configuracoes`
--

CREATE TABLE IF NOT EXISTS `configuracoes` (
  `codigo` int(11) NOT NULL,
  `nomesite` varchar(200) NOT NULL,
  `logo` varchar(250) NOT NULL,
  `email` varchar(250) NOT NULL,
  `cc` varchar(250) NOT NULL,
  `cco` varchar(250) NOT NULL,
  `endsite` varchar(250) NOT NULL,
  `endadm` varchar(250) NOT NULL,
  `status` int(11) NOT NULL,
  `idupdate` int(11) NOT NULL,
  `dataupdate` datetime NOT NULL
) ENGINE=InnoDB AUTO_INCREMENT=2 DEFAULT CHARSET=latin1;

--
-- Fazendo dump de dados para tabela `configuracoes`
--

INSERT INTO `configuracoes` (`codigo`, `nomesite`, `logo`, `email`, `cc`, `cco`, `endsite`, `endadm`, `status`, `idupdate`, `dataupdate`) VALUES
(1, 'Trilhas', 'logosite.png', 'sistema@selfti.com.br', 'hgregorut@gmail.com', '', 'http://www.selfti.com.br/app/trilhas', 'http://www.selfti.com.br/app/trilhas/adm', 1, 1, '2018-04-29 02:19:39');

-- --------------------------------------------------------

--
-- Estrutura para tabela `senhalink`
--

CREATE TABLE IF NOT EXISTS `senhalink` (
  `Codigo` int(11) NOT NULL,
  `link` varchar(200) NOT NULL,
  `status` int(11) NOT NULL,
  `idSocio` int(11) NOT NULL,
  `DataLink` datetime NOT NULL,
  `DataClick` datetime NOT NULL
) ENGINE=InnoDB DEFAULT CHARSET=latin1;

-- --------------------------------------------------------

--
-- Estrutura para tabela `subtrilhas`
--

CREATE TABLE IF NOT EXISTS `subtrilhas` (
  `codigo` int(11) NOT NULL,
  `nome` varchar(250) NOT NULL,
  `sigla` varchar(10) NOT NULL,
  `descricao` text NOT NULL,
  `cor` text NOT NULL,
  `idtrilha` int(11) NOT NULL,
  `status` int(11) NOT NULL,
  `ordem` int(11) NOT NULL,
  `idadd` int(11) NOT NULL,
  `dataadd` timestamp NOT NULL DEFAULT CURRENT_TIMESTAMP ON UPDATE CURRENT_TIMESTAMP,
  `idupdate` int(11) NOT NULL,
  `dataupdate` datetime NOT NULL
) ENGINE=InnoDB AUTO_INCREMENT=73 DEFAULT CHARSET=latin1;

--
-- Fazendo dump de dados para tabela `subtrilhas`
--

INSERT INTO `subtrilhas` (`codigo`, `nome`, `sigla`, `descricao`, `cor`, `idtrilha`, `status`, `ordem`, `idadd`, `dataadd`, `idupdate`, `dataupdate`) VALUES
(6, 'Marketing', 'MKT', '', 'C60D05', 11, 1, 1, 11, '2018-07-01 23:05:37', 11, '2018-07-01 20:05:37'),
(7, 'Comercial', 'CML', '', 'C60D05', 11, 1, 2, 11, '2018-07-01 23:05:06', 11, '2018-07-01 20:05:06'),
(8, 'CRM Médicos', 'CRM', '', 'C60D05', 11, 1, 3, 11, '2018-07-01 23:05:18', 11, '2018-07-01 20:05:18'),
(9, 'Jurídico', 'JUR', '', '0D2D6C', 12, 1, 1, 11, '2018-07-01 23:11:00', 11, '2018-07-01 20:11:00'),
(10, 'Sistemas', 'Sis', '', '413833', 10, 1, 1, 11, '2018-07-01 23:20:36', 11, '2018-07-01 20:20:36'),
(11, 'Negócios', 'NEG', '', '413833', 10, 1, 2, 11, '2018-07-01 23:19:31', 11, '2018-07-01 20:19:31'),
(12, 'Infra TI', 'INF', '', '413833', 10, 1, 3, 11, '2018-07-02 00:18:18', 11, '2018-07-01 21:18:18'),
(13, 'Cadastro', 'CAD', '', '413833', 10, 1, 4, 11, '2018-07-01 23:18:33', 11, '2018-07-01 20:18:33'),
(14, 'BI', 'BI', '', '413833', 10, 1, 5, 11, '2018-07-01 23:18:09', 11, '2018-07-01 20:18:09'),
(15, 'Processos', 'PRO', '', '413833', 10, 1, 6, 11, '2018-07-01 23:20:15', 11, '2018-07-01 20:20:15'),
(16, 'PMO', 'PMO', '', '413833', 10, 1, 7, 11, '2018-07-01 23:19:56', 11, '2018-07-01 20:19:56'),
(17, 'Planejamento Financeiro', 'PL', '', '676766', 14, 1, 1, 11, '2018-06-28 19:00:43', 11, '2018-06-28 16:00:43'),
(18, 'Financeiro', 'Fi', '', '6D6E71', 14, 1, 2, 11, '2018-06-28 19:00:26', 11, '2018-06-28 16:00:26'),
(19, 'Contabilidade', 'CT', '', '6D6E71', 14, 1, 3, 11, '2018-06-28 20:28:06', 11, '2018-06-28 17:28:06'),
(20, 'Fiscal', 'FS', '', '6D6E71', 14, 1, 4, 11, '2018-06-28 20:31:59', 11, '2018-06-28 17:31:59'),
(21, 'Controles Internos', 'CTI', '', '6D6E71', 14, 1, 5, 11, '2018-06-28 20:30:26', 11, '2018-06-28 17:30:26'),
(22, 'Tesouraria', 'TS', '', '6D6E71', 14, 1, 6, 11, '2018-06-28 20:33:51', 11, '2018-06-28 17:33:51'),
(23, 'Contas a Receber', 'CR', '', '6D6E71', 14, 1, 7, 11, '2018-06-28 20:29:48', 11, '2018-06-28 17:29:49'),
(24, 'Contas a Pagar', 'CP', '', '6D6E71', 14, 1, 8, 11, '2018-06-28 19:01:59', 11, '2018-06-28 16:01:59'),
(25, 'Repasse  Médico', 'RM', '', '6D6E71', 14, 1, 9, 11, '2018-06-28 20:33:12', 11, '2018-06-28 17:33:12'),
(26, 'SESMT', 'SMT', '', '737387', 3, 1, 9, 11, '2018-07-01 22:56:16', 11, '2018-07-01 19:56:16'),
(27, 'Administração de Pessoal', 'ADM', '', 'B1B3B5', 3, 1, 1, 11, '2018-07-01 22:52:49', 11, '2018-07-01 19:52:50'),
(28, 'Remuneração', 'REM', '', '7E7E8C', 3, 1, 8, 11, '2018-07-01 22:56:00', 11, '2018-07-01 19:56:00'),
(29, 'Atração e Seleção', 'AT', '', 'BEBEBF', 3, 1, 3, 11, '2018-07-01 22:53:25', 11, '2018-07-01 19:53:25'),
(30, 'Consultoria RH', 'CS', '', '9898A5', 3, 1, 5, 11, '2018-07-01 22:54:31', 11, '2018-07-01 19:54:31'),
(31, 'Educação Corporativa', 'EDU', '', '9090A3', 3, 1, 7, 11, '2018-07-01 22:55:28', 11, '2018-07-01 19:55:28'),
(32, 'Desenvolvimento Organizacional', 'DO', '', '686877', 3, 1, 6, 11, '2018-07-01 22:55:03', 11, '2018-07-01 19:55:03'),
(33, 'Comunicação Interna', 'CI', '', 'B1B1BC', 3, 1, 4, 11, '2018-07-01 22:53:58', 11, '2018-07-01 19:53:58'),
(34, 'Faturamento', 'FAT', '', '979797', 9, 1, 1, 11, '2018-06-28 18:34:32', 11, '2018-06-28 15:34:32'),
(35, 'C.Autorização', 'CA', '', '979797', 9, 1, 2, 11, '2018-06-28 18:35:11', 11, '2018-06-28 15:35:11'),
(36, 'Auditoria Contas', 'Au', '', '979797', 9, 1, 3, 11, '2018-06-28 18:34:18', 11, '2018-06-28 15:34:18'),
(37, 'Farmácia', 'FAR', '', 'FD745D', 8, 1, 1, 11, '2018-07-01 23:15:03', 11, '2018-07-01 20:15:03'),
(38, 'Almoxarifado', 'ALM', '', 'FD745D', 8, 1, 2, 11, '2018-07-01 23:13:40', 11, '2018-07-01 20:13:40'),
(39, 'Compras', 'CMP', '', 'FD745D', 8, 1, 3, 11, '2018-07-01 23:14:25', 11, '2018-07-01 20:14:25'),
(40, 'Suprimentos', 'SUP', '', 'FD745D', 8, 1, 4, 11, '2018-05-15 13:01:35', 11, '2018-05-15 10:01:35'),
(41, 'Manutenção Geral', 'MG', '', '4D73BC', 7, 1, 1, 11, '2018-06-28 16:10:43', 11, '2018-06-28 13:10:43'),
(42, 'Engenharia Clínica', 'EC', '', '4D73BC', 7, 1, 2, 11, '2018-06-28 16:11:09', 11, '2018-06-28 13:11:09'),
(43, 'Nutrição Produção', 'NP', '', 'FFC56D', 6, 1, 1, 11, '2018-06-29 12:48:24', 11, '2018-06-29 09:48:24'),
(44, 'Call Center', 'CAL', '', '70D44B', 5, 1, 1, 11, '2018-06-28 21:13:46', 11, '2018-06-28 18:13:46'),
(45, 'Ouvidoria', 'OUV', '', '70D44B', 5, 1, 2, 11, '2018-06-28 18:49:10', 11, '2018-06-28 15:49:10'),
(46, 'Rouparia', 'RP', '', '70D44B', 5, 1, 3, 11, '2018-06-27 15:54:07', 11, '2018-06-27 12:54:07'),
(47, 'Atendimento', 'AT', '', '70D44B', 5, 1, 4, 11, '2018-06-28 21:13:27', 11, '2018-06-28 18:13:27'),
(48, 'Recepção', 'RP', '', '70D44B', 5, 1, 5, 11, '2018-06-27 15:56:25', 11, '2018-06-27 12:56:25'),
(49, 'Assistência Social', 'AS', '', '70D44B', 5, 1, 6, 11, '2018-06-27 15:59:33', 11, '2018-06-27 12:59:33'),
(50, 'Hotelaria', 'HT', '', '70D44B', 5, 1, 7, 11, '2018-06-28 21:14:14', 11, '2018-06-28 18:14:14'),
(51, 'Governança', 'Gov', '', '70D44B', 5, 1, 8, 11, '2018-06-28 21:14:01', 11, '2018-06-28 18:14:01'),
(52, 'SAME', 'SM', '', '70D44B', 5, 1, 9, 11, '2018-06-28 20:37:33', 11, '2018-06-28 17:37:33'),
(53, 'Enfermagem Bloco Crítico', 'EBC', '', '009845', 4, 1, 1, 11, '2018-07-01 22:59:39', 11, '2018-07-01 19:59:40'),
(54, 'Enfermagem Bloco Não Crítico', 'EBN', '', '009845', 4, 1, 2, 11, '2018-07-01 22:59:57', 11, '2018-07-01 19:59:57'),
(55, 'Enfermagem Bloco Operatório', 'EBO', '', '009845', 4, 1, 3, 11, '2018-07-01 23:00:17', 11, '2018-07-01 20:00:18'),
(56, 'Enfermagem Bloco Emergencial', 'EBE', '', '009845', 4, 1, 4, 11, '2018-07-01 22:59:48', 11, '2018-07-01 19:59:48'),
(57, 'Fisioterapia', 'FIS', '', '009845', 4, 1, 5, 11, '2018-07-01 23:00:47', 11, '2018-07-01 20:00:47'),
(58, 'Farmácia Clínica', 'FRC', '', '009845', 4, 1, 6, 11, '2018-07-01 23:00:30', 11, '2018-07-01 20:00:30'),
(59, 'Nutrição Clínica', 'NUC', '', '009845', 4, 1, 7, 11, '2018-07-01 23:01:05', 11, '2018-07-01 20:01:06'),
(60, 'SADT', 'ST', '', '009845', 4, 1, 8, 11, '2018-07-01 23:01:59', 11, '2018-07-01 20:01:59'),
(61, 'Qualidade', 'QUL', '', '009845', 4, 1, 9, 11, '2018-07-01 23:01:43', 11, '2018-07-01 20:01:43'),
(62, 'Psicólogo Hospitalar', 'PSH', '', '009845', 4, 1, 10, 11, '2018-07-01 23:01:21', 11, '2018-07-01 20:01:21'),
(63, 'Enfermagem', 'ENF', '', '009845', 4, 1, 11, 11, '2018-07-01 22:59:31', 11, '2018-07-01 19:59:31'),
(64, 'Segurança', 'SEG', '', '#ffffff', 5, 1, 10, 9, '2018-06-27 15:57:58', 11, '2018-06-27 12:57:58'),
(65, 'Adm Pessoal Benefícios', 'ADB', '', 'A8ADB2', 3, 1, 2, 11, '2018-07-01 22:52:29', 11, '2018-07-01 19:52:29'),
(66, 'Ambulatório', 'AMB', '', '#ffffff', 4, 1, 12, 11, '2018-07-01 22:59:07', 11, '2018-07-01 19:59:07'),
(67, 'Manutenção Civil', 'MC', '', '#ffffff', 7, 1, 3, 11, '2018-06-28 16:10:03', 11, '2018-06-28 13:10:03'),
(68, 'Administrativo', 'Adm', '', '#ffffff', 7, 1, 4, 11, '2018-06-28 16:12:28', 11, '2018-06-28 13:12:28'),
(69, 'Médicos', 'MED', '', '#ffffff', 13, 1, 1, 11, '2018-06-28 21:20:22', 11, '2018-06-28 18:20:22'),
(70, 'Copa', 'CO', '', '#ffffff', 6, 1, 2, 11, '2018-06-29 12:19:44', 11, '2018-06-29 09:19:44'),
(71, 'Cozinha', 'CZ', '', '#ffffff', 6, 1, 3, 11, '2018-06-29 12:20:06', 11, '2018-06-29 09:20:06'),
(72, 'Tecnologia da Informação', 'TI', '', '#ffffff', 10, 1, 8, 11, '2018-07-01 23:21:01', 11, '2018-07-01 20:21:01');

-- --------------------------------------------------------

--
-- Estrutura para tabela `trilhas`
--

CREATE TABLE IF NOT EXISTS `trilhas` (
  `codigo` int(11) NOT NULL,
  `nome` varchar(250) NOT NULL,
  `sigla` varchar(10) NOT NULL,
  `descricao` text NOT NULL,
  `cor` text NOT NULL,
  `status` int(11) NOT NULL,
  `idadd` int(11) NOT NULL,
  `dataadd` timestamp NOT NULL DEFAULT CURRENT_TIMESTAMP ON UPDATE CURRENT_TIMESTAMP,
  `idupdate` int(11) NOT NULL,
  `dataupdate` datetime NOT NULL
) ENGINE=InnoDB AUTO_INCREMENT=15 DEFAULT CHARSET=latin1;

--
-- Fazendo dump de dados para tabela `trilhas`
--

INSERT INTO `trilhas` (`codigo`, `nome`, `sigla`, `descricao`, `cor`, `status`, `idadd`, `dataadd`, `idupdate`, `dataupdate`) VALUES
(3, 'Recursos Humanos', 'RH', 'A Trilha de RH conta com 9 subtrilhas: Adm. de Pessoal, Adm. de Pessoal Benefícios, Atração e Seleção, Comunicação Interna, Consultoria de RH, Desenv. Organizacional, Educação Corporativa,  Remuneração e SESMT. \r\n \r\nAo clicar em uma delas você visualiza todos os cargos da subtrilha e as conexões com as demais. \r\n\r\nExplore-as!', 'A7A9AC', 1, 1, '2018-05-23 20:35:52', 11, '2018-05-23 17:35:52'),
(4, 'Assistência', 'As', '', '009845', 1, 11, '2018-05-14 22:15:51', 11, '2018-05-14 19:15:51'),
(5, 'Atendimento', 'AT', '', '70D44B', 1, 11, '2018-05-14 22:16:15', 11, '2018-05-14 19:16:15'),
(6, 'Nutrição', 'NUT', '', 'FFC56D', 1, 11, '2018-05-14 22:17:04', 11, '2018-05-14 19:17:04'),
(7, 'Engenharia', 'ENG', '', '4D73BC', 1, 11, '2018-05-14 22:16:41', 11, '2018-05-14 19:16:41'),
(8, 'Suprimentos', 'SUP', '', 'FD745D', 1, 11, '2018-05-14 22:18:05', 0, '0000-00-00 00:00:00'),
(9, 'Faturamento', 'FAT', '', '979797', 1, 11, '2018-05-14 22:18:33', 0, '0000-00-00 00:00:00'),
(10, 'Tecnologia', 'TI', '', '413833', 1, 11, '2018-05-14 22:19:46', 11, '2018-05-14 19:19:46'),
(11, 'Marketing', 'MKT', '', 'C60D05', 1, 11, '2018-05-14 22:20:21', 0, '0000-00-00 00:00:00'),
(12, 'Jurídico', 'JUR', '', '0D2D6C', 1, 11, '2018-05-14 22:21:09', 0, '0000-00-00 00:00:00'),
(13, 'Médicos', 'MED', '', '537638', 1, 11, '2018-05-14 22:21:53', 0, '0000-00-00 00:00:00'),
(14, 'Financeiro', 'FIN', '', '6D6E71', 1, 11, '2018-05-14 22:23:48', 0, '0000-00-00 00:00:00');

-- --------------------------------------------------------

--
-- Estrutura para tabela `unidades`
--

CREATE TABLE IF NOT EXISTS `unidades` (
  `codigo` int(11) NOT NULL,
  `nome` varchar(200) NOT NULL,
  `sigla` varchar(10) NOT NULL,
  `logo` text NOT NULL,
  `telefone` varchar(20) NOT NULL,
  `site` varchar(100) NOT NULL,
  `endereco` varchar(250) NOT NULL,
  `numero` varchar(10) NOT NULL,
  `bairro` varchar(100) NOT NULL,
  `cidade` varchar(100) NOT NULL,
  `estado` varchar(100) NOT NULL,
  `cep` varchar(20) NOT NULL,
  `obs` varchar(250) NOT NULL,
  `status` int(11) NOT NULL,
  `idadd` int(11) NOT NULL,
  `dataadd` timestamp NOT NULL DEFAULT CURRENT_TIMESTAMP ON UPDATE CURRENT_TIMESTAMP,
  `idupdate` int(11) NOT NULL,
  `dataupdate` datetime NOT NULL
) ENGINE=InnoDB AUTO_INCREMENT=12 DEFAULT CHARSET=latin1;

--
-- Fazendo dump de dados para tabela `unidades`
--

INSERT INTO `unidades` (`codigo`, `nome`, `sigla`, `logo`, `telefone`, `site`, `endereco`, `numero`, `bairro`, `cidade`, `estado`, `cep`, `obs`, `status`, `idadd`, `dataadd`, `idupdate`, `dataupdate`) VALUES
(6, 'Hospital 9 de Julho', 'H9J', 'j553R6.svg', '(11) 3147-9999', 'https://www.h9j.com.br', 'Rua Peixoto Gomide, 625', '545', 'Jardim Paulista', 'São Paulo', 'SP', '01409-902', '', 1, 1, '2018-05-01 12:44:22', 1, '2018-05-01 09:44:22'),
(7, 'Corporativo', 'CPR', 'xgnVD7.png', '(11) 3147-9410', 'www.redeimpar.com.br', 'Av. Paulista', '2028', 'Cerqueira César', 'São Paulo', 'SP', '01310-200', '', 1, 11, '2018-05-04 14:46:16', 11, '2018-05-04 11:46:16'),
(8, 'Hospital Brasília', 'HBR', 'SelecioneLogo.jpg', '(61) 3704-9000', 'www.hospitalbrasilia.com.br', 'SHIS ', 'Qi 15 Conj', ' Lago Sul', 'Brasília', 'DF', '71681-60', '', 1, 11, '2018-05-14 21:48:23', 0, '0000-00-00 00:00:00'),
(9, 'Maternidade Brasília', 'MTN', 'SelecioneLogo.jpg', '(61) 2196-5300', 'www.maternidadebrasilia.com.br', 'QMSW ', 'Quadra 4', 'Sudoeste', 'Brasília', 'DF', '71681-60', '', 1, 11, '2018-05-14 21:53:24', 0, '0000-00-00 00:00:00'),
(10, 'Complexo Hospitalar Niteroi', 'CHN', 'SelecioneLogo.jpg', ' (21) 2729-1000', 'www.chnniteroi.com.br', 'Rua La Salle', '12', '', 'Niterói', 'RJ', '24020-096', '', 1, 11, '2018-05-14 21:57:09', 0, '0000-00-00 00:00:00'),
(11, 'Hospital São Lucas Copacabana', 'HSL', 'SelecioneLogo.jpg', '(21) 2545-4000', 'www.saolucascopacabana.com.br', 'Travessa Frederico Pamplona,', '32', 'Copacabana', 'Rio de Janeiro', 'RJ', '22061-080', '', 1, 11, '2018-05-14 22:00:47', 0, '0000-00-00 00:00:00');

--
-- Índices de tabelas apagadas
--

--
-- Índices de tabela `cargos`
--
ALTER TABLE `cargos`
  ADD PRIMARY KEY (`codigo`);

--
-- Índices de tabela `cargoslink`
--
ALTER TABLE `cargoslink`
  ADD PRIMARY KEY (`codigo`);

--
-- Índices de tabela `cargossubtrilhas`
--
ALTER TABLE `cargossubtrilhas`
  ADD PRIMARY KEY (`codigo`);

--
-- Índices de tabela `cargosunidades`
--
ALTER TABLE `cargosunidades`
  ADD PRIMARY KEY (`codigo`);

--
-- Índices de tabela `configuracoes`
--
ALTER TABLE `configuracoes`
  ADD PRIMARY KEY (`codigo`);

--
-- Índices de tabela `senhalink`
--
ALTER TABLE `senhalink`
  ADD PRIMARY KEY (`Codigo`);

--
-- Índices de tabela `subtrilhas`
--
ALTER TABLE `subtrilhas`
  ADD PRIMARY KEY (`codigo`);

--
-- Índices de tabela `trilhas`
--
ALTER TABLE `trilhas`
  ADD PRIMARY KEY (`codigo`);

--
-- Índices de tabela `unidades`
--
ALTER TABLE `unidades`
  ADD PRIMARY KEY (`codigo`);

--
-- AUTO_INCREMENT de tabelas apagadas
--

--
-- AUTO_INCREMENT de tabela `cargos`
--
ALTER TABLE `cargos`
  MODIFY `codigo` int(11) NOT NULL AUTO_INCREMENT,AUTO_INCREMENT=413;
--
-- AUTO_INCREMENT de tabela `cargoslink`
--
ALTER TABLE `cargoslink`
  MODIFY `codigo` int(11) NOT NULL AUTO_INCREMENT,AUTO_INCREMENT=95;
--
-- AUTO_INCREMENT de tabela `cargossubtrilhas`
--
ALTER TABLE `cargossubtrilhas`
  MODIFY `codigo` int(11) NOT NULL AUTO_INCREMENT,AUTO_INCREMENT=348;
--
-- AUTO_INCREMENT de tabela `cargosunidades`
--
ALTER TABLE `cargosunidades`
  MODIFY `codigo` int(11) NOT NULL AUTO_INCREMENT,AUTO_INCREMENT=2040;
--
-- AUTO_INCREMENT de tabela `configuracoes`
--
ALTER TABLE `configuracoes`
  MODIFY `codigo` int(11) NOT NULL AUTO_INCREMENT,AUTO_INCREMENT=2;
--
-- AUTO_INCREMENT de tabela `senhalink`
--
ALTER TABLE `senhalink`
  MODIFY `Codigo` int(11) NOT NULL AUTO_INCREMENT;
--
-- AUTO_INCREMENT de tabela `subtrilhas`
--
ALTER TABLE `subtrilhas`
  MODIFY `codigo` int(11) NOT NULL AUTO_INCREMENT,AUTO_INCREMENT=73;
--
-- AUTO_INCREMENT de tabela `trilhas`
--
ALTER TABLE `trilhas`
  MODIFY `codigo` int(11) NOT NULL AUTO_INCREMENT,AUTO_INCREMENT=15;
--
-- AUTO_INCREMENT de tabela `unidades`
--
ALTER TABLE `unidades`
  MODIFY `codigo` int(11) NOT NULL AUTO_INCREMENT,AUTO_INCREMENT=12;
